{"id":72,"date":"2020-03-02T10:00:00","date_gmt":"2020-03-02T09:00:00","guid":{"rendered":"https:\/\/lamaktaba.fr\/index.php\/produit\/ladoration-et-ses-repercussions-sur-la-vie-du-musulman-par-sheikh-abd-al-mouhsin-al-abbad\/"},"modified":"2025-04-01T12:44:52","modified_gmt":"2025-04-01T10:44:52","slug":"ladoration-et-ses-repercussions-sur-la-vie-du-musulman-par-sheikh-abd-al-mouhsin-al-abbad","status":"publish","type":"product","link":"https:\/\/lamaktaba.fr\/index.php\/produit\/ladoration-et-ses-repercussions-sur-la-vie-du-musulman-par-sheikh-abd-al-mouhsin-al-abbad","title":{"rendered":"L&rsquo;adoration et ses r\u00e9percussions sur la vie du Musulman par Sheikh &lsquo;Abd Al-Mouhsin Al-&lsquo;Abbad"},"content":{"rendered":"<p>L&rsquo;adoration et ses r\u00e9percussions sur la vie du Musulman par Sheikh &lsquo;Abd Al-Mouhsin Al-&lsquo;Abbad;L&rsquo;adoration est un terme qui englobe tout ce qu&rsquo;Allah aime comme paroles et actes ext\u00e9rieurs et int\u00e9rieurs et le satisfait. Ceci est la meilleur d\u00e9finition de l&rsquo;adoration. L&rsquo;adoration est \u00e9minemment importante.;En effet, Allah le Tout-Puissant cr\u00e9a les cr\u00e9atures, envoya les proph\u00e8tes et r\u00e9v\u00e9la les livres pour que soit ordonn\u00e9e son adoration et pour que soit interdite toute adoration vou\u00e9e \u00e0 autres que lui. En effet, Allah dit;Je n&rsquo;ai cr\u00e9\u00e9 les djinns et les hommes que pour qu&rsquo;ils M&rsquo;adorent\u00a0\u00bb (Al-Dhariyat, v.56);Ce livre explique quelles sont les r\u00e9percussions des adorations dans la vie du musulman et notamment celles des cinq piliers de l&rsquo;Islam&#8230;<\/p>\n","protected":false},"excerpt":{"rendered":"<p>L&rsquo;adoration et ses r\u00e9percussions sur la vie du Musulman par Sheikh &lsquo;Abd Al-Mouhsin Al-&lsquo;Abbad;L&rsquo;adoration est un terme qui englobe tout ce qu&rsquo;Allah aime comme paroles et actes ext\u00e9rieurs et int\u00e9rieurs et le satisfait. Ceci est la meilleur d\u00e9finition de l&rsquo;adoration. L&rsquo;adoration est \u00e9minemment importante.;En effet, Allah le Tout-Puissant cr\u00e9a les cr\u00e9atures, envoya les proph\u00e8tes et r\u00e9v\u00e9la les livres pour que soit ordonn\u00e9e son adoration et pour que soit interdite toute adoration vou\u00e9e \u00e0 autres que lui. En effet, Allah dit;Je n&rsquo;ai cr\u00e9\u00e9 les djinns et les hommes que pour qu&rsquo;ils M&rsquo;adorent\u00a0\u00bb (Al-Dhariyat, v.56);Ce livre explique quelles sont les r\u00e9percussions des adorations dans la vie du musulman et notamment celles des cinq piliers de l&rsquo;Islam&#8230;<\/p>\n","protected":false},"featured_media":4546,"comment_status":"open","ping_status":"closed","template":"","meta":[],"product_brand":[],"product_cat":[15],"product_tag":[],"class_list":{"0":"post-72","1":"product","2":"type-product","3":"status-publish","4":"has-post-thumbnail","6":"product_cat-non-classe","7":"pa_auteur-kh-abdl-al-mouhsin-al-abbad","8":"pa_editeur-islamhouse","9":"pa_langue-francais","10":"pa_nombre-de-pages-590","11":"pa_reliure-souple","13":"first","14":"outofstock","15":"shipping-taxable","16":"purchasable","17":"product-type-simple"},"_links":{"self":[{"href":"https:\/\/lamaktaba.fr\/index.php\/wp-json\/wp\/v2\/product\/72","targetHints":{"allow":["GET"]}}],"collection":[{"href":"https:\/\/lamaktaba.fr\/index.php\/wp-json\/wp\/v2\/product"}],"about":[{"href":"https:\/\/lamaktaba.fr\/index.php\/wp-json\/wp\/v2\/types\/product"}],"replies":[{"embeddable":true,"href":"https:\/\/lamaktaba.fr\/index.php\/wp-json\/wp\/v2\/comments?post=72"}],"wp:featuredmedia":[{"embeddable":true,"href":"https:\/\/lamaktaba.fr\/index.php\/wp-json\/wp\/v2\/media\/4546"}],"wp:attachment":[{"href":"https:\/\/lamaktaba.fr\/index.php\/wp-json\/wp\/v2\/media?parent=72"}],"wp:term":[{"taxonomy":"product_brand","embeddable":true,"href":"https:\/\/lamaktaba.fr\/index.php\/wp-json\/wp\/v2\/product_brand?post=72"},{"taxonomy":"product_cat","embeddable":true,"href":"https:\/\/lamaktaba.fr\/index.php\/wp-json\/wp\/v2\/product_cat?post=72"},{"taxonomy":"product_tag","embeddable":true,"href":"https:\/\/lamaktaba.fr\/index.php\/wp-json\/wp\/v2\/product_tag?post=72"}],"curies":[{"name":"wp","href":"https:\/\/api.w.org\/{rel}","templated":true}]}}