{"id":64,"date":"2020-02-03T10:00:00","date_gmt":"2020-02-03T09:00:00","guid":{"rendered":"https:\/\/lamaktaba.fr\/index.php\/produit\/sourate-maryam-arabe-francais-phonetique-%d8%b3%d9%88%d8%b1%d8%a9-%d9%85%d8%b1%d9%8a%d9%85\/"},"modified":"2025-04-01T12:43:26","modified_gmt":"2025-04-01T10:43:26","slug":"sourate-maryam-arabe-francais-phonetique-d8b3d988d8b1d8a9-d985d8b1d98ad985","status":"publish","type":"product","link":"https:\/\/lamaktaba.fr\/index.php\/produit\/sourate-maryam-arabe-francais-phonetique-d8b3d988d8b1d8a9-d985d8b1d98ad985","title":{"rendered":"Sourate Maryam (Arabe- Fran\u00e7ais- Phon\u00e9tique)- \u0633\u0648\u0631\u0629 \u0645\u0631\u064a\u0645"},"content":{"rendered":"<p>Sourate Maryam (Arabe- Fran\u00e7ais- Phon\u00e9tique)- \u0633\u0648\u0631\u0629 \u0645\u0631\u064a\u0645;Sourate Maryam (Marie) est une Sourate m\u00e9cquoise, le nombre de ses versets est de 98.;Selon l&rsquo;ordre de la compilation du Coran, elle a \u00e9t\u00e9 r\u00e9v\u00e9l\u00e9e apr\u00e8s sourate Fater.;Cette Sourate tire son nom du seizi\u00e8me verset: \u00a0\u00bb Et rappelle dans le Livre Marie, quand elle se retira de sa famille en un lieu vers l&rsquo;Orient \u00a0\u00bb. La P\u00e9riode de r\u00e9v\u00e9lation de cette Sourate vient avant l&rsquo;\u00e9migration d&rsquo;un groupe de musulmans en Abyssinie (Al Habasha) o\u00f9 ils furent accueillis par le Roi chr\u00e9tien d&rsquo;Abyssinie N\u00e9gus (An-Najashi) Cette sourate commence par l&rsquo;histoire de Zakaria (Zacharie) qui a appel\u00e9 Dieu pour qui lui donne un enfant Yahya (Jean- Baptiste).Ensuite, la Sourate \u00e9voque l&rsquo;histoire d&rsquo;Abraham avec son p\u00e8re et ses compatriotes et des autres proph\u00e8tes afin de prouver aux m\u00e9cr\u00e9ants que le Message de Muhammad &#8211; paix et b\u00e9n\u00e9dictions sur lui- est une continuit\u00e9 de ce qu&rsquo;a port\u00e9 les proph\u00e8tes et que leurs partisans s&rsquo;en \u00e9taient d\u00e9tourn\u00e9s.;A la fin de la Sourate Dieu adresse une rude critique aux polyth\u00e9istes et donne aux croyants la bonne nouvelle du succ\u00e8s: \u00a0\u00bbNous avons rendu le Coran facile en te le r\u00e9v\u00e9lant dans ta propre langue, afin que tu t&rsquo;en serves pour annoncer la bonne nouvelle \u00e0 ceux qui craignent le Seigneur et adresser un avertissement aux esprits rebelles. Que de g\u00e9n\u00e9rations avant eux avons-Nous fait p\u00e9rir ! En aper\u00e7ois-tu un seul individu qui vive encore ou en entends-tu le moindre murmure?\u00a0\u00bb.<\/p>\n","protected":false},"excerpt":{"rendered":"<p>Sourate Maryam (Arabe- Fran\u00e7ais- Phon\u00e9tique)- \u0633\u0648\u0631\u0629 \u0645\u0631\u064a\u0645;Sourate Maryam (Marie) est une Sourate m\u00e9cquoise, le nombre de ses versets est de 98.;Selon l&rsquo;ordre de la compilation du Coran, elle a \u00e9t\u00e9 r\u00e9v\u00e9l\u00e9e apr\u00e8s sourate Fater.;Cette Sourate tire son nom du seizi\u00e8me verset: \u00a0\u00bb Et rappelle dans le Livre Marie, quand elle se retira de sa famille en un lieu vers l&rsquo;Orient \u00a0\u00bb. La P\u00e9riode de r\u00e9v\u00e9lation de cette Sourate vient avant l&rsquo;\u00e9migration d&rsquo;un groupe de musulmans en Abyssinie (Al Habasha) o\u00f9 ils furent accueillis par le Roi chr\u00e9tien d&rsquo;Abyssinie N\u00e9gus (An-Najashi) Cette sourate commence par l&rsquo;histoire de Zakaria (Zacharie) qui a appel\u00e9 Dieu pour qui lui donne un enfant Yahya (Jean- Baptiste).Ensuite, la Sourate \u00e9voque l&rsquo;histoire d&rsquo;Abraham avec son p\u00e8re et ses compatriotes et des autres proph\u00e8tes afin de prouver aux m\u00e9cr\u00e9ants que le Message de Muhammad &#8211; paix et b\u00e9n\u00e9dictions sur lui- est une continuit\u00e9 de ce qu&rsquo;a port\u00e9 les proph\u00e8tes et que leurs partisans s&rsquo;en \u00e9taient d\u00e9tourn\u00e9s.;A la fin de la Sourate Dieu adresse une rude critique aux polyth\u00e9istes et donne aux croyants la bonne nouvelle du succ\u00e8s: \u00a0\u00bbNous avons rendu le Coran facile en te le r\u00e9v\u00e9lant dans ta propre langue, afin que tu t&rsquo;en serves pour annoncer la bonne nouvelle \u00e0 ceux qui craignent le Seigneur et adresser un avertissement aux esprits rebelles. Que de g\u00e9n\u00e9rations avant eux avons-Nous fait p\u00e9rir ! En aper\u00e7ois-tu un seul individu qui vive encore ou en entends-tu le moindre murmure?\u00a0\u00bb.<\/p>\n","protected":false},"featured_media":36967,"comment_status":"open","ping_status":"closed","template":"","meta":[],"product_brand":[],"product_cat":[1904],"product_tag":[],"class_list":{"0":"post-64","1":"product","2":"type-product","3":"status-publish","4":"has-post-thumbnail","6":"product_cat-saint-coran","7":"pa_annee-381","8":"pa_editeur-maison-dennour-editions-2","9":"pa_format-8-x-12-cm","10":"pa_langue-arabe-francais-phonetique","11":"pa_nombre-de-pages-561","12":"pa_reliure-souple","14":"first","15":"instock","16":"shipping-taxable","17":"purchasable","18":"product-type-simple"},"_links":{"self":[{"href":"https:\/\/lamaktaba.fr\/index.php\/wp-json\/wp\/v2\/product\/64","targetHints":{"allow":["GET"]}}],"collection":[{"href":"https:\/\/lamaktaba.fr\/index.php\/wp-json\/wp\/v2\/product"}],"about":[{"href":"https:\/\/lamaktaba.fr\/index.php\/wp-json\/wp\/v2\/types\/product"}],"replies":[{"embeddable":true,"href":"https:\/\/lamaktaba.fr\/index.php\/wp-json\/wp\/v2\/comments?post=64"}],"wp:featuredmedia":[{"embeddable":true,"href":"https:\/\/lamaktaba.fr\/index.php\/wp-json\/wp\/v2\/media\/36967"}],"wp:attachment":[{"href":"https:\/\/lamaktaba.fr\/index.php\/wp-json\/wp\/v2\/media?parent=64"}],"wp:term":[{"taxonomy":"product_brand","embeddable":true,"href":"https:\/\/lamaktaba.fr\/index.php\/wp-json\/wp\/v2\/product_brand?post=64"},{"taxonomy":"product_cat","embeddable":true,"href":"https:\/\/lamaktaba.fr\/index.php\/wp-json\/wp\/v2\/product_cat?post=64"},{"taxonomy":"product_tag","embeddable":true,"href":"https:\/\/lamaktaba.fr\/index.php\/wp-json\/wp\/v2\/product_tag?post=64"}],"curies":[{"name":"wp","href":"https:\/\/api.w.org\/{rel}","templated":true}]}}