{"id":60,"date":"2020-03-02T10:00:00","date_gmt":"2020-03-02T09:00:00","guid":{"rendered":"https:\/\/lamaktaba.fr\/index.php\/produit\/quel-couple-voulez-vous-former-myriam-lakhdar-bounamcha\/"},"modified":"2025-04-01T12:46:10","modified_gmt":"2025-04-01T10:46:10","slug":"quel-couple-voulez-vous-former-myriam-lakhdar-bounamcha","status":"publish","type":"product","link":"https:\/\/lamaktaba.fr\/index.php\/produit\/quel-couple-voulez-vous-former-myriam-lakhdar-bounamcha","title":{"rendered":"Quel couple voulez-vous former? &#8211; Myriam LAKHDAR-BOUNAMCHA"},"content":{"rendered":"<p>A tous les COUPLES on gagne La guerre des sexes na aucun sens et n\u2019a pas lieu d\u2019\u00eatre, pas plus que l\u2019opposition entre les hommes et les femmes. Dire, comme John Gray ou d\u2019autres, que les hommes viennent de Mars et que les femmes viennent de V\u00e9nus, c\u2019est sous- entendre que nous ne sommes pas naturellement fait pour s\u2019entendre, c\u2019est installer une division dans l\u2019essence de l\u2019humanit\u00e9, c\u2019est vouloir faire s\u2019\u00e9loigner ce qui est intimement li\u00e9. C\u2019est pr\u00e9tendre des pr\u00e9suppos\u00e9s, sans la moindre nuance. L\u2019auteure a voulu, dans cet ouvrage, d\u00e9passer les caricatures et montrer que nous descendons tous du pays de notre enfance. Nous sommes certes diff\u00e9rents, mais les diff\u00e9rences existent au sein m\u00eame du masculin et du f\u00e9minin. Il n\u2019existe pas un homme ou une femme mais d\u00e9ZOM et d\u00e9FAM, des F et des H comme le souligne l\u2019auteur&#8230;<\/p>\n","protected":false},"excerpt":{"rendered":"<p>A tous les COUPLES on gagne La guerre des sexes na aucun sens et n\u2019a pas lieu d\u2019\u00eatre, pas plus que l\u2019opposition entre les hommes et les femmes. Dire, comme John Gray ou d\u2019autres, que les hommes viennent de Mars et que les femmes viennent de V\u00e9nus, c\u2019est sous- entendre que nous ne sommes pas [&hellip;]<\/p>\n","protected":false},"featured_media":4517,"comment_status":"open","ping_status":"closed","template":"","meta":[],"product_brand":[],"product_cat":[1920],"product_tag":[],"class_list":{"0":"post-60","1":"product","2":"type-product","3":"status-publish","4":"has-post-thumbnail","6":"product_cat-mariage-et-famille","7":"pa_editeur-alhadith","9":"first","10":"instock","11":"shipping-taxable","12":"purchasable","13":"product-type-simple"},"_links":{"self":[{"href":"https:\/\/lamaktaba.fr\/index.php\/wp-json\/wp\/v2\/product\/60","targetHints":{"allow":["GET"]}}],"collection":[{"href":"https:\/\/lamaktaba.fr\/index.php\/wp-json\/wp\/v2\/product"}],"about":[{"href":"https:\/\/lamaktaba.fr\/index.php\/wp-json\/wp\/v2\/types\/product"}],"replies":[{"embeddable":true,"href":"https:\/\/lamaktaba.fr\/index.php\/wp-json\/wp\/v2\/comments?post=60"}],"wp:featuredmedia":[{"embeddable":true,"href":"https:\/\/lamaktaba.fr\/index.php\/wp-json\/wp\/v2\/media\/4517"}],"wp:attachment":[{"href":"https:\/\/lamaktaba.fr\/index.php\/wp-json\/wp\/v2\/media?parent=60"}],"wp:term":[{"taxonomy":"product_brand","embeddable":true,"href":"https:\/\/lamaktaba.fr\/index.php\/wp-json\/wp\/v2\/product_brand?post=60"},{"taxonomy":"product_cat","embeddable":true,"href":"https:\/\/lamaktaba.fr\/index.php\/wp-json\/wp\/v2\/product_cat?post=60"},{"taxonomy":"product_tag","embeddable":true,"href":"https:\/\/lamaktaba.fr\/index.php\/wp-json\/wp\/v2\/product_tag?post=60"}],"curies":[{"name":"wp","href":"https:\/\/api.w.org\/{rel}","templated":true}]}}