{"id":55319,"date":"2022-11-24T12:12:04","date_gmt":"2022-11-24T11:12:04","guid":{"rendered":"https:\/\/lamaktaba.fr\/?post_type=product&#038;p=55319"},"modified":"2025-04-01T12:45:05","modified_gmt":"2025-04-01T10:45:05","slug":"porte-cles-grave-ma-petite-famille","status":"publish","type":"product","link":"https:\/\/lamaktaba.fr\/index.php\/produit\/porte-cles-grave-ma-petite-famille","title":{"rendered":"Porte-cl\u00e9s \u00e0 grav\u00e9 ma petite famille"},"content":{"rendered":"<p>Voici notre s\u00e9lection de porte cl\u00e9 personnalis\u00e9 : vous y trouverez les meilleures pi\u00e8ces uniques ou personnalis\u00e9es de nos boutiques. Vous souhaitez laisser un souvenir imp\u00e9rissable \u00e0 votre famille ? Offrez des porte-cl\u00e9s imprim\u00e9s avec les pr\u00e9noms ou un message. Le marquage net et r\u00e9sistant aux rayures garantit que votre logo sera visible pendant tr\u00e8s longtemps ! De plus, gr\u00e2ce \u00e0 la technique de gravure au laser, vous offrez \u00e0 votre porte-cl\u00e9s un look \u00e9l\u00e9gant. Cette technique de marquage poss\u00e8de une grande durabilit\u00e9 car elle est extr\u00eamement r\u00e9sistante \u00e0 l&rsquo;usure. Tr\u00e8s appropri\u00e9e si vous cherchez \u00e0 offrir un cadeau luxueux. Ce porte-cl\u00e9s est fabriqu\u00e9 en acier bross\u00e9. Vous trouverez ici une large gamme de porte-cl\u00e9s que vous pouvez faire marquer selon vos envies. Que vous recherchiez des porte-cl\u00e9s \u00e0 petits prix ou de haute qualit\u00e9, vous trouvez ce qu&rsquo;il vous faut ici. Commencez d\u00e8s maintenant \u00e0 personnalis\u00e9 votre graphisme gr\u00e2ce \u00e0 notre configurateur de produit en ligne et obtenez un aper\u00e7u en temps r\u00e9el du rendu.<\/p>\n","protected":false},"excerpt":{"rendered":"<p>Voici notre s\u00e9lection de porte cl\u00e9 personnalis\u00e9 : vous y trouverez les meilleures pi\u00e8ces uniques ou personnalis\u00e9es de nos boutiques. Vous souhaitez laisser un souvenir imp\u00e9rissable \u00e0 votre famille ? Offrez des porte-cl\u00e9s imprim\u00e9s avec les pr\u00e9noms ou un message. Le marquage net et r\u00e9sistant aux rayures garantit que votre logo sera visible pendant tr\u00e8s [&hellip;]<\/p>\n","protected":false},"featured_media":55977,"comment_status":"open","ping_status":"closed","template":"","meta":[],"product_brand":[],"product_cat":[1891],"product_tag":[],"class_list":{"0":"post-55319","1":"product","2":"type-product","3":"status-publish","4":"has-post-thumbnail","6":"product_cat-bijoux-et-accessoires","8":"first","9":"instock","10":"shipping-taxable","11":"purchasable","12":"product-type-simple"},"_links":{"self":[{"href":"https:\/\/lamaktaba.fr\/index.php\/wp-json\/wp\/v2\/product\/55319","targetHints":{"allow":["GET"]}}],"collection":[{"href":"https:\/\/lamaktaba.fr\/index.php\/wp-json\/wp\/v2\/product"}],"about":[{"href":"https:\/\/lamaktaba.fr\/index.php\/wp-json\/wp\/v2\/types\/product"}],"replies":[{"embeddable":true,"href":"https:\/\/lamaktaba.fr\/index.php\/wp-json\/wp\/v2\/comments?post=55319"}],"wp:featuredmedia":[{"embeddable":true,"href":"https:\/\/lamaktaba.fr\/index.php\/wp-json\/wp\/v2\/media\/55977"}],"wp:attachment":[{"href":"https:\/\/lamaktaba.fr\/index.php\/wp-json\/wp\/v2\/media?parent=55319"}],"wp:term":[{"taxonomy":"product_brand","embeddable":true,"href":"https:\/\/lamaktaba.fr\/index.php\/wp-json\/wp\/v2\/product_brand?post=55319"},{"taxonomy":"product_cat","embeddable":true,"href":"https:\/\/lamaktaba.fr\/index.php\/wp-json\/wp\/v2\/product_cat?post=55319"},{"taxonomy":"product_tag","embeddable":true,"href":"https:\/\/lamaktaba.fr\/index.php\/wp-json\/wp\/v2\/product_tag?post=55319"}],"curies":[{"name":"wp","href":"https:\/\/api.w.org\/{rel}","templated":true}]}}