{"id":52063,"date":"2022-04-21T12:23:49","date_gmt":"2022-04-21T10:23:49","guid":{"rendered":"https:\/\/lamaktaba.fr\/?post_type=product&#038;p=52063"},"modified":"2025-05-24T13:43:24","modified_gmt":"2025-05-24T11:43:24","slug":"tapis-de-priere-interactif-pour-enfant-musulman","status":"publish","type":"product","link":"https:\/\/lamaktaba.fr\/index.php\/produit\/tapis-de-priere-interactif-pour-enfant-musulman","title":{"rendered":"Tapis de pri\u00e8re interactif pour enfant musulman"},"content":{"rendered":"<p><span id=\"p4\">Faites d\u00e9couvrir la beaut\u00e9 de la\u00a0<span class=\"s-rg\">Salat<\/span>\u00a0\u00e0 vos enfants de fa\u00e7on ludique, simple et interactive.\u00a0<\/span><span id=\"p5\"><\/span>Ce tapis interactif est un outil p\u00e9dagogique pour l&rsquo;apprentissage\u00a0 de la pri\u00e8re aussi bien pour les\u00a0enfants en plein apprentissage, que pour les adultes( d\u00e9butants ou\u00a0 convertis)<\/p>\n<ul>\n<li><span id=\"p6\"><span class=\"s-bl\">36<\/span>\u00a0touches tactiles<\/span><\/li>\n<li><span id=\"p7\"><span class=\"s-bl\">7<\/span>\u00a0<span class=\"s-bl\">langues:<\/span><\/span><span id=\"p8\">\u00a0<span class=\"s-or\">Fran\u00e7ais<\/span>, Anglais, Arabe, Urdu, Malaisien, Turc, Indon\u00e9sien.<\/span><span id=\"p9\"><span class=\"s-bl\"><br \/>\n<\/span><\/span><\/li>\n<li>Apprendre : les ablutions<span id=\"p3\"><\/span>, L&rsquo;appel \u00e0 la pri\u00e8re, les heures de la Salat, les positions de la Salat, les sourates, Du&rsquo;a<span id=\"p10\"><span class=\"s-bl\"><br \/>\n<\/span><\/span><\/li>\n<li>Mat\u00e9riau imperm\u00e9able r\u00e9sistant au feu<\/li>\n<li><span class=\"s-rg\">Syst\u00e8me<\/span>\u00a0d&rsquo;arr\u00eat\u00a0<span class=\"s-rg\">automatique<\/span><\/li>\n<li><span class=\"s-rg\">Volume<\/span>\u00a0<span class=\"s-rg\">ajustable<\/span><\/li>\n<li><span class=\"s-rg\">Pliable<\/span><\/li>\n<li><span class=\"s-rg\">Taille: 28 x 45 cm<\/span><\/li>\n<\/ul>\n","protected":false},"excerpt":{"rendered":"<p>Faites d\u00e9couvrir la beaut\u00e9 de la\u00a0Salat\u00a0\u00e0 vos enfants de fa\u00e7on ludique, simple et interactive.\u00a0Ce tapis interactif est un outil p\u00e9dagogique pour l&rsquo;apprentissage\u00a0 de la pri\u00e8re aussi bien pour les\u00a0enfants en plein apprentissage, que pour les adultes( d\u00e9butants ou\u00a0 convertis) 36\u00a0touches tactiles 7\u00a0langues:\u00a0Fran\u00e7ais, Anglais, Arabe, Urdu, Malaisien, Turc, Indon\u00e9sien. Apprendre : les ablutions, L&rsquo;appel \u00e0 la [&hellip;]<\/p>\n","protected":false},"featured_media":45860,"comment_status":"open","ping_status":"closed","template":"","meta":[],"product_brand":[],"product_cat":[1518,1519,1520],"product_tag":[],"class_list":{"0":"post-52063","1":"product","2":"type-product","3":"status-publish","4":"has-post-thumbnail","6":"product_cat-coffrets-cadeaux","7":"product_cat-coffrets-cadeaux-fille","8":"product_cat-coffrets-cadeaux-garcon","10":"first","11":"instock","12":"sale","13":"shipping-taxable","14":"purchasable","15":"product-type-simple"},"_links":{"self":[{"href":"https:\/\/lamaktaba.fr\/index.php\/wp-json\/wp\/v2\/product\/52063","targetHints":{"allow":["GET"]}}],"collection":[{"href":"https:\/\/lamaktaba.fr\/index.php\/wp-json\/wp\/v2\/product"}],"about":[{"href":"https:\/\/lamaktaba.fr\/index.php\/wp-json\/wp\/v2\/types\/product"}],"replies":[{"embeddable":true,"href":"https:\/\/lamaktaba.fr\/index.php\/wp-json\/wp\/v2\/comments?post=52063"}],"wp:featuredmedia":[{"embeddable":true,"href":"https:\/\/lamaktaba.fr\/index.php\/wp-json\/wp\/v2\/media\/45860"}],"wp:attachment":[{"href":"https:\/\/lamaktaba.fr\/index.php\/wp-json\/wp\/v2\/media?parent=52063"}],"wp:term":[{"taxonomy":"product_brand","embeddable":true,"href":"https:\/\/lamaktaba.fr\/index.php\/wp-json\/wp\/v2\/product_brand?post=52063"},{"taxonomy":"product_cat","embeddable":true,"href":"https:\/\/lamaktaba.fr\/index.php\/wp-json\/wp\/v2\/product_cat?post=52063"},{"taxonomy":"product_tag","embeddable":true,"href":"https:\/\/lamaktaba.fr\/index.php\/wp-json\/wp\/v2\/product_tag?post=52063"}],"curies":[{"name":"wp","href":"https:\/\/api.w.org\/{rel}","templated":true}]}}