{"id":47899,"date":"2022-01-24T21:05:08","date_gmt":"2022-01-24T20:05:08","guid":{"rendered":"https:\/\/lamaktaba.fr\/index.php\/produit\/mon-imagier-de-la-mosquee-a-partir-de-5ans-graines-de-foi\/"},"modified":"2025-04-01T12:45:02","modified_gmt":"2025-04-01T10:45:02","slug":"mon-imagier-de-la-mosquee-a-partir-de-5ans-graines-de-foi","status":"publish","type":"product","link":"https:\/\/lamaktaba.fr\/index.php\/produit\/mon-imagier-de-la-mosquee-a-partir-de-5ans-graines-de-foi","title":{"rendered":"Mon imagier de la mosqu\u00e9e (\u00c0 partir de 5ans) &#8211; Graines de foi"},"content":{"rendered":"<p>Mon imagier de la mosqu\u00e9e, Textes: Amin Salih &#038; Imran Zeki &#8211; Illustrations: Super Mafi, Graines de foi;Ce livre en couleurs invite nos chers enfants \u00e0 d\u00e9couvrir avec la complicit\u00e9 de Papa ou de Maman ce qui se cache derri\u00e8re les portes de la maison d\u2019Allah: la mosqu\u00e9e. Ainsi, d\u00e8s la plus tendre enfance, nos ch\u00e9rubins porteront en eux l\u2019amour de la pri\u00e8re et des mosqu\u00e9es;Marque Graines de foi R\u00e9f\u00e9rence 9782931070178;Fiche technique AUTEUR: &#8211; Textes: Amin Salih &#038; Imran Zeki &#8211; Illustrations: Super Mafi LANGUE: -.Fran\u00e7ais ANNEE: &#8211; 2017 SUPPORT: &#8211; Livre THEME: &#8211; Imagier de la mosqu\u00e9e, Enfants \u00c9DITIONS: &#8211; Graines de foi Condition: &#8211; Neuf Nombre de Pages: &#8211; 28 FORMAT (CM): 17 x 17 cm Poids (kg): &#8211; 0.163 kg RELIURE: &#8211; Rigide EAN13: &#8211; 9782931070178;R\u00e9f\u00e9rences sp\u00e9cifiques Donnez votre avis;Aucun commentaire pour le moment<\/p>\n","protected":false},"excerpt":{"rendered":"<p>Mon imagier de la mosqu\u00e9e, Textes: Amin Salih &#038; Imran Zeki &#8211; Illustrations: Super Mafi, Graines de foi;Ce livre en couleurs invite nos chers enfants \u00e0 d\u00e9couvrir avec la complicit\u00e9 de Papa ou de Maman ce qui se cache derri\u00e8re les portes de la maison d\u2019Allah: la mosqu\u00e9e. Ainsi, d\u00e8s la plus tendre enfance, nos [&hellip;]<\/p>\n","protected":false},"featured_media":47900,"comment_status":"open","ping_status":"closed","template":"","meta":[],"product_brand":[],"product_cat":[15],"product_tag":[],"class_list":{"0":"post-47899","1":"product","2":"type-product","3":"status-publish","4":"has-post-thumbnail","6":"product_cat-non-classe","7":"pa_annee-440","8":"pa_auteur-textes-amin-salih-imran-zeki-illustrations-super-mafi","9":"pa_editeur-graines-de-foi","10":"pa_format-17-x-17-cm","11":"pa_langue-francais","12":"pa_nombre-de-pages-520","13":"pa_reliure-rigide","15":"first","16":"outofstock","17":"shipping-taxable","18":"purchasable","19":"product-type-simple"},"_links":{"self":[{"href":"https:\/\/lamaktaba.fr\/index.php\/wp-json\/wp\/v2\/product\/47899","targetHints":{"allow":["GET"]}}],"collection":[{"href":"https:\/\/lamaktaba.fr\/index.php\/wp-json\/wp\/v2\/product"}],"about":[{"href":"https:\/\/lamaktaba.fr\/index.php\/wp-json\/wp\/v2\/types\/product"}],"replies":[{"embeddable":true,"href":"https:\/\/lamaktaba.fr\/index.php\/wp-json\/wp\/v2\/comments?post=47899"}],"wp:featuredmedia":[{"embeddable":true,"href":"https:\/\/lamaktaba.fr\/index.php\/wp-json\/wp\/v2\/media\/47900"}],"wp:attachment":[{"href":"https:\/\/lamaktaba.fr\/index.php\/wp-json\/wp\/v2\/media?parent=47899"}],"wp:term":[{"taxonomy":"product_brand","embeddable":true,"href":"https:\/\/lamaktaba.fr\/index.php\/wp-json\/wp\/v2\/product_brand?post=47899"},{"taxonomy":"product_cat","embeddable":true,"href":"https:\/\/lamaktaba.fr\/index.php\/wp-json\/wp\/v2\/product_cat?post=47899"},{"taxonomy":"product_tag","embeddable":true,"href":"https:\/\/lamaktaba.fr\/index.php\/wp-json\/wp\/v2\/product_tag?post=47899"}],"curies":[{"name":"wp","href":"https:\/\/api.w.org\/{rel}","templated":true}]}}