{"id":47897,"date":"2022-01-24T21:05:04","date_gmt":"2022-01-24T20:05:04","guid":{"rendered":"https:\/\/lamaktaba.fr\/index.php\/produit\/comment-accueillir-le-converti-dapres-abd-allah-al-luhaydan\/"},"modified":"2025-04-01T12:45:09","modified_gmt":"2025-04-01T10:45:09","slug":"comment-accueillir-le-converti-dapres-abd-allah-al-luhaydan","status":"publish","type":"product","link":"https:\/\/lamaktaba.fr\/index.php\/produit\/comment-accueillir-le-converti-dapres-abd-allah-al-luhaydan","title":{"rendered":"Comment accueillir le converti? d\u2019apr\u00e8s \u2018Abd allah al-Luhaydan"},"content":{"rendered":"<p>Devenir musulman, se convertir \u00e0 l\u2019islam, constitue des choix et des d\u00e9cisions qui, \u00e0 jamais marquent la vie du croyant.;Ce bouleversement dans ses croyances, de ses pratiques et de ses habitudes peut parfois mener le\/la convertie \u00e0 rencontrer des obstacles et des difficult\u00e9s sur le plan familial, professionnel, social, etc.;C\u2019est la raison pour laquelle les musulmans ont le devoir et la responsabilit\u00e9 d\u2019accueillir les convertis de la meilleure mani\u00e8re, les accompagner dans leurs premiers pas avec sagesse et savoir. Arriver \u00e0 trouver son \u00e9quilibre spirituel et cultuel est l\u2019aboutissement d\u2019un long parcours et d\u2019un cheminement graduel et progressif, o\u00f9 le savoir, la bonne compagnie et le conseil sage sont des ma\u00eetres mots.;Ce pr\u00e9sent ouvrage nous invite \u00e0 apprendre comment accueillir le convertie et attire notre attention sur des erreurs \u00e0 ne pas commettre, car malheureusement des convertis ont parfois \u00e9t\u00e9 choqu\u00e9s et attrist\u00e9s de l\u2019accueil qu\u2019ils ont re\u00e7u lors de leurs conversion.;Cet ouvrage comporte seize chapitres, qui sont les suivants;La pr\u00e9dication aux non-musulmans dans le pass\u00e9 et aujourd\u2019hui.;La clairvoyance dans la pr\u00e9dication aux non musulmans.;Donner la pr\u00e9s\u00e9ance \u00e0 la r\u00e9compense sur la pr\u00e9dication;La pr\u00e9dication aux non musulmans, \u00e0 ceux qui font preuve de faiblesse dans leur qu\u00eate de l\u2019islam et \u00e0 ceux qui s\u2019en d\u00e9tournent.;La n\u00e9cessit\u00e9 de comprendre l\u2019imitation;Les facteurs dissuasifs, pour les non-musulmans, d\u2019embrasser l\u2019islam;Marque ALHADITH Editions R\u00e9f\u00e9rence 9782875450364;Fiche technique AUTEUR: &#8211; Abd allah al-Luhaydan ANNEE: &#8211; 2013 SUPPORT: &#8211; Livre THEME: &#8211; Biblioth\u00e8que des Etudiants \u00c9DITIONS: &#8211; ALHADITH Condition: &#8211; Neuf Nombre de Pages: &#8211; 159 FORMAT (CM): 14 x 21 Poids (kg): &#8211; 0.186 RELIURE: &#8211; Souple EAN13: &#8211; 9782875450364;R\u00e9f\u00e9rences sp\u00e9cifiques Donnez votre avis;Aucun commentaire pour le moment<\/p>\n","protected":false},"excerpt":{"rendered":"<p>Devenir musulman, se convertir \u00e0 l\u2019islam, constitue des choix et des d\u00e9cisions qui, \u00e0 jamais marquent la vie du croyant.;Ce bouleversement dans ses croyances, de ses pratiques et de ses habitudes peut parfois mener le\/la convertie \u00e0 rencontrer des obstacles et des difficult\u00e9s sur le plan familial, professionnel, social, etc.;C\u2019est la raison pour laquelle les [&hellip;]<\/p>\n","protected":false},"featured_media":47898,"comment_status":"open","ping_status":"closed","template":"","meta":[],"product_brand":[],"product_cat":[1918,1935],"product_tag":[],"class_list":{"0":"post-47897","1":"product","2":"type-product","3":"status-publish","4":"has-post-thumbnail","6":"product_cat-initiation-a-lislam","7":"product_cat-initiation-a-lislam-pratique-religieuse","8":"pa_annee-451","9":"pa_auteur-abd-allah-al-luhaydan-2","10":"pa_editeur-alhadith","11":"pa_format-14-x-21","12":"pa_nombre-de-pages-1093","13":"pa_reliure-souple","15":"first","16":"instock","17":"shipping-taxable","18":"purchasable","19":"product-type-simple"},"_links":{"self":[{"href":"https:\/\/lamaktaba.fr\/index.php\/wp-json\/wp\/v2\/product\/47897","targetHints":{"allow":["GET"]}}],"collection":[{"href":"https:\/\/lamaktaba.fr\/index.php\/wp-json\/wp\/v2\/product"}],"about":[{"href":"https:\/\/lamaktaba.fr\/index.php\/wp-json\/wp\/v2\/types\/product"}],"replies":[{"embeddable":true,"href":"https:\/\/lamaktaba.fr\/index.php\/wp-json\/wp\/v2\/comments?post=47897"}],"wp:featuredmedia":[{"embeddable":true,"href":"https:\/\/lamaktaba.fr\/index.php\/wp-json\/wp\/v2\/media\/47898"}],"wp:attachment":[{"href":"https:\/\/lamaktaba.fr\/index.php\/wp-json\/wp\/v2\/media?parent=47897"}],"wp:term":[{"taxonomy":"product_brand","embeddable":true,"href":"https:\/\/lamaktaba.fr\/index.php\/wp-json\/wp\/v2\/product_brand?post=47897"},{"taxonomy":"product_cat","embeddable":true,"href":"https:\/\/lamaktaba.fr\/index.php\/wp-json\/wp\/v2\/product_cat?post=47897"},{"taxonomy":"product_tag","embeddable":true,"href":"https:\/\/lamaktaba.fr\/index.php\/wp-json\/wp\/v2\/product_tag?post=47897"}],"curies":[{"name":"wp","href":"https:\/\/api.w.org\/{rel}","templated":true}]}}