{"id":47893,"date":"2022-01-24T21:04:57","date_gmt":"2022-01-24T20:04:57","guid":{"rendered":"https:\/\/lamaktaba.fr\/index.php\/produit\/le-jour-dernier-et-les-signes-de-la-fin-du-monde\/"},"modified":"2025-04-01T12:45:02","modified_gmt":"2025-04-01T10:45:02","slug":"le-jour-dernier-et-les-signes-de-la-fin-du-monde","status":"publish","type":"product","link":"https:\/\/lamaktaba.fr\/index.php\/produit\/le-jour-dernier-et-les-signes-de-la-fin-du-monde","title":{"rendered":"Le Jour dernier et les signes de la fin du monde"},"content":{"rendered":"<p>Titre: Le Jour dernier et les signes de la fin du monde;Auteur: Abderrazak Mahri;Edition: ENNOUR;Support: Livre;Theme: Piliers de la FOI;Description: La croyance dans le Jour Dernier consiste \u00e0 ajouter foi \u00e0 tout ce qui a \u00e9t\u00e9 r\u00e9v\u00e9l\u00e9 par Dieu Tout-Puissant \u00e0 son Envoy\u00e9 Muhammad, sur lui la gr\u00e2ce et la paix, au sujet de la mort et ce qui la suit, c&rsquo;est \u00e0 dire: le ch\u00e2timent ou la f\u00e9licit\u00e9 dans la tombe<\/p>\n","protected":false},"excerpt":{"rendered":"<p>Titre: Le Jour dernier et les signes de la fin du monde;Auteur: Abderrazak Mahri;Edition: ENNOUR;Support: Livre;Theme: Piliers de la FOI;Description: La croyance dans le Jour Dernier consiste \u00e0 ajouter foi \u00e0 tout ce qui a \u00e9t\u00e9 r\u00e9v\u00e9l\u00e9 par Dieu Tout-Puissant \u00e0 son Envoy\u00e9 Muhammad, sur lui la gr\u00e2ce et la paix, au sujet de la [&hellip;]<\/p>\n","protected":false},"featured_media":47894,"comment_status":"open","ping_status":"closed","template":"","meta":[],"product_brand":[],"product_cat":[15],"product_tag":[],"class_list":{"0":"post-47893","1":"product","2":"type-product","3":"status-publish","4":"has-post-thumbnail","6":"product_cat-non-classe","8":"first","9":"outofstock","10":"shipping-taxable","11":"purchasable","12":"product-type-simple"},"_links":{"self":[{"href":"https:\/\/lamaktaba.fr\/index.php\/wp-json\/wp\/v2\/product\/47893","targetHints":{"allow":["GET"]}}],"collection":[{"href":"https:\/\/lamaktaba.fr\/index.php\/wp-json\/wp\/v2\/product"}],"about":[{"href":"https:\/\/lamaktaba.fr\/index.php\/wp-json\/wp\/v2\/types\/product"}],"replies":[{"embeddable":true,"href":"https:\/\/lamaktaba.fr\/index.php\/wp-json\/wp\/v2\/comments?post=47893"}],"wp:featuredmedia":[{"embeddable":true,"href":"https:\/\/lamaktaba.fr\/index.php\/wp-json\/wp\/v2\/media\/47894"}],"wp:attachment":[{"href":"https:\/\/lamaktaba.fr\/index.php\/wp-json\/wp\/v2\/media?parent=47893"}],"wp:term":[{"taxonomy":"product_brand","embeddable":true,"href":"https:\/\/lamaktaba.fr\/index.php\/wp-json\/wp\/v2\/product_brand?post=47893"},{"taxonomy":"product_cat","embeddable":true,"href":"https:\/\/lamaktaba.fr\/index.php\/wp-json\/wp\/v2\/product_cat?post=47893"},{"taxonomy":"product_tag","embeddable":true,"href":"https:\/\/lamaktaba.fr\/index.php\/wp-json\/wp\/v2\/product_tag?post=47893"}],"curies":[{"name":"wp","href":"https:\/\/api.w.org\/{rel}","templated":true}]}}