{"id":47874,"date":"2022-01-24T21:04:32","date_gmt":"2022-01-24T20:04:32","guid":{"rendered":"https:\/\/lamaktaba.fr\/index.php\/produit\/enseignement-de-la-priere-dapres-muhammad-as-sawai\/"},"modified":"2025-04-01T12:43:58","modified_gmt":"2025-04-01T10:43:58","slug":"enseignement-de-la-priere-dapres-muhammad-as-sawai","status":"publish","type":"product","link":"https:\/\/lamaktaba.fr\/index.php\/produit\/enseignement-de-la-priere-dapres-muhammad-as-sawai","title":{"rendered":"Enseignement de la pri\u00e8re d&rsquo;apr\u00e8s Muhammad as-Sawai"},"content":{"rendered":"<p>Enseignement de la pri\u00e8re \u00e9dit\u00e9 par Ennour;La pri\u00e8re repr\u00e9sente la pierre angulaire de l\u2019islam et son pilier majeur. Elle est une parure, une ornementation pour les gens pieux. Elle est aussi la voie de la victoire, du succ\u00e8s, du bonheur et de la r\u00e9ussite dans les deux mondes. !dieu dit: \u00ab Combl\u00e9s sont les croyants, ceux qui dans leur pri\u00e8re t\u00e9moignent d\u2019humilit\u00e9 \u00bb. (23, l-2);L\u2019Envoy\u00e9 de Dieu (SWS) a dit: \u00ab La premi\u00e8re chose dont l\u2019homme devra rendre compte le jour de la r\u00e9surrection c\u2019est la pri\u00e8re. Si elle est valable, toute son \u0153uvre le sera, et si elle est d\u00e9fectueuse, toute son \u0153uvre le sera \u00bb.;La pri\u00e8re correctement acquitt\u00e9e, dans le recueillement parfait et l\u2019abandon total (\u00e0 Dieu), illumine le c\u0153ur, \u00e9duque l\u2019\u00e2me, embellit l\u2019homme de nobles caract\u00e8re, l\u2019\u00e9l\u00e8ve et l\u2019oriente exclusivement vers Dieu, l\u2019\u00e9loigne du mensonge, de la d\u00e9loyaut\u00e9, du mal, de la col\u00e8re, de l\u2019orgueil, de l\u2019injustice, de l\u2019immoralit\u00e9 et de la d\u00e9sob\u00e9issance.<\/p>\n","protected":false},"excerpt":{"rendered":"<p>Enseignement de la pri\u00e8re \u00e9dit\u00e9 par Ennour;La pri\u00e8re repr\u00e9sente la pierre angulaire de l\u2019islam et son pilier majeur. Elle est une parure, une ornementation pour les gens pieux. Elle est aussi la voie de la victoire, du succ\u00e8s, du bonheur et de la r\u00e9ussite dans les deux mondes. !dieu dit: \u00ab Combl\u00e9s sont les croyants, [&hellip;]<\/p>\n","protected":false},"featured_media":47875,"comment_status":"open","ping_status":"closed","template":"","meta":[],"product_brand":[],"product_cat":[1911,1912],"product_tag":[],"class_list":{"0":"post-47874","1":"product","2":"type-product","3":"status-publish","4":"has-post-thumbnail","6":"product_cat-les-cinqs-piliers-de-lislam","7":"product_cat-priere-salate","8":"pa_auteur-muhammad-as-sawai","9":"pa_editeur-ennour","10":"pa_nombre-de-pages-1174","11":"pa_reliure-souple","13":"first","14":"instock","15":"shipping-taxable","16":"purchasable","17":"product-type-simple"},"_links":{"self":[{"href":"https:\/\/lamaktaba.fr\/index.php\/wp-json\/wp\/v2\/product\/47874","targetHints":{"allow":["GET"]}}],"collection":[{"href":"https:\/\/lamaktaba.fr\/index.php\/wp-json\/wp\/v2\/product"}],"about":[{"href":"https:\/\/lamaktaba.fr\/index.php\/wp-json\/wp\/v2\/types\/product"}],"replies":[{"embeddable":true,"href":"https:\/\/lamaktaba.fr\/index.php\/wp-json\/wp\/v2\/comments?post=47874"}],"wp:featuredmedia":[{"embeddable":true,"href":"https:\/\/lamaktaba.fr\/index.php\/wp-json\/wp\/v2\/media\/47875"}],"wp:attachment":[{"href":"https:\/\/lamaktaba.fr\/index.php\/wp-json\/wp\/v2\/media?parent=47874"}],"wp:term":[{"taxonomy":"product_brand","embeddable":true,"href":"https:\/\/lamaktaba.fr\/index.php\/wp-json\/wp\/v2\/product_brand?post=47874"},{"taxonomy":"product_cat","embeddable":true,"href":"https:\/\/lamaktaba.fr\/index.php\/wp-json\/wp\/v2\/product_cat?post=47874"},{"taxonomy":"product_tag","embeddable":true,"href":"https:\/\/lamaktaba.fr\/index.php\/wp-json\/wp\/v2\/product_tag?post=47874"}],"curies":[{"name":"wp","href":"https:\/\/api.w.org\/{rel}","templated":true}]}}