{"id":47836,"date":"2022-01-24T21:03:32","date_gmt":"2022-01-24T20:03:32","guid":{"rendered":"https:\/\/lamaktaba.fr\/index.php\/produit\/larbre-de-la-foi-sheikh-abd-ar-rahmane-as-sadi-livre\/"},"modified":"2025-04-01T12:46:14","modified_gmt":"2025-04-01T10:46:14","slug":"larbre-de-la-foi-sheikh-abd-ar-rahmane-as-sadi-livre","status":"publish","type":"product","link":"https:\/\/lamaktaba.fr\/index.php\/produit\/larbre-de-la-foi-sheikh-abd-ar-rahmane-as-sadi-livre","title":{"rendered":"L&rsquo;arbre de la foi &#8211; Sheikh &lsquo;Abd Ar-Rahmane as-Sa&rsquo;di &#8211; Livre"},"content":{"rendered":"<p>Ce livres \u00e9crit par le savant cheikh As-Sa&rsquo;d\u00ee se divise en trois parties;La d\u00e9finition de la foi.;Ses notions essentiels et les causes d&rsquo;augmentation de la foi.;Les m\u00e9rites et les fruits de la foi, avec tous ce qui en d\u00e9coule. Allah a compar\u00e9 la parole de foi qui est la meilleur des paroles au meilleur des arbres. Cet arbre est diff\u00e9rent dans le c\u0153ur de chaque croyant. C&rsquo;est pourquoi le serviteur doit s&#8217;empresser d&rsquo;en conna\u00eetre les noms, les caract\u00e9ristiques, les causes, les racines, et les branches. Il doit s\u2019efforcer de les mettre en pratique car le succ\u00e8s et la r\u00e9ussite qu&rsquo;il obtiendra en ce monde et dans l&rsquo;au del\u00e0 sera en fonction de ce qu&rsquo;il obtiendra de cet arbre.;Les versets coraniques sont \u00e9galement cit\u00e9s en langue arabe.;\u0627\u0644\u062a\u0648\u0636\u064a\u062d \u0648\u0627\u0644\u0628\u064a\u0627\u0646 \u0644\u0634\u062c\u0631\u0629 \u0627\u0644\u0625\u064a\u0645\u0627\u0646<\/p>\n","protected":false},"excerpt":{"rendered":"<p>Ce livres \u00e9crit par le savant cheikh As-Sa&rsquo;d\u00ee se divise en trois parties;La d\u00e9finition de la foi.;Ses notions essentiels et les causes d&rsquo;augmentation de la foi.;Les m\u00e9rites et les fruits de la foi, avec tous ce qui en d\u00e9coule. Allah a compar\u00e9 la parole de foi qui est la meilleur des paroles au meilleur des [&hellip;]<\/p>\n","protected":false},"featured_media":47837,"comment_status":"open","ping_status":"closed","template":"","meta":[],"product_brand":[],"product_cat":[1893],"product_tag":[],"class_list":{"0":"post-47836","1":"product","2":"type-product","3":"status-publish","4":"has-post-thumbnail","6":"product_cat-piliers-de-la-foi","7":"pa_auteur-sheikh-abd-ar-rahmane-as-sadi","8":"pa_editeur-dar-al-muslim","9":"pa_format-broche-15-x-21-cm","10":"pa_langue-francais-arabe","11":"pa_nombre-de-pages-588","13":"first","14":"instock","15":"shipping-taxable","16":"purchasable","17":"product-type-simple"},"_links":{"self":[{"href":"https:\/\/lamaktaba.fr\/index.php\/wp-json\/wp\/v2\/product\/47836","targetHints":{"allow":["GET"]}}],"collection":[{"href":"https:\/\/lamaktaba.fr\/index.php\/wp-json\/wp\/v2\/product"}],"about":[{"href":"https:\/\/lamaktaba.fr\/index.php\/wp-json\/wp\/v2\/types\/product"}],"replies":[{"embeddable":true,"href":"https:\/\/lamaktaba.fr\/index.php\/wp-json\/wp\/v2\/comments?post=47836"}],"wp:featuredmedia":[{"embeddable":true,"href":"https:\/\/lamaktaba.fr\/index.php\/wp-json\/wp\/v2\/media\/47837"}],"wp:attachment":[{"href":"https:\/\/lamaktaba.fr\/index.php\/wp-json\/wp\/v2\/media?parent=47836"}],"wp:term":[{"taxonomy":"product_brand","embeddable":true,"href":"https:\/\/lamaktaba.fr\/index.php\/wp-json\/wp\/v2\/product_brand?post=47836"},{"taxonomy":"product_cat","embeddable":true,"href":"https:\/\/lamaktaba.fr\/index.php\/wp-json\/wp\/v2\/product_cat?post=47836"},{"taxonomy":"product_tag","embeddable":true,"href":"https:\/\/lamaktaba.fr\/index.php\/wp-json\/wp\/v2\/product_tag?post=47836"}],"curies":[{"name":"wp","href":"https:\/\/api.w.org\/{rel}","templated":true}]}}