{"id":47830,"date":"2022-01-24T21:03:24","date_gmt":"2022-01-24T20:03:24","guid":{"rendered":"https:\/\/lamaktaba.fr\/index.php\/produit\/coffret-savon-au-musc-tahara-musk-altahara-soap-marque-ata-kadah-%d8%b5%d8%a7%d8%a8%d9%88%d9%86-%d9%85%d8%b3%d9%83-%d8%a7%d9%84%d8%b7%d9%87%d8%a7%d8%b1%d8%a9-cosmetique\/"},"modified":"2025-04-01T12:44:32","modified_gmt":"2025-04-01T10:44:32","slug":"coffret-savon-au-musc-tahara-musk-altahara-soap-marque-ata-kadah-cosmetique","status":"publish","type":"product","link":"https:\/\/lamaktaba.fr\/index.php\/produit\/coffret-savon-au-musc-tahara-musk-altahara-soap-marque-ata-kadah-cosmetique","title":{"rendered":"Coffret Savon au Musc Tahara &#8211; Musk Altahara Soap &#8211; Marque Ata Kadah &#8211; \u0635\u0627\u0628\u0648\u0646 \u0645\u0633\u0643 \u0627\u0644\u0637\u0647\u0627\u0631\u0629 &#8211; Cosm\u00e9tique"},"content":{"rendered":"<p>Savon au Musc Tahara pr\u00e9sent\u00e9 dans une jolie boite cadeau blanche dor\u00e9e.;Fabriqu\u00e9 en Turquie.<\/p>\n","protected":false},"excerpt":{"rendered":"<p>Savon au Musc Tahara pr\u00e9sent\u00e9 dans une jolie boite cadeau blanche dor\u00e9e.;Fabriqu\u00e9 en Turquie.<\/p>\n","protected":false},"featured_media":47831,"comment_status":"open","ping_status":"closed","template":"","meta":[],"product_brand":[],"product_cat":[131],"product_tag":[],"class_list":{"0":"post-47830","1":"product","2":"type-product","3":"status-publish","4":"has-post-thumbnail","6":"product_cat-beaute-soins-naturels-cosmetique","7":"pa_format-125-g","9":"first","10":"outofstock","11":"shipping-taxable","12":"purchasable","13":"product-type-simple"},"_links":{"self":[{"href":"https:\/\/lamaktaba.fr\/index.php\/wp-json\/wp\/v2\/product\/47830","targetHints":{"allow":["GET"]}}],"collection":[{"href":"https:\/\/lamaktaba.fr\/index.php\/wp-json\/wp\/v2\/product"}],"about":[{"href":"https:\/\/lamaktaba.fr\/index.php\/wp-json\/wp\/v2\/types\/product"}],"replies":[{"embeddable":true,"href":"https:\/\/lamaktaba.fr\/index.php\/wp-json\/wp\/v2\/comments?post=47830"}],"wp:featuredmedia":[{"embeddable":true,"href":"https:\/\/lamaktaba.fr\/index.php\/wp-json\/wp\/v2\/media\/47831"}],"wp:attachment":[{"href":"https:\/\/lamaktaba.fr\/index.php\/wp-json\/wp\/v2\/media?parent=47830"}],"wp:term":[{"taxonomy":"product_brand","embeddable":true,"href":"https:\/\/lamaktaba.fr\/index.php\/wp-json\/wp\/v2\/product_brand?post=47830"},{"taxonomy":"product_cat","embeddable":true,"href":"https:\/\/lamaktaba.fr\/index.php\/wp-json\/wp\/v2\/product_cat?post=47830"},{"taxonomy":"product_tag","embeddable":true,"href":"https:\/\/lamaktaba.fr\/index.php\/wp-json\/wp\/v2\/product_tag?post=47830"}],"curies":[{"name":"wp","href":"https:\/\/api.w.org\/{rel}","templated":true}]}}