{"id":47623,"date":"2022-01-24T20:52:19","date_gmt":"2022-01-24T19:52:19","guid":{"rendered":"https:\/\/lamaktaba.fr\/index.php\/produit\/les-intrigues-du-diable-dapres-ibn-qayyim-al-jawziyya-1292-1350-traduction-dr-nabil-aliouane\/"},"modified":"2025-04-01T12:44:36","modified_gmt":"2025-04-01T10:44:36","slug":"les-intrigues-du-diable-dapres-ibn-qayyim-al-jawziyya-1292-1350-traduction-dr-nabil-aliouane","status":"publish","type":"product","link":"https:\/\/lamaktaba.fr\/index.php\/produit\/les-intrigues-du-diable-dapres-ibn-qayyim-al-jawziyya-1292-1350-traduction-dr-nabil-aliouane","title":{"rendered":"Les Intrigues du Diable d&rsquo;apr\u00e8s Ibn Qayyim al-Jawziyya (1292-1350), traduction Dr Nabil Aliouane"},"content":{"rendered":"<p>Les Intrigues du Diable;Ibn Al-Qayyim;Depuis qu&rsquo;Allah (SE) lui a accord\u00e9 un d\u00e9lai jusqu&rsquo;au Jour de la R\u00e9surrection, le Diable a pos\u00e9 ses filets afin de pi\u00e9ger tous les fils d&rsquo;Adam. De nombreux versets et hadiths mettent en garde contre ce danger et exposent les maux et torts qu&rsquo;il peut causer. Ainsi, les savants et imams de cette communaut\u00e9 n&rsquo;ont eu de cesse de d\u00e9voiler au grand jour ses stratag\u00e8mes et de mettre en garde contre ses \u00e9garements.;L&rsquo;ouvrage que le lecteur tient dans ses mains est de cet acabit. Un livre rare en son genre dans lequel les intrigues et stratag\u00e8mes mis en place par Satan pour \u00e9garer les hommes sont minutieusement \u00e9tudi\u00e9s, diss\u00e9qu\u00e9s et expos\u00e9s. Une recherche, approfondie pr\u00e9c\u00e9d\u00e9e par une pr\u00e9sentation excellente des diff\u00e9rents maux qui frappent le c\u0153ur et des rem\u00e8des appropri\u00e9s.;Ibn Al-Qayyim (9), le \u00ab m\u00e9decin du c\u0153ur \u00bb fut un des pr\u00e9curseurs de ce qu&rsquo;on nomme aujourd&rsquo;hui la psychologie. Il y consacra de nombreux ouvrages, toujours avec son style unique, en s&rsquo;appuyant sur les textes du Coran et de la Sunna, ainsi que les r\u00e9cits des pieux pr\u00e9d\u00e9cesseurs. Ce faisant, il aide les gens \u00e0 amender leur croyance et leur comportement, \u00e0 purifier leurs \u00e2mes, et \u00e0 se diriger vers la voie, droite. Cet ouvrage compte parmi les meilleurs dans ce domaine, et parmi les \u00e9crits les plus importants d&rsquo;Ibn Al-Qayyim (&#8230; Les savants en ont fait les \u00e9loges, l&rsquo;ont propag\u00e9 et ont encourag\u00e9 \u00e0 le lire et l&rsquo;\u00e9tudier, si bien qu&rsquo;il est devenu la r\u00e9f\u00e9rence en la mati\u00e8re.<\/p>\n","protected":false},"excerpt":{"rendered":"<p>Les Intrigues du Diable;Ibn Al-Qayyim;Depuis qu&rsquo;Allah (SE) lui a accord\u00e9 un d\u00e9lai jusqu&rsquo;au Jour de la R\u00e9surrection, le Diable a pos\u00e9 ses filets afin de pi\u00e9ger tous les fils d&rsquo;Adam. De nombreux versets et hadiths mettent en garde contre ce danger et exposent les maux et torts qu&rsquo;il peut causer. Ainsi, les savants et imams [&hellip;]<\/p>\n","protected":false},"featured_media":47624,"comment_status":"open","ping_status":"closed","template":"","meta":[],"product_brand":[],"product_cat":[15],"product_tag":[],"class_list":{"0":"post-47623","1":"product","2":"type-product","3":"status-publish","4":"has-post-thumbnail","6":"product_cat-non-classe","7":"pa_annee-909","8":"pa_auteur-ibn-qayyim-al-jawziyya","9":"pa_editeur-tawba","10":"pa_langue-francais","11":"pa_nombre-de-pages-1214","12":"pa_reliure-rigide","14":"first","15":"instock","16":"shipping-taxable","17":"purchasable","18":"product-type-simple"},"_links":{"self":[{"href":"https:\/\/lamaktaba.fr\/index.php\/wp-json\/wp\/v2\/product\/47623","targetHints":{"allow":["GET"]}}],"collection":[{"href":"https:\/\/lamaktaba.fr\/index.php\/wp-json\/wp\/v2\/product"}],"about":[{"href":"https:\/\/lamaktaba.fr\/index.php\/wp-json\/wp\/v2\/types\/product"}],"replies":[{"embeddable":true,"href":"https:\/\/lamaktaba.fr\/index.php\/wp-json\/wp\/v2\/comments?post=47623"}],"wp:featuredmedia":[{"embeddable":true,"href":"https:\/\/lamaktaba.fr\/index.php\/wp-json\/wp\/v2\/media\/47624"}],"wp:attachment":[{"href":"https:\/\/lamaktaba.fr\/index.php\/wp-json\/wp\/v2\/media?parent=47623"}],"wp:term":[{"taxonomy":"product_brand","embeddable":true,"href":"https:\/\/lamaktaba.fr\/index.php\/wp-json\/wp\/v2\/product_brand?post=47623"},{"taxonomy":"product_cat","embeddable":true,"href":"https:\/\/lamaktaba.fr\/index.php\/wp-json\/wp\/v2\/product_cat?post=47623"},{"taxonomy":"product_tag","embeddable":true,"href":"https:\/\/lamaktaba.fr\/index.php\/wp-json\/wp\/v2\/product_tag?post=47623"}],"curies":[{"name":"wp","href":"https:\/\/api.w.org\/{rel}","templated":true}]}}