{"id":47618,"date":"2022-01-24T20:52:00","date_gmt":"2022-01-24T19:52:00","guid":{"rendered":"https:\/\/lamaktaba.fr\/index.php\/produit\/lhistoire-du-meilleur-des-hommes-le-prophete-muhammad-tome-1-de-sa-naissance-a-son-mariage-avec-khadija-collection-sira\/"},"modified":"2025-04-01T12:46:09","modified_gmt":"2025-04-01T10:46:09","slug":"lhistoire-du-meilleur-des-hommes-le-prophete-muhammad-tome-1-de-sa-naissance-a-son-mariage-avec-khadija-collection-sira","status":"publish","type":"product","link":"https:\/\/lamaktaba.fr\/index.php\/produit\/lhistoire-du-meilleur-des-hommes-le-prophete-muhammad-tome-1-de-sa-naissance-a-son-mariage-avec-khadija-collection-sira","title":{"rendered":"L&rsquo;Histoire du Meilleur des Hommes: le Proph\u00e8te Muhammad (Tome 1: De sa naissance \u00e0 son mariage avec Khadija), Collection Sira"},"content":{"rendered":"<p>Collection Sira;L\u2019Histoire Du Meilleur Des Hommes: Le Proph\u00e8te Mohammad \ufdfa;Tome 1: De sa naissance \u00e0 son mariage avec Khadija (qu&rsquo;Allah l&rsquo;agr\u00e9e);Les \u00e9ditions Al Qamar vous proposent une version de la Sira unique en son genre. Cette \u00e9dition familiale, tout en dialogues, permettra \u00e0 toute la famille d\u2019\u00eatre impliqu\u00e9e au m\u00eame moment, au m\u00eame endroit, dans l\u2019apprentissage de la biographie de celui qui a \u00e9t\u00e9 envoy\u00e9 comme mis\u00e9ricorde pour l\u2019humanit\u00e9. De sa naissance, \u00e0 son enfance, en passant par la perte de Ses proches, ce tome 1 vous enchantera par ses faits de sagesse, de paix et ses magnifiques illustrations. Et comme tous les livres des \u00e9ditions Al Qamar, vous y retrouverez des exercices, des \u00e9valuations et des enseignements \u00e0 tirer.<\/p>\n","protected":false},"excerpt":{"rendered":"<p>Collection Sira;L\u2019Histoire Du Meilleur Des Hommes: Le Proph\u00e8te Mohammad \ufdfa;Tome 1: De sa naissance \u00e0 son mariage avec Khadija (qu&rsquo;Allah l&rsquo;agr\u00e9e);Les \u00e9ditions Al Qamar vous proposent une version de la Sira unique en son genre. Cette \u00e9dition familiale, tout en dialogues, permettra \u00e0 toute la famille d\u2019\u00eatre impliqu\u00e9e au m\u00eame moment, au m\u00eame endroit, dans [&hellip;]<\/p>\n","protected":false},"featured_media":0,"comment_status":"open","ping_status":"closed","template":"","meta":[],"product_brand":[],"product_cat":[1895,1897],"product_tag":[],"class_list":{"0":"post-47618","1":"product","2":"type-product","3":"status-publish","5":"product_cat-les-prophetes","6":"product_cat-vie-du-prophete-saw","7":"pa_annee-909","8":"pa_auteur-sous-la-direction-du-professeur-chadhouli-said","9":"pa_editeur-editions-al-qamar","10":"pa_format-215-x-215-cm","11":"pa_langue-francais","12":"pa_nombre-de-pages-534","13":"pa_reliure-rigide","15":"first","16":"instock","17":"shipping-taxable","18":"purchasable","19":"product-type-simple"},"_links":{"self":[{"href":"https:\/\/lamaktaba.fr\/index.php\/wp-json\/wp\/v2\/product\/47618","targetHints":{"allow":["GET"]}}],"collection":[{"href":"https:\/\/lamaktaba.fr\/index.php\/wp-json\/wp\/v2\/product"}],"about":[{"href":"https:\/\/lamaktaba.fr\/index.php\/wp-json\/wp\/v2\/types\/product"}],"replies":[{"embeddable":true,"href":"https:\/\/lamaktaba.fr\/index.php\/wp-json\/wp\/v2\/comments?post=47618"}],"wp:attachment":[{"href":"https:\/\/lamaktaba.fr\/index.php\/wp-json\/wp\/v2\/media?parent=47618"}],"wp:term":[{"taxonomy":"product_brand","embeddable":true,"href":"https:\/\/lamaktaba.fr\/index.php\/wp-json\/wp\/v2\/product_brand?post=47618"},{"taxonomy":"product_cat","embeddable":true,"href":"https:\/\/lamaktaba.fr\/index.php\/wp-json\/wp\/v2\/product_cat?post=47618"},{"taxonomy":"product_tag","embeddable":true,"href":"https:\/\/lamaktaba.fr\/index.php\/wp-json\/wp\/v2\/product_tag?post=47618"}],"curies":[{"name":"wp","href":"https:\/\/api.w.org\/{rel}","templated":true}]}}