{"id":47609,"date":"2022-01-24T20:51:34","date_gmt":"2022-01-24T19:51:34","guid":{"rendered":"https:\/\/lamaktaba.fr\/index.php\/produit\/les-plus-belles-histoires-des-prophetes-dapres-le-coran-et-les-hadiths-enrichi-de-comparaisons-avec-les-textes-bibliques\/"},"modified":"2025-04-01T12:46:28","modified_gmt":"2025-04-01T10:46:28","slug":"les-plus-belles-histoires-des-prophetes-dapres-le-coran-et-les-hadiths-enrichi-de-comparaisons-avec-les-textes-bibliques","status":"publish","type":"product","link":"https:\/\/lamaktaba.fr\/index.php\/produit\/les-plus-belles-histoires-des-prophetes-dapres-le-coran-et-les-hadiths-enrichi-de-comparaisons-avec-les-textes-bibliques","title":{"rendered":"Les plus belles Histoires des Proph\u00e8tes D&rsquo;apr\u00e9s le Coran et les hadiths (Enrichi de comparaisons avec les textes bibliques)"},"content":{"rendered":"<p>Les plus belles Histoires des Proph\u00e8tes;Les plus belles Histoires des Proph\u00e8tes D&rsquo;apr\u00e9s le Coran et les hadiths (enrichi de comparaisons avec les textes bibliques, augment\u00e9 de t\u00e9moignages de grands hommes d&rsquo;Orient et d&rsquo;Occident sur la vie du Proph\u00e8te de l&rsquo;Islam (saw)), par Messaoud Boudjnoun;Dieu a cr\u00e9\u00e9 l&rsquo;Homme et l&rsquo;a r\u00e9gi d\u00e8s sa conception par la fitna (nature primordiale, une sorte de \u00ab\u00a0logiciel spirituel\u00a0\u00bb qui lie l&rsquo;Homme \u00e0 l&rsquo;essentiel de ce qui va d\u00e9terminer son devenir, notamment \u00e0 Dieu Le Cr\u00e9ateur, \u00e0 la v\u00e9rit\u00e9, au bel agir, etc. Avec le temps cette fitna est susceptible d&rsquo; \u1ebftre corrompue par les ennemis de l&rsquo;Homme (c&rsquo; est \u00e0 dire ses propres passions, l\u00e2me charnelle, le bas monde, Satan et ceux qui se sont mis \u00e0 son service parmi les Hommes et les djinns). et cela est valable sur le plan des individus comme des nations.;Dieu dans Son immense bienveillance, a accompagn\u00e9 l&rsquo;humanit\u00e9 depuis son apparition par des Proph\u00e8tes et des Messagers pour ramener les hommes et les femmes \u00e0 leur fitna et au chemin qui les rapproche de Dieu et \u00e0 leur bien-\u00eatre \u00e9ternel.;Les proph\u00e8tes sont alors des mod\u00e8les pour l&rsquo;humanit\u00e9.;Dans ce livre l &lsquo;auteur a r\u00e9uni les plus belles de leurs histoires d&rsquo;apr\u00e8s le Coran et les Hadiths. Il a enrichi ces r\u00e9cits islamiques par des comparaisons avec les r\u00e9cits bibliques car il s&rsquo;agit bel et bien des m\u00eames Proph\u00e8tes.;Pour finir, l&rsquo;auteur recueille une centaine de t\u00e9moignages sur le Proph\u00e8te de l&rsquo;islam (saw), venant de grands hommes d&rsquo;Orient et d&rsquo;Occident: Gandhi, Bernard-Chaw, Toslo\u00ee, Lamartine&#8230;<\/p>\n","protected":false},"excerpt":{"rendered":"<p>Les plus belles Histoires des Proph\u00e8tes;Les plus belles Histoires des Proph\u00e8tes D&rsquo;apr\u00e9s le Coran et les hadiths (enrichi de comparaisons avec les textes bibliques, augment\u00e9 de t\u00e9moignages de grands hommes d&rsquo;Orient et d&rsquo;Occident sur la vie du Proph\u00e8te de l&rsquo;Islam (saw)), par Messaoud Boudjnoun;Dieu a cr\u00e9\u00e9 l&rsquo;Homme et l&rsquo;a r\u00e9gi d\u00e8s sa conception par la [&hellip;]<\/p>\n","protected":false},"featured_media":47610,"comment_status":"open","ping_status":"closed","template":"","meta":[],"product_brand":[],"product_cat":[15],"product_tag":[],"class_list":{"0":"post-47609","1":"product","2":"type-product","3":"status-publish","4":"has-post-thumbnail","6":"product_cat-non-classe","7":"pa_annee-369","8":"pa_auteur-messaoud-boudjnoun","9":"pa_editeur-el-bab-editions","10":"pa_format-14-x-21-cm","11":"pa_langue-francais","12":"pa_nombre-de-pages-1743","13":"pa_reliure-souple","15":"first","16":"instock","17":"shipping-taxable","18":"purchasable","19":"product-type-simple"},"_links":{"self":[{"href":"https:\/\/lamaktaba.fr\/index.php\/wp-json\/wp\/v2\/product\/47609","targetHints":{"allow":["GET"]}}],"collection":[{"href":"https:\/\/lamaktaba.fr\/index.php\/wp-json\/wp\/v2\/product"}],"about":[{"href":"https:\/\/lamaktaba.fr\/index.php\/wp-json\/wp\/v2\/types\/product"}],"replies":[{"embeddable":true,"href":"https:\/\/lamaktaba.fr\/index.php\/wp-json\/wp\/v2\/comments?post=47609"}],"wp:featuredmedia":[{"embeddable":true,"href":"https:\/\/lamaktaba.fr\/index.php\/wp-json\/wp\/v2\/media\/47610"}],"wp:attachment":[{"href":"https:\/\/lamaktaba.fr\/index.php\/wp-json\/wp\/v2\/media?parent=47609"}],"wp:term":[{"taxonomy":"product_brand","embeddable":true,"href":"https:\/\/lamaktaba.fr\/index.php\/wp-json\/wp\/v2\/product_brand?post=47609"},{"taxonomy":"product_cat","embeddable":true,"href":"https:\/\/lamaktaba.fr\/index.php\/wp-json\/wp\/v2\/product_cat?post=47609"},{"taxonomy":"product_tag","embeddable":true,"href":"https:\/\/lamaktaba.fr\/index.php\/wp-json\/wp\/v2\/product_tag?post=47609"}],"curies":[{"name":"wp","href":"https:\/\/api.w.org\/{rel}","templated":true}]}}