{"id":47601,"date":"2022-01-24T20:51:16","date_gmt":"2022-01-24T19:51:16","guid":{"rendered":"https:\/\/lamaktaba.fr\/index.php\/produit\/les-grandes-figures-dans-lhistoire-de-lislam-de-dr-mustapha-essibai\/"},"modified":"2025-04-01T12:46:35","modified_gmt":"2025-04-01T10:46:35","slug":"les-grandes-figures-dans-lhistoire-de-lislam-de-dr-mustapha-essibai","status":"publish","type":"product","link":"https:\/\/lamaktaba.fr\/index.php\/produit\/les-grandes-figures-dans-lhistoire-de-lislam-de-dr-mustapha-essibai","title":{"rendered":"Les grandes figures dans l&rsquo;histoire de l&rsquo;Islam, de Dr Mustapha Essibai"},"content":{"rendered":"<p>Les grandes figures dans l&rsquo;histoire de l&rsquo;Islam;Les grandes figures dans l&rsquo;histoire de l&rsquo;Islam, de Dr Mustapha Essib\u00e2&rsquo;\u00ee;Dans ce livre, vous trouverez un expos\u00e9 de mod\u00e8les des grands personnages de l&rsquo;histoire musulmane pour lesquels le Proph\u00e8te (saw) a veill\u00e9 \u00e0 leur \u00e9ducation de son vivant devenant ainsi la meilleure g\u00e9n\u00e9ration qui ait \u00e9t\u00e9 enfant\u00e9e par les messages en termes de morale, de perfection et de grandeur.;Ils ont \u00e9t\u00e9 \u00e9duqu\u00e9s par le Messager d&rsquo;Allah (saw) apr\u00e9s sa mort-avec son esprit et sa Chari&rsquo;a, ils devinrent ces phares lumineux de la bonne direction \u00e0 chaque \u00e9poque, le rep\u00e8re des peubles \u00e0 chaque g\u00e9n\u00e9ration, les guides des gens \u00e0 tout ce qui est b\u00e9n\u00e9fique \u00e0 leurs affaires, que ce soit dans leurs aspects spirituels, aussi bien que materiels et que pour d&rsquo;autres aspects inh\u00e9rents \u00e0 la science, la sagesse, l&rsquo;\u00e9ducation, la vertu, la lutte, l&rsquo;influence et le sacrifice.;Que les pri\u00e8res et saluts d&rsquo;Allah soient sur notre sublime Proph\u00e8te. Que la Mis\u00e9ricorde et l&rsquo;Agr\u00e9ment d&rsquo;Allah soient sur nos \u00e9ternels grands personnages.;Marque IBNHAZM Editions R\u00e9f\u00e9rence 9789959857996;Fiche technique AUTEUR: &#8211; Dr Mustapha Essib\u00e2&rsquo;\u00ee LANGUE: -.Fran\u00e7ais ANNEE: &#8211; 2019 SUPPORT: &#8211; Livre THEME: &#8211; Civilisation de l&rsquo;Islam \u00c9DITIONS: &#8211; \u00c9ditions Ibn Hazm Condition: &#8211; Neuf Nombre de Pages: &#8211; 304 FORMAT (CM): 15 x 22 cm Poids (kg): &#8211; 490 g RELIURE: &#8211; Rigide TAILLE Nacer-Eddine Boumazouza EAN13: &#8211; 9789959857996;R\u00e9f\u00e9rences sp\u00e9cifiques Donnez votre avis;Aucun commentaire pour le moment<\/p>\n","protected":false},"excerpt":{"rendered":"<p>Les grandes figures dans l&rsquo;histoire de l&rsquo;Islam;Les grandes figures dans l&rsquo;histoire de l&rsquo;Islam, de Dr Mustapha Essib\u00e2&rsquo;\u00ee;Dans ce livre, vous trouverez un expos\u00e9 de mod\u00e8les des grands personnages de l&rsquo;histoire musulmane pour lesquels le Proph\u00e8te (saw) a veill\u00e9 \u00e0 leur \u00e9ducation de son vivant devenant ainsi la meilleure g\u00e9n\u00e9ration qui ait \u00e9t\u00e9 enfant\u00e9e par les [&hellip;]<\/p>\n","protected":false},"featured_media":47602,"comment_status":"open","ping_status":"closed","template":"","meta":[],"product_brand":[],"product_cat":[1945,1946],"product_tag":[],"class_list":{"0":"post-47601","1":"product","2":"type-product","3":"status-publish","4":"has-post-thumbnail","6":"product_cat-biographies","7":"product_cat-histoire-et-civilisations","8":"pa_annee-481","9":"pa_auteur-dr-mustapha-essibai-2","10":"pa_editeur-editions-ibn-hazm","11":"pa_format-15-x-22-cm","12":"pa_langue-francais","13":"pa_nombre-de-pages-1566","14":"pa_reliure-rigide","16":"first","17":"outofstock","18":"shipping-taxable","19":"purchasable","20":"product-type-simple"},"_links":{"self":[{"href":"https:\/\/lamaktaba.fr\/index.php\/wp-json\/wp\/v2\/product\/47601","targetHints":{"allow":["GET"]}}],"collection":[{"href":"https:\/\/lamaktaba.fr\/index.php\/wp-json\/wp\/v2\/product"}],"about":[{"href":"https:\/\/lamaktaba.fr\/index.php\/wp-json\/wp\/v2\/types\/product"}],"replies":[{"embeddable":true,"href":"https:\/\/lamaktaba.fr\/index.php\/wp-json\/wp\/v2\/comments?post=47601"}],"wp:featuredmedia":[{"embeddable":true,"href":"https:\/\/lamaktaba.fr\/index.php\/wp-json\/wp\/v2\/media\/47602"}],"wp:attachment":[{"href":"https:\/\/lamaktaba.fr\/index.php\/wp-json\/wp\/v2\/media?parent=47601"}],"wp:term":[{"taxonomy":"product_brand","embeddable":true,"href":"https:\/\/lamaktaba.fr\/index.php\/wp-json\/wp\/v2\/product_brand?post=47601"},{"taxonomy":"product_cat","embeddable":true,"href":"https:\/\/lamaktaba.fr\/index.php\/wp-json\/wp\/v2\/product_cat?post=47601"},{"taxonomy":"product_tag","embeddable":true,"href":"https:\/\/lamaktaba.fr\/index.php\/wp-json\/wp\/v2\/product_tag?post=47601"}],"curies":[{"name":"wp","href":"https:\/\/api.w.org\/{rel}","templated":true}]}}