{"id":47582,"date":"2022-01-24T20:50:41","date_gmt":"2022-01-24T19:50:41","guid":{"rendered":"https:\/\/lamaktaba.fr\/index.php\/produit\/femmes-savantes-de-lislam-de-jihene-aissaoui-rajhi\/"},"modified":"2025-04-01T12:47:38","modified_gmt":"2025-04-01T10:47:38","slug":"femmes-savantes-de-lislam-de-jihene-aissaoui-rajhi","status":"publish","type":"product","link":"https:\/\/lamaktaba.fr\/index.php\/produit\/femmes-savantes-de-lislam-de-jihene-aissaoui-rajhi","title":{"rendered":"Femmes Savantes de l&rsquo;Islam, de Jihene Aissaoui Rajhi"},"content":{"rendered":"<p>Femmes Savantes de l&rsquo;Islam, de Jihenne Aissaoui Rajhi;Que f\u00fbt le r\u00f4le des femmes musulmanes dans la transmission des savoirs par le pass\u00e9? Ont-elles joui de la reconnaissance de la communaut\u00e9 intellectuelle de leur \u00e9poque? Quelle fut l&rsquo;ampleur de leur renomm\u00e9e? Comment leur implication a-t-elle \u00e9t\u00e9 accueillie par leurs pairs masculins? Peut-on v\u00e9ritablement parler de \u00ab\u00a0Femmes Savantes\u00a0\u00bb?;C&rsquo;est \u00e0 ces questions que cet ouvrage s&rsquo;efforce d&rsquo;apporter des \u00e9l\u00e9ments de r\u00e9ponse, tout en faisant la lumi\u00e8re sur ces femmes \u00e9rudites m\u00e9connues. Il r\u00e9pond \u00e0 trois objectifs: Honorer ces femmes oubli\u00e9es par l&rsquo;Histoire, informer le lecteur sur un ph\u00e9nom\u00e8ne sous-estim\u00e9, et inspirer les femmes du monde afin que leur identit\u00e9 ne soit pas un frein mais une impulsion et une motivation dans leur volont\u00e9 de marquer leur \u00e9poque.;R\u00e9f\u00e9rence 9782356335746;Fiche technique AUTEUR: &#8211; Jihene Aissaoui Rajhi LANGUE: -.Fran\u00e7ais SUPPORT: &#8211; Livre THEME: &#8211; Femmes d&rsquo;islam, Femmes Savantes \u00c9DITIONS: &#8211; Sana Condition: &#8211; Neuf RELIURE: &#8211; Souple EAN13: &#8211; 9782356335746;R\u00e9f\u00e9rences sp\u00e9cifiques Donnez votre avis;Aucun commentaire pour le moment<\/p>\n","protected":false},"excerpt":{"rendered":"<p>Femmes Savantes de l&rsquo;Islam, de Jihenne Aissaoui Rajhi;Que f\u00fbt le r\u00f4le des femmes musulmanes dans la transmission des savoirs par le pass\u00e9? Ont-elles joui de la reconnaissance de la communaut\u00e9 intellectuelle de leur \u00e9poque? Quelle fut l&rsquo;ampleur de leur renomm\u00e9e? Comment leur implication a-t-elle \u00e9t\u00e9 accueillie par leurs pairs masculins? Peut-on v\u00e9ritablement parler de \u00ab\u00a0Femmes [&hellip;]<\/p>\n","protected":false},"featured_media":47583,"comment_status":"open","ping_status":"closed","template":"","meta":[],"product_brand":[],"product_cat":[15],"product_tag":[],"class_list":{"0":"post-47582","1":"product","2":"type-product","3":"status-publish","4":"has-post-thumbnail","6":"product_cat-non-classe","7":"pa_auteur-jihene-aissaoui-rajhi","8":"pa_editeur-sana","9":"pa_langue-francais","10":"pa_reliure-souple","12":"first","13":"outofstock","14":"shipping-taxable","15":"purchasable","16":"product-type-simple"},"_links":{"self":[{"href":"https:\/\/lamaktaba.fr\/index.php\/wp-json\/wp\/v2\/product\/47582","targetHints":{"allow":["GET"]}}],"collection":[{"href":"https:\/\/lamaktaba.fr\/index.php\/wp-json\/wp\/v2\/product"}],"about":[{"href":"https:\/\/lamaktaba.fr\/index.php\/wp-json\/wp\/v2\/types\/product"}],"replies":[{"embeddable":true,"href":"https:\/\/lamaktaba.fr\/index.php\/wp-json\/wp\/v2\/comments?post=47582"}],"wp:featuredmedia":[{"embeddable":true,"href":"https:\/\/lamaktaba.fr\/index.php\/wp-json\/wp\/v2\/media\/47583"}],"wp:attachment":[{"href":"https:\/\/lamaktaba.fr\/index.php\/wp-json\/wp\/v2\/media?parent=47582"}],"wp:term":[{"taxonomy":"product_brand","embeddable":true,"href":"https:\/\/lamaktaba.fr\/index.php\/wp-json\/wp\/v2\/product_brand?post=47582"},{"taxonomy":"product_cat","embeddable":true,"href":"https:\/\/lamaktaba.fr\/index.php\/wp-json\/wp\/v2\/product_cat?post=47582"},{"taxonomy":"product_tag","embeddable":true,"href":"https:\/\/lamaktaba.fr\/index.php\/wp-json\/wp\/v2\/product_tag?post=47582"}],"curies":[{"name":"wp","href":"https:\/\/api.w.org\/{rel}","templated":true}]}}