{"id":47526,"date":"2022-01-24T20:48:24","date_gmt":"2022-01-24T19:48:24","guid":{"rendered":"https:\/\/lamaktaba.fr\/index.php\/produit\/le-mariage-mixte\/"},"modified":"2025-04-01T12:45:06","modified_gmt":"2025-04-01T10:45:06","slug":"le-mariage-mixte","status":"publish","type":"product","link":"https:\/\/lamaktaba.fr\/index.php\/produit\/le-mariage-mixte","title":{"rendered":"Le mariage mixte"},"content":{"rendered":"<p>Titre: Le mariage mixte;Auteur: Omar Assif;Edition: ENNOUR;Support: Livre;Theme: Biblioth\u00e8que de la famille;Description: Le mariage mixte est une alliance entre deux individus de religions diff\u00e9rentes et plus pr\u00e9cisement entre un musulman et une chr\u00e9tienne ou une juive. La majorit\u00e9 des juristes musulmans d&rsquo;hier et d&rsquo;aujourd&rsquo;hui autorise le mariage mixte, mais avec beaucoup de r\u00e9serve. Quel avenir pour ce mariage devenu presque un ph\u00e9nom\u00e8ne social?<\/p>\n","protected":false},"excerpt":{"rendered":"<p>Titre: Le mariage mixte;Auteur: Omar Assif;Edition: ENNOUR;Support: Livre;Theme: Biblioth\u00e8que de la famille;Description: Le mariage mixte est une alliance entre deux individus de religions diff\u00e9rentes et plus pr\u00e9cisement entre un musulman et une chr\u00e9tienne ou une juive. La majorit\u00e9 des juristes musulmans d&rsquo;hier et d&rsquo;aujourd&rsquo;hui autorise le mariage mixte, mais avec beaucoup de r\u00e9serve. Quel avenir [&hellip;]<\/p>\n","protected":false},"featured_media":47527,"comment_status":"open","ping_status":"closed","template":"","meta":[],"product_brand":[],"product_cat":[1920],"product_tag":[],"class_list":{"0":"post-47526","1":"product","2":"type-product","3":"status-publish","4":"has-post-thumbnail","6":"product_cat-mariage-et-famille","8":"first","9":"instock","10":"shipping-taxable","11":"purchasable","12":"product-type-simple"},"_links":{"self":[{"href":"https:\/\/lamaktaba.fr\/index.php\/wp-json\/wp\/v2\/product\/47526","targetHints":{"allow":["GET"]}}],"collection":[{"href":"https:\/\/lamaktaba.fr\/index.php\/wp-json\/wp\/v2\/product"}],"about":[{"href":"https:\/\/lamaktaba.fr\/index.php\/wp-json\/wp\/v2\/types\/product"}],"replies":[{"embeddable":true,"href":"https:\/\/lamaktaba.fr\/index.php\/wp-json\/wp\/v2\/comments?post=47526"}],"wp:featuredmedia":[{"embeddable":true,"href":"https:\/\/lamaktaba.fr\/index.php\/wp-json\/wp\/v2\/media\/47527"}],"wp:attachment":[{"href":"https:\/\/lamaktaba.fr\/index.php\/wp-json\/wp\/v2\/media?parent=47526"}],"wp:term":[{"taxonomy":"product_brand","embeddable":true,"href":"https:\/\/lamaktaba.fr\/index.php\/wp-json\/wp\/v2\/product_brand?post=47526"},{"taxonomy":"product_cat","embeddable":true,"href":"https:\/\/lamaktaba.fr\/index.php\/wp-json\/wp\/v2\/product_cat?post=47526"},{"taxonomy":"product_tag","embeddable":true,"href":"https:\/\/lamaktaba.fr\/index.php\/wp-json\/wp\/v2\/product_tag?post=47526"}],"curies":[{"name":"wp","href":"https:\/\/api.w.org\/{rel}","templated":true}]}}