{"id":45511,"date":"2021-11-07T15:28:18","date_gmt":"2021-11-07T14:28:18","guid":{"rendered":"https:\/\/lamaktaba.fr\/?post_type=product&#038;p=45511"},"modified":"2025-05-24T13:47:19","modified_gmt":"2025-05-24T11:47:19","slug":"coffret-cadeau-bleu-azur-tapis-coran-bleu-citadelle-chapelet","status":"publish","type":"product","link":"https:\/\/lamaktaba.fr\/index.php\/produit\/coffret-cadeau-bleu-azur-tapis-coran-bleu-citadelle-chapelet","title":{"rendered":"Coffret cadeau bleu \u201cAzur\u201d \u2013 Tapis, Coran bleu, Citadelle, Chapelet"},"content":{"rendered":"<p class=\"product_title entry-title\" data-sanitized-data-mce-fragment=\"1\"><span data-sanitized-data-mce-fragment=\"1\"><span style=\"vertical-align: inherit\"><span style=\"vertical-align: inherit\">Voici une super id\u00e9e de pack cadeaux. Un coffret cadeau masculin et feminin qui ne passera pas inaper\u00e7u et r\u00e9jouira certainement la personne qui le recevra.<\/span><\/span><\/span><\/p>\n<h1 class=\"product_title entry-title\" data-sanitized-data-mce-fragment=\"1\"><span data-sanitized-data-mce-fragment=\"1\"><span style=\"vertical-align: inherit\"><span style=\"vertical-align: inherit\">Le Coffret AZUR est compos\u00e9e :<\/span><\/span><\/span><\/h1>\n<ul data-sanitized-data-mce-fragment=\"1\">\n<li data-sanitized-data-mce-fragment=\"1\"><span data-sanitized-data-mce-fragment=\"1\"><span style=\"vertical-align: inherit\"><span style=\"vertical-align: inherit\">Un Coran Bleu.<\/span><\/span><\/span><\/li>\n<li data-sanitized-data-mce-fragment=\"1\"><span data-sanitized-data-mce-fragment=\"1\"><span style=\"vertical-align: inherit\"><span style=\"vertical-align: inherit\">Un Chapelet premium (variable)<\/span><\/span><\/span><\/li>\n<li data-sanitized-data-mce-fragment=\"1\"><span data-sanitized-data-mce-fragment=\"1\"><span style=\"vertical-align: inherit\"><span style=\"vertical-align: inherit\">Un tapis souple personnalisable<\/span><\/span><\/span><\/li>\n<li data-sanitized-data-mce-fragment=\"1\"><span data-sanitized-data-mce-fragment=\"1\"><span style=\"vertical-align: inherit\"><span style=\"vertical-align: inherit\">Une Citadelle du Musulman bleu<\/span><\/span><\/span><\/li>\n<\/ul>\n","protected":false},"excerpt":{"rendered":"<p>Voici une super id\u00e9e de pack cadeaux. Un coffret cadeau masculin et feminin qui ne passera pas inaper\u00e7u et r\u00e9jouira certainement la personne qui le recevra. Le Coffret AZUR est compos\u00e9e : Un Coran Bleu. Un Chapelet premium (variable) Un tapis souple personnalisable Une Citadelle du Musulman bleu<\/p>\n","protected":false},"featured_media":45633,"comment_status":"open","ping_status":"closed","template":"","meta":[],"product_brand":[],"product_cat":[1518,1522,1521],"product_tag":[],"class_list":{"0":"post-45511","1":"product","2":"type-product","3":"status-publish","4":"has-post-thumbnail","6":"product_cat-coffrets-cadeaux","7":"product_cat-coffrets-cadeaux-femmes","8":"product_cat-coffrets-cadeaux-hommes","10":"first","11":"instock","12":"shipping-taxable","13":"purchasable","14":"product-type-simple"},"_links":{"self":[{"href":"https:\/\/lamaktaba.fr\/index.php\/wp-json\/wp\/v2\/product\/45511","targetHints":{"allow":["GET"]}}],"collection":[{"href":"https:\/\/lamaktaba.fr\/index.php\/wp-json\/wp\/v2\/product"}],"about":[{"href":"https:\/\/lamaktaba.fr\/index.php\/wp-json\/wp\/v2\/types\/product"}],"replies":[{"embeddable":true,"href":"https:\/\/lamaktaba.fr\/index.php\/wp-json\/wp\/v2\/comments?post=45511"}],"wp:featuredmedia":[{"embeddable":true,"href":"https:\/\/lamaktaba.fr\/index.php\/wp-json\/wp\/v2\/media\/45633"}],"wp:attachment":[{"href":"https:\/\/lamaktaba.fr\/index.php\/wp-json\/wp\/v2\/media?parent=45511"}],"wp:term":[{"taxonomy":"product_brand","embeddable":true,"href":"https:\/\/lamaktaba.fr\/index.php\/wp-json\/wp\/v2\/product_brand?post=45511"},{"taxonomy":"product_cat","embeddable":true,"href":"https:\/\/lamaktaba.fr\/index.php\/wp-json\/wp\/v2\/product_cat?post=45511"},{"taxonomy":"product_tag","embeddable":true,"href":"https:\/\/lamaktaba.fr\/index.php\/wp-json\/wp\/v2\/product_tag?post=45511"}],"curies":[{"name":"wp","href":"https:\/\/api.w.org\/{rel}","templated":true}]}}