{"id":45217,"date":"2021-10-29T21:40:19","date_gmt":"2021-10-29T19:40:19","guid":{"rendered":"https:\/\/lamaktaba.fr\/?post_type=product&#038;p=45217"},"modified":"2025-04-01T12:44:19","modified_gmt":"2025-04-01T10:44:19","slug":"coffret-cadeaux-vert-ikhtibar-tapis-livre-ne-sois-pas-triste-chapitre-amma-chapelet","status":"publish","type":"product","link":"https:\/\/lamaktaba.fr\/index.php\/produit\/coffret-cadeaux-vert-ikhtibar-tapis-livre-ne-sois-pas-triste-chapitre-amma-chapelet","title":{"rendered":"Coffret cadeaux vert \u00ab\u00a0Ikhtibar\u00a0\u00bb &#8211; Tapis, Livre \u00ab\u00a0Ne sois pas triste\u00a0\u00bb, Chapitre Amma, chapelet"},"content":{"rendered":"","protected":false},"excerpt":{"rendered":"<p class=\"product_title entry-title\" data-sanitized-data-mce-fragment=\"1\"><span data-sanitized-data-mce-fragment=\"1\"><span style=\"vertical-align: inherit\" data-sanitized-data-mce-fragment=\"1\" data-sanitized-data-mce-style=\"vertical-align: inherit;\">Voici une super id\u00e9e de pack cadeaux pour homme ou femmes. Ce coffret cadeau color\u00e9 ne passera pas inaper\u00e7u et r\u00e9jouira certainement la personne qui le recevra.<\/span><\/span><\/p>\n<h1 class=\"product_title entry-title\" data-sanitized-data-mce-fragment=\"1\"><span data-sanitized-data-mce-fragment=\"1\"><span style=\"vertical-align: inherit\" data-sanitized-data-mce-fragment=\"1\" data-sanitized-data-mce-style=\"vertical-align: inherit;\">Cette box compl\u00e8te est compos\u00e9e\u00a0:<\/span><\/span><\/h1>\n<ul data-sanitized-data-mce-fragment=\"1\">\n<li data-sanitized-data-mce-fragment=\"1\"><span data-sanitized-data-mce-fragment=\"1\"><span style=\"vertical-align: inherit\" data-sanitized-data-mce-fragment=\"1\" data-sanitized-data-mce-style=\"vertical-align: inherit;\">Un livre \u00ab\u00a0Ne sois pas triste\u00a0\u00bb de Aidh El Qarni<\/span><\/span><\/li>\n<li data-sanitized-data-mce-fragment=\"1\"><span data-sanitized-data-mce-fragment=\"1\"><span style=\"vertical-align: inherit\" data-sanitized-data-mce-fragment=\"1\" data-sanitized-data-mce-style=\"vertical-align: inherit;\">Un Chapelet premium<\/span><\/span><\/li>\n<li data-sanitized-data-mce-fragment=\"1\"><span data-sanitized-data-mce-fragment=\"1\"><span style=\"vertical-align: inherit\" data-sanitized-data-mce-fragment=\"1\" data-sanitized-data-mce-style=\"vertical-align: inherit;\">Un tapis de pri\u00e8re personnalisable<\/span><\/span><\/li>\n<li data-sanitized-data-mce-fragment=\"1\"><span data-sanitized-data-mce-fragment=\"1\"><span style=\"vertical-align: inherit\" data-sanitized-data-mce-fragment=\"1\" data-sanitized-data-mce-style=\"vertical-align: inherit;\">Un petit livre \u00ab\u00a0Chapitre &lsquo;Amma\u00a0\u00bb<\/span><\/span><\/li>\n<\/ul>\n","protected":false},"featured_media":45219,"comment_status":"open","ping_status":"closed","template":"","meta":[],"product_brand":[],"product_cat":[1518,1522,1521],"product_tag":[],"class_list":{"0":"post-45217","1":"product","2":"type-product","3":"status-publish","4":"has-post-thumbnail","6":"product_cat-coffrets-cadeaux","7":"product_cat-coffrets-cadeaux-femmes","8":"product_cat-coffrets-cadeaux-hommes","10":"first","11":"instock","12":"shipping-taxable","13":"purchasable","14":"product-type-simple"},"_links":{"self":[{"href":"https:\/\/lamaktaba.fr\/index.php\/wp-json\/wp\/v2\/product\/45217","targetHints":{"allow":["GET"]}}],"collection":[{"href":"https:\/\/lamaktaba.fr\/index.php\/wp-json\/wp\/v2\/product"}],"about":[{"href":"https:\/\/lamaktaba.fr\/index.php\/wp-json\/wp\/v2\/types\/product"}],"replies":[{"embeddable":true,"href":"https:\/\/lamaktaba.fr\/index.php\/wp-json\/wp\/v2\/comments?post=45217"}],"wp:featuredmedia":[{"embeddable":true,"href":"https:\/\/lamaktaba.fr\/index.php\/wp-json\/wp\/v2\/media\/45219"}],"wp:attachment":[{"href":"https:\/\/lamaktaba.fr\/index.php\/wp-json\/wp\/v2\/media?parent=45217"}],"wp:term":[{"taxonomy":"product_brand","embeddable":true,"href":"https:\/\/lamaktaba.fr\/index.php\/wp-json\/wp\/v2\/product_brand?post=45217"},{"taxonomy":"product_cat","embeddable":true,"href":"https:\/\/lamaktaba.fr\/index.php\/wp-json\/wp\/v2\/product_cat?post=45217"},{"taxonomy":"product_tag","embeddable":true,"href":"https:\/\/lamaktaba.fr\/index.php\/wp-json\/wp\/v2\/product_tag?post=45217"}],"curies":[{"name":"wp","href":"https:\/\/api.w.org\/{rel}","templated":true}]}}