{"id":44941,"date":"2021-10-14T13:26:56","date_gmt":"2021-10-14T11:26:56","guid":{"rendered":"https:\/\/lamaktaba.fr\/index.php\/produit\/la-foi-ses-fondements-sa-realite-et-ce-qui-linvalide\/"},"modified":"2025-04-01T12:45:01","modified_gmt":"2025-04-01T10:45:01","slug":"la-foi-ses-fondements-sa-realite-et-ce-qui-linvalide","status":"publish","type":"product","link":"https:\/\/lamaktaba.fr\/index.php\/produit\/la-foi-ses-fondements-sa-realite-et-ce-qui-linvalide","title":{"rendered":"La Foi, ses fondements, sa r\u00e9alit\u00e9 et ce qui l&rsquo;invalide"},"content":{"rendered":"<p>Titre: La Foi, ses fondements, sa r\u00e9alit\u00e9 et ce qui l&rsquo;invalide<br \/>Auteur: Muhammad Na\u2019im Y\u00e2s\u00eene<br \/>Edition: ENNOUR<br \/>Support: Livre<br \/>Theme: Piliers de la FOI<br \/>Description: L\u2019homme en ce monde est mis \u00e0 l\u2019\u00e9preuve: il est libre de se rappeler Dieu et de suivre Sa direction ou de s\u2019en d\u00e9tourner, ainsi se trouve-t-il \u00e0 la crois\u00e9e de deux chemins, celui de la foi et de la voie droite, et celui de l\u2019impi\u00e9t\u00e9 et de l\u2019\u00e9garement.<\/p>\n","protected":false},"excerpt":{"rendered":"<p>Titre: La Foi, ses fondements, sa r\u00e9alit\u00e9 et ce qui l&rsquo;invalideAuteur: Muhammad Na\u2019im Y\u00e2s\u00eeneEdition: ENNOURSupport: LivreTheme: Piliers de la FOIDescription: L\u2019homme en ce monde est mis \u00e0 l\u2019\u00e9preuve: il est libre de se rappeler Dieu et de suivre Sa direction ou de s\u2019en d\u00e9tourner, ainsi se trouve-t-il \u00e0 la crois\u00e9e de deux chemins, celui de [&hellip;]<\/p>\n","protected":false},"featured_media":44942,"comment_status":"open","ping_status":"closed","template":"","meta":[],"product_brand":[],"product_cat":[15],"product_tag":[],"class_list":{"0":"post-44941","1":"product","2":"type-product","3":"status-publish","4":"has-post-thumbnail","6":"product_cat-non-classe","8":"first","9":"outofstock","10":"shipping-taxable","11":"purchasable","12":"product-type-simple"},"_links":{"self":[{"href":"https:\/\/lamaktaba.fr\/index.php\/wp-json\/wp\/v2\/product\/44941","targetHints":{"allow":["GET"]}}],"collection":[{"href":"https:\/\/lamaktaba.fr\/index.php\/wp-json\/wp\/v2\/product"}],"about":[{"href":"https:\/\/lamaktaba.fr\/index.php\/wp-json\/wp\/v2\/types\/product"}],"replies":[{"embeddable":true,"href":"https:\/\/lamaktaba.fr\/index.php\/wp-json\/wp\/v2\/comments?post=44941"}],"wp:featuredmedia":[{"embeddable":true,"href":"https:\/\/lamaktaba.fr\/index.php\/wp-json\/wp\/v2\/media\/44942"}],"wp:attachment":[{"href":"https:\/\/lamaktaba.fr\/index.php\/wp-json\/wp\/v2\/media?parent=44941"}],"wp:term":[{"taxonomy":"product_brand","embeddable":true,"href":"https:\/\/lamaktaba.fr\/index.php\/wp-json\/wp\/v2\/product_brand?post=44941"},{"taxonomy":"product_cat","embeddable":true,"href":"https:\/\/lamaktaba.fr\/index.php\/wp-json\/wp\/v2\/product_cat?post=44941"},{"taxonomy":"product_tag","embeddable":true,"href":"https:\/\/lamaktaba.fr\/index.php\/wp-json\/wp\/v2\/product_tag?post=44941"}],"curies":[{"name":"wp","href":"https:\/\/api.w.org\/{rel}","templated":true}]}}