{"id":44897,"date":"2021-10-14T13:18:29","date_gmt":"2021-10-14T11:18:29","guid":{"rendered":"https:\/\/lamaktaba.fr\/index.php\/produit\/le-califat-de-umar-ibn-al-khattab-le-deuxieme-calife-de-lislam-ibn-kathir\/"},"modified":"2025-04-01T12:44:28","modified_gmt":"2025-04-01T10:44:28","slug":"le-califat-de-umar-ibn-al-khattab-le-deuxieme-calife-de-lislam-ibn-kathir","status":"publish","type":"product","link":"https:\/\/lamaktaba.fr\/index.php\/produit\/le-califat-de-umar-ibn-al-khattab-le-deuxieme-calife-de-lislam-ibn-kathir","title":{"rendered":"Le califat de \u2018Umar ibn al-Khattab &#8211; Le deuxi\u00e8me calife de l\u2019islam &#8211; Ibn Kath\u00eer"},"content":{"rendered":"<p>Lorsqu&rsquo;Abu Bakr As-Siddiq tomba malade, &lsquo;Umar fut d\u00e9sign\u00e9 pour diriger la pri\u00e8re \u00e0 sa place et c&rsquo;est durant sa maladie qu&rsquo;Abu Bakr d\u00e9signa &lsquo;Umar en tant que successeur au poste de calife.<br \/>Il dicta sa d\u00e9cision \u00e0 &lsquo;Uthman ibn &lsquo;Affan qui r\u00e9digea le d\u00e9cret. Ce dernier fut lu aux musulmans qui en accept\u00e8rent la teneur et se soumirent \u00e0 la d\u00e9cision du calife mourant.<br \/>Quand Abu Bakr mourut le lundi &#8211; apr\u00e8s le cr\u00e9puscule, dit-on.Il fut enterr\u00e9 de nuit, huit jours avant la fin du mois de jum\u00e2dah Al-Akhirah de l&rsquo;an 13H,&rsquo;Umar ibn Al-Khattab, Al-Faruq, le commandeur des croyants, pris la rel\u00e8ve de la plus belle des mani\u00e8res. Il fut le premier \u00e0 \u00eatre nomm\u00e9 \u00a0\u00bb Commandeur des croyants \u00ab\u00a0.<\/p>\n","protected":false},"excerpt":{"rendered":"<p>Lorsqu&rsquo;Abu Bakr As-Siddiq tomba malade, &lsquo;Umar fut d\u00e9sign\u00e9 pour diriger la pri\u00e8re \u00e0 sa place et c&rsquo;est durant sa maladie qu&rsquo;Abu Bakr d\u00e9signa &lsquo;Umar en tant que successeur au poste de calife.Il dicta sa d\u00e9cision \u00e0 &lsquo;Uthman ibn &lsquo;Affan qui r\u00e9digea le d\u00e9cret. Ce dernier fut lu aux musulmans qui en accept\u00e8rent la teneur et [&hellip;]<\/p>\n","protected":false},"featured_media":44898,"comment_status":"open","ping_status":"closed","template":"","meta":[],"product_brand":[],"product_cat":[15],"product_tag":[],"class_list":{"0":"post-44897","1":"product","2":"type-product","3":"status-publish","4":"has-post-thumbnail","6":"product_cat-non-classe","7":"pa_auteur-ibn-kathir","8":"pa_editeur-dar-al-muslim","9":"pa_format-15-x-21-cm","10":"pa_langue-francais","11":"pa_nombre-de-pages-771","13":"first","14":"outofstock","15":"shipping-taxable","16":"purchasable","17":"product-type-simple"},"_links":{"self":[{"href":"https:\/\/lamaktaba.fr\/index.php\/wp-json\/wp\/v2\/product\/44897","targetHints":{"allow":["GET"]}}],"collection":[{"href":"https:\/\/lamaktaba.fr\/index.php\/wp-json\/wp\/v2\/product"}],"about":[{"href":"https:\/\/lamaktaba.fr\/index.php\/wp-json\/wp\/v2\/types\/product"}],"replies":[{"embeddable":true,"href":"https:\/\/lamaktaba.fr\/index.php\/wp-json\/wp\/v2\/comments?post=44897"}],"wp:featuredmedia":[{"embeddable":true,"href":"https:\/\/lamaktaba.fr\/index.php\/wp-json\/wp\/v2\/media\/44898"}],"wp:attachment":[{"href":"https:\/\/lamaktaba.fr\/index.php\/wp-json\/wp\/v2\/media?parent=44897"}],"wp:term":[{"taxonomy":"product_brand","embeddable":true,"href":"https:\/\/lamaktaba.fr\/index.php\/wp-json\/wp\/v2\/product_brand?post=44897"},{"taxonomy":"product_cat","embeddable":true,"href":"https:\/\/lamaktaba.fr\/index.php\/wp-json\/wp\/v2\/product_cat?post=44897"},{"taxonomy":"product_tag","embeddable":true,"href":"https:\/\/lamaktaba.fr\/index.php\/wp-json\/wp\/v2\/product_tag?post=44897"}],"curies":[{"name":"wp","href":"https:\/\/api.w.org\/{rel}","templated":true}]}}

Le califat de ‘Umar ibn al-Khattab &#8211; Le deuxième calife de l’islam &#8211; Ibn Kathîr

<p>Lorsqu&rsquo;Abu Bakr As-Siddiq tomba malade, &lsquo;Umar fut désigné pour diriger la prière à sa place et c&rsquo;est durant sa maladie qu&rsquo;Abu Bakr désigna &lsquo;Umar en tant que successeur au poste de calife.<br />Il dicta sa décision à &lsquo;Uthman ibn &lsquo;Affan qui rédigea le décret. Ce dernier fut lu aux musulmans qui en acceptèrent la teneur et se soumirent à la décision du calife mourant.<br />Quand Abu Bakr mourut le lundi &#8211; après le crépuscule, dit-on.Il fut enterré de nuit, huit jours avant la fin du mois de jumâdah Al-Akhirah de l&rsquo;an 13H,&rsquo;Umar ibn Al-Khattab, Al-Faruq, le commandeur des croyants, pris la relève de la plus belle des manières. Il fut le premier à être nommé  » Commandeur des croyants « .</p>

<p>Lorsqu&rsquo;Abu Bakr As-Siddiq tomba malade, &lsquo;Umar fut désigné pour diriger la prière à sa place et c&rsquo;est durant sa maladie qu&rsquo;Abu Bakr désigna &lsquo;Umar en tant que successeur au poste de calife.Il dicta sa décision à &lsquo;Uthman ibn &lsquo;Affan qui rédigea le décret. Ce dernier fut lu aux musulmans qui en acceptèrent la teneur et [&hellip;]</p>
