{"id":44892,"date":"2021-10-14T13:18:25","date_gmt":"2021-10-14T11:18:25","guid":{"rendered":"https:\/\/lamaktaba.fr\/index.php\/produit\/mouslim-quizz-pocket-questions-reponses-sur-la-priere\/"},"modified":"2025-04-01T12:47:36","modified_gmt":"2025-04-01T10:47:36","slug":"mouslim-quizz-pocket-questions-reponses-sur-la-priere","status":"publish","type":"product","link":"https:\/\/lamaktaba.fr\/index.php\/produit\/mouslim-quizz-pocket-questions-reponses-sur-la-priere","title":{"rendered":"Mouslim Quizz Pocket: Questions-R\u00e9ponses sur la Pri\u00e8re"},"content":{"rendered":"<p>Mouslim Quizz Pocket a \u00e9t\u00e9 con\u00e7u pour un apprentissage didactique et ludique. Ce questionnaire \u00e0 choix multiples permet aux grands comme aux petits d\u2019approfondir leurs connaissances religieuses sans ennui ni lourdeur. La pri\u00e8re est le premier devoir sur lequel l\u2019Homme rendra des comptes le jour de la r\u00e9surrection.<br \/>Voici les Objectifs de ce Quizz Pri\u00e8re Volume<br \/>1- Faire m\u00e9moriser: piliers, obligations, conditions et actes annulatifs de la pri\u00e8re, et savoir la rectifier<br \/>2- Apprendre des points surprenants sur la pri\u00e8re qui donnent envie de la parfaire<br \/>3- Am\u00e9liorer son niveau de langue d\u2019arabe avec un Quizz Fran\u00e7ais\/Arabe vocalis\u00e9<br \/>Chaque question a \u00e9t\u00e9 r\u00e9dig\u00e9e avec sa preuve (dalil), tir\u00e9e du Coran et de la Sounnah d\u2019apr\u00e8s des ouvrages de grands Imams et Savant tels: El-Boukhari, Mouslim, El \u2018Outheymine\u2026<\/p>\n","protected":false},"excerpt":{"rendered":"<p>Mouslim Quizz Pocket a \u00e9t\u00e9 con\u00e7u pour un apprentissage didactique et ludique. Ce questionnaire \u00e0 choix multiples permet aux grands comme aux petits d\u2019approfondir leurs connaissances religieuses sans ennui ni lourdeur. La pri\u00e8re est le premier devoir sur lequel l\u2019Homme rendra des comptes le jour de la r\u00e9surrection.Voici les Objectifs de ce Quizz Pri\u00e8re Volume1- [&hellip;]<\/p>\n","protected":false},"featured_media":44893,"comment_status":"open","ping_status":"closed","template":"","meta":[],"product_brand":[],"product_cat":[15],"product_tag":[],"class_list":{"0":"post-44892","1":"product","2":"type-product","3":"status-publish","4":"has-post-thumbnail","6":"product_cat-non-classe","7":"pa_editeur-edition-ikhlass","8":"pa_format-8-x-18-cm","9":"pa_langue-francais-arabe","11":"first","12":"outofstock","13":"shipping-taxable","14":"purchasable","15":"product-type-simple"},"_links":{"self":[{"href":"https:\/\/lamaktaba.fr\/index.php\/wp-json\/wp\/v2\/product\/44892","targetHints":{"allow":["GET"]}}],"collection":[{"href":"https:\/\/lamaktaba.fr\/index.php\/wp-json\/wp\/v2\/product"}],"about":[{"href":"https:\/\/lamaktaba.fr\/index.php\/wp-json\/wp\/v2\/types\/product"}],"replies":[{"embeddable":true,"href":"https:\/\/lamaktaba.fr\/index.php\/wp-json\/wp\/v2\/comments?post=44892"}],"wp:featuredmedia":[{"embeddable":true,"href":"https:\/\/lamaktaba.fr\/index.php\/wp-json\/wp\/v2\/media\/44893"}],"wp:attachment":[{"href":"https:\/\/lamaktaba.fr\/index.php\/wp-json\/wp\/v2\/media?parent=44892"}],"wp:term":[{"taxonomy":"product_brand","embeddable":true,"href":"https:\/\/lamaktaba.fr\/index.php\/wp-json\/wp\/v2\/product_brand?post=44892"},{"taxonomy":"product_cat","embeddable":true,"href":"https:\/\/lamaktaba.fr\/index.php\/wp-json\/wp\/v2\/product_cat?post=44892"},{"taxonomy":"product_tag","embeddable":true,"href":"https:\/\/lamaktaba.fr\/index.php\/wp-json\/wp\/v2\/product_tag?post=44892"}],"curies":[{"name":"wp","href":"https:\/\/api.w.org\/{rel}","templated":true}]}}