{"id":44844,"date":"2021-10-14T12:51:27","date_gmt":"2021-10-14T10:51:27","guid":{"rendered":"https:\/\/lamaktaba.fr\/index.php\/produit\/le-califat-de-abu-bakr-le-premier-calife-de-lislam-ibn-kathir\/"},"modified":"2025-04-01T12:44:03","modified_gmt":"2025-04-01T10:44:03","slug":"le-califat-de-abu-bakr-le-premier-calife-de-lislam-ibn-kathir","status":"publish","type":"product","link":"https:\/\/lamaktaba.fr\/index.php\/produit\/le-califat-de-abu-bakr-le-premier-calife-de-lislam-ibn-kathir","title":{"rendered":"Le Califat de Abu Bakr &#8211; Le Premier Calife de l&rsquo;Islam &#8211; Ibn Kathir"},"content":{"rendered":"<p>Abu Bakr as siddiq (radia Allahou anhou): \u00ab\u00a0le v\u00e9ridique\u00a0\u00bb, successeur du Proph\u00e8te (salallahou alayhi wa salam).Il est le premier homme \u00e0 s&rsquo;\u00eatre converti.<br \/>Premier calife de l&rsquo;Islam.<br \/>C&rsquo;est aussi le premier des califes bien guid\u00e9s.<br \/>Cette \u00e9poque b\u00e9nie a \u00e9t\u00e9 pr\u00e9dit par le Messager d&rsquo;Allah (salallahou alayhi wa salam).<br \/>Retrouvez ici sa vie, ses m\u00e9rites, son accession au pouvoir et les \u00e9v\u00e9nements qui se sont d\u00e9roul\u00e9s durant son califat, apr\u00e8s la mort du Proph\u00e8te (salallahou alayhi wa salam).<br \/>Principalement, les mouvements d&rsquo;apostasie et la conqu\u00eates de l&rsquo;Irak et du Sh\u00e2m.<br \/>Cet ouvrage est extrait de l&rsquo;encyclop\u00e9die intitul\u00e9e Al-Bid\u00e2ya Wa-Nih\u00e2yah, qui comme son nom l&rsquo;indique retrace l&rsquo;histoire de la cr\u00e9ation de son d\u00e9but \u00e0 la fin des temps.<br \/>Ses sources authentiques et sa rigueur scientifique en font un ouvrage de r\u00e9f\u00e9rence et l&rsquo;unanimit\u00e9 au sein de la communaut\u00e9.<br \/>Il faut dire que son auteur, h\u00e2fidh Ibn Kathir, n&rsquo;est plus \u00e0 pr\u00e9senter.<br \/>C&rsquo;est de cette m\u00eame encyclop\u00e9die que sont extraits les histoires des Proph\u00e8tes ou la sir\u00e2 du Messager.<\/p>\n","protected":false},"excerpt":{"rendered":"<p>Abu Bakr as siddiq (radia Allahou anhou): \u00ab\u00a0le v\u00e9ridique\u00a0\u00bb, successeur du Proph\u00e8te (salallahou alayhi wa salam).Il est le premier homme \u00e0 s&rsquo;\u00eatre converti.Premier calife de l&rsquo;Islam.C&rsquo;est aussi le premier des califes bien guid\u00e9s.Cette \u00e9poque b\u00e9nie a \u00e9t\u00e9 pr\u00e9dit par le Messager d&rsquo;Allah (salallahou alayhi wa salam).Retrouvez ici sa vie, ses m\u00e9rites, son accession au pouvoir [&hellip;]<\/p>\n","protected":false},"featured_media":44845,"comment_status":"open","ping_status":"closed","template":"","meta":[],"product_brand":[],"product_cat":[1907,1946],"product_tag":[],"class_list":{"0":"post-44844","1":"product","2":"type-product","3":"status-publish","4":"has-post-thumbnail","6":"product_cat-compagnons","7":"product_cat-histoire-et-civilisations","8":"pa_auteur-ibn-kathir","9":"pa_editeur-dar-al-muslim","10":"pa_format-broche-15-x-21-cm","11":"pa_langue-francais","12":"pa_nombre-de-pages-721","14":"first","15":"outofstock","16":"shipping-taxable","17":"purchasable","18":"product-type-simple"},"_links":{"self":[{"href":"https:\/\/lamaktaba.fr\/index.php\/wp-json\/wp\/v2\/product\/44844","targetHints":{"allow":["GET"]}}],"collection":[{"href":"https:\/\/lamaktaba.fr\/index.php\/wp-json\/wp\/v2\/product"}],"about":[{"href":"https:\/\/lamaktaba.fr\/index.php\/wp-json\/wp\/v2\/types\/product"}],"replies":[{"embeddable":true,"href":"https:\/\/lamaktaba.fr\/index.php\/wp-json\/wp\/v2\/comments?post=44844"}],"wp:featuredmedia":[{"embeddable":true,"href":"https:\/\/lamaktaba.fr\/index.php\/wp-json\/wp\/v2\/media\/44845"}],"wp:attachment":[{"href":"https:\/\/lamaktaba.fr\/index.php\/wp-json\/wp\/v2\/media?parent=44844"}],"wp:term":[{"taxonomy":"product_brand","embeddable":true,"href":"https:\/\/lamaktaba.fr\/index.php\/wp-json\/wp\/v2\/product_brand?post=44844"},{"taxonomy":"product_cat","embeddable":true,"href":"https:\/\/lamaktaba.fr\/index.php\/wp-json\/wp\/v2\/product_cat?post=44844"},{"taxonomy":"product_tag","embeddable":true,"href":"https:\/\/lamaktaba.fr\/index.php\/wp-json\/wp\/v2\/product_tag?post=44844"}],"curies":[{"name":"wp","href":"https:\/\/api.w.org\/{rel}","templated":true}]}}

<p>Abu Bakr as siddiq (radia Allahou anhou): « le véridique », successeur du Prophète (salallahou alayhi wa salam).Il est le premier homme à s&rsquo;être converti.<br />Premier calife de l&rsquo;Islam.<br />C&rsquo;est aussi le premier des califes bien guidés.<br />Cette époque bénie a été prédit par le Messager d&rsquo;Allah (salallahou alayhi wa salam).<br />Retrouvez ici sa vie, ses mérites, son accession au pouvoir et les événements qui se sont déroulés durant son califat, après la mort du Prophète (salallahou alayhi wa salam).<br />Principalement, les mouvements d&rsquo;apostasie et la conquêtes de l&rsquo;Irak et du Shâm.<br />Cet ouvrage est extrait de l&rsquo;encyclopédie intitulée Al-Bidâya Wa-Nihâyah, qui comme son nom l&rsquo;indique retrace l&rsquo;histoire de la création de son début à la fin des temps.<br />Ses sources authentiques et sa rigueur scientifique en font un ouvrage de référence et l&rsquo;unanimité au sein de la communauté.<br />Il faut dire que son auteur, hâfidh Ibn Kathir, n&rsquo;est plus à présenter.<br />C&rsquo;est de cette même encyclopédie que sont extraits les histoires des Prophètes ou la sirâ du Messager.</p>

<p>Abu Bakr as siddiq (radia Allahou anhou): « le véridique », successeur du Prophète (salallahou alayhi wa salam).Il est le premier homme à s&rsquo;être converti.Premier calife de l&rsquo;Islam.C&rsquo;est aussi le premier des califes bien guidés.Cette époque bénie a été prédit par le Messager d&rsquo;Allah (salallahou alayhi wa salam).Retrouvez ici sa vie, ses mérites, son accession au pouvoir [&hellip;]</p>
