{"id":44825,"date":"2021-10-14T12:51:13","date_gmt":"2021-10-14T10:51:13","guid":{"rendered":"https:\/\/lamaktaba.fr\/index.php\/produit\/les-epouses-du-prophete-meres-des-croyants-bilingue-francais-arabe-cheikh-ibn-asakir\/"},"modified":"2025-04-01T12:43:15","modified_gmt":"2025-04-01T10:43:15","slug":"les-epouses-du-prophete-meres-des-croyants-bilingue-francais-arabe-cheikh-ibn-asakir","status":"publish","type":"product","link":"https:\/\/lamaktaba.fr\/index.php\/produit\/les-epouses-du-prophete-meres-des-croyants-bilingue-francais-arabe-cheikh-ibn-asakir","title":{"rendered":"Les \u00e9pouses du Proph\u00e8te &#8211; M\u00e8res des croyants (Bilingue fran\u00e7ais\/arabe) &#8211; Cheikh Ibn &lsquo;Asakir"},"content":{"rendered":"<p>Texte bilingue (fran\u00e7ais\/arabe)<br \/>N&rsquo;ayant jamais eu \u00e9cho de l&rsquo;existence d&rsquo;\u00e9crits traitants exclusivement des m\u00e9rites des \u00e9pouses du proph\u00e8te, j&rsquo;ai voulus qu&rsquo;il y rem\u00e9dier afin de laver leur honneur des injures prof\u00e9r\u00e9es \u00e0 leurs encontre.<br \/>Bien que l&rsquo;ouvrage ici pr\u00e9sent soit pr\u00e9cis, les m\u00e9rites de celles qui en sont l&rsquo;objet sont sans conteste incommensurables.<br \/>Les \u00e9pouses du Proph\u00e8te (SAW), livre du Cheikh Ibn &lsquo;Asakir. Page de gauche en arabe et page de droite en fran\u00e7ais.<\/p>\n","protected":false},"excerpt":{"rendered":"<p>Texte bilingue (fran\u00e7ais\/arabe)N&rsquo;ayant jamais eu \u00e9cho de l&rsquo;existence d&rsquo;\u00e9crits traitants exclusivement des m\u00e9rites des \u00e9pouses du proph\u00e8te, j&rsquo;ai voulus qu&rsquo;il y rem\u00e9dier afin de laver leur honneur des injures prof\u00e9r\u00e9es \u00e0 leurs encontre.Bien que l&rsquo;ouvrage ici pr\u00e9sent soit pr\u00e9cis, les m\u00e9rites de celles qui en sont l&rsquo;objet sont sans conteste incommensurables.Les \u00e9pouses du Proph\u00e8te (SAW), [&hellip;]<\/p>\n","protected":false},"featured_media":44826,"comment_status":"open","ping_status":"closed","template":"","meta":[],"product_brand":[],"product_cat":[15],"product_tag":[],"class_list":{"0":"post-44825","1":"product","2":"type-product","3":"status-publish","4":"has-post-thumbnail","6":"product_cat-non-classe","7":"pa_auteur-cheikh-ibn-asakir","8":"pa_editeur-dar-al-muslim","9":"pa_format-15-x-21-cm","10":"pa_langue-francais-arabe","11":"pa_nombre-de-pages-800","13":"first","14":"instock","15":"shipping-taxable","16":"purchasable","17":"product-type-simple"},"_links":{"self":[{"href":"https:\/\/lamaktaba.fr\/index.php\/wp-json\/wp\/v2\/product\/44825","targetHints":{"allow":["GET"]}}],"collection":[{"href":"https:\/\/lamaktaba.fr\/index.php\/wp-json\/wp\/v2\/product"}],"about":[{"href":"https:\/\/lamaktaba.fr\/index.php\/wp-json\/wp\/v2\/types\/product"}],"replies":[{"embeddable":true,"href":"https:\/\/lamaktaba.fr\/index.php\/wp-json\/wp\/v2\/comments?post=44825"}],"wp:featuredmedia":[{"embeddable":true,"href":"https:\/\/lamaktaba.fr\/index.php\/wp-json\/wp\/v2\/media\/44826"}],"wp:attachment":[{"href":"https:\/\/lamaktaba.fr\/index.php\/wp-json\/wp\/v2\/media?parent=44825"}],"wp:term":[{"taxonomy":"product_brand","embeddable":true,"href":"https:\/\/lamaktaba.fr\/index.php\/wp-json\/wp\/v2\/product_brand?post=44825"},{"taxonomy":"product_cat","embeddable":true,"href":"https:\/\/lamaktaba.fr\/index.php\/wp-json\/wp\/v2\/product_cat?post=44825"},{"taxonomy":"product_tag","embeddable":true,"href":"https:\/\/lamaktaba.fr\/index.php\/wp-json\/wp\/v2\/product_tag?post=44825"}],"curies":[{"name":"wp","href":"https:\/\/api.w.org\/{rel}","templated":true}]}}