{"id":44588,"date":"2021-09-24T11:18:38","date_gmt":"2021-09-24T09:18:38","guid":{"rendered":"https:\/\/lamaktaba.fr\/index.php\/produit\/%d9%85%d8%b5%d8%ad%d9%81-%d8%a7%d9%84%d8%aa%d8%ac%d9%88%d9%8a%d8%af-%d8%ad%d9%81%d8%b5-coran-avec-regles-de-tajwid-hafs-version-arabe-format-moyen-gris\/"},"modified":"2025-04-01T12:43:09","modified_gmt":"2025-04-01T10:43:09","slug":"coran-avec-regles-de-tajwid-hafs-version-arabe-format-moyen-gris","status":"publish","type":"product","link":"https:\/\/lamaktaba.fr\/index.php\/produit\/coran-avec-regles-de-tajwid-hafs-version-arabe-format-moyen-gris","title":{"rendered":"\u0645\u0635\u062d\u0641 \u0627\u0644\u062a\u062c\u0648\u064a\u062f \u062d\u0641\u0635 &#8211; Coran avec r\u00e8gles de Tajwid (Hafs), Version Arabe, Format moyen (Gris)"},"content":{"rendered":"<p>\u0645\u0635\u062d\u0641 \u0627\u0644\u062a\u062c\u0648\u064a\u062f, \u0627\u0644\u0642\u0631\u0627\u0646 \u0627\u0644\u0643\u0631\u064a\u0645 \u0648 \u0631\u062a\u0644 \u0627\u0644\u0642\u0631\u0622\u0646 \u062a\u0631\u062a\u064a\u0644\u0627 \u060c \u0648 \u0639\u0644\u0649 \u0647\u0627\u0645\u0634\u0647 \u0643\u0644\u0645\u0627\u062a \u0627\u0644\u0642\u0631\u0622\u0646 \u062a\u0641\u0633\u064a\u0631 \u0648 \u0628\u064a\u0627\u0646.\u0628\u0631\u0648\u0627\u064a\u0629 \u062d\u0641\u0635 \u0639\u0646 \u0639\u0627\u0635\u0645 \u0628\u0627\u0644\u0631\u0633\u0645 \u0627\u0644\u0639\u062b\u0645\u0627\u0646\u064a<br \/>\n\u0645\u0635\u062d\u0641 \u0627\u0644\u062a\u062c\u0648\u064a\u062f \u0628\u0627\u0633\u062a\u062e\u062f\u0627\u0645 \u0627\u0644\u0644\u0648\u0646 \u0627\u0644\u0645\u0631\u0645\u0632 \u0632\u0645\u0646\u064a\u0627 \u0641\u064a \u062a\u062f\u0648\u064a\u0646 \u0627\u0644\u0623\u062d\u0631\u0641 \u0627\u0644\u062e\u0627\u0636\u0639\u0629 \u0644\u0623\u062d\u0643\u0627\u0645 \u0627\u0644\u062a\u062c\u0648\u064a\u062f\u060c \u0628\u062b\u0644\u0627\u062b\u0629 \u0623\u0644\u0648\u0627\u0646 \u0631\u0626\u064a\u0633\u064a\u0629 (\u0623\u062d\u0645\u0631\u060c \u0623\u062e\u0636\u0631\u060c \u0623\u0632\u0631\u0642) (\u0628\u064a\u0646\u0645\u0627 \u0627\u0644\u0644\u0648\u0646 \u0627\u0644\u0631\u0645\u0627\u062f\u064a \u0644\u0627 \u064a\u0644\u0641\u0638)<br \/>\n\u0623\u0646\u062c\u0632 \u0647\u0630\u0627 \u0627\u0644\u0645\u0635\u062d\u0641 \u0627\u0644\u0634\u0631\u064a\u0641 \u0644\u064a\u0639\u064a\u0646 \u0642\u0627\u0631\u0626 \u0627\u0644\u0642\u0631\u0622\u0646 \u0627\u0644\u0643\u0631\u064a\u0645 \u0641\u064a \u0625\u0644\u062a\u0632\u0627\u0645\u0647 \u0628\u0623\u062d\u0643\u0627\u0645 \u0627\u0644\u062a\u062c\u0648\u064a\u062f \u0623\u062b\u0646\u0627\u0621 \u0627\u0644\u062a\u0644\u0627\u0648\u0629\u060c \u0639\u0644\u0649 \u0645\u0627 \u064a\u0648\u0627\u0641\u0642 \u0631\u0648\u0627\u064a\u0629 \u062d\u0641\u0635 \u0628\u0646 \u0633\u0644\u064a\u0645\u0627\u0646 \u0628\u0646 \u0627\u0644\u0645\u063a\u064a\u0631\u0629 \u0627\u0644\u0623\u0633\u062f\u064a \u0627\u0644\u0643\u0648\u0641\u064a \u0644\u0642\u0631\u0627\u0621\u0629 \u0639\u0627\u0635\u0645 \u0628\u0646 \u0623\u0628\u064a \u0627\u0644\u0646\u062c\u0648\u062f \u0627\u0644\u0643\u0648\u0641\u064a \u0627\u0644\u062a\u0627\u0628\u0639\u064a \u0639\u0646 \u0623\u0628\u064a \u0639\u0628\u062f \u0627\u0644\u0631\u062d\u0645\u0646 \u0639\u0628\u062f \u0627\u0644\u0644\u0647 \u0628\u0646 \u062d\u0628\u064a\u0628 \u0627\u0644\u0633\u0644\u0645\u064a \u0639\u0646 \u0639\u062b\u0645\u0627\u0646 \u0628\u0646 \u0639\u0641\u0627\u0646 \u0648 \u0639\u0644\u064a \u0628\u0646 \u0623\u0628\u064a \u0637\u0627\u0644\u0628 \u0648 \u0632\u064a\u062f \u0628\u0646 \u062b\u0627\u0628\u062a \u0648 \u0623\u0628\u064a \u0628\u0646 \u0643\u0639\u0628 \u0639\u0646 \u0627\u0644\u0646\u0628\u064a \u0645\u062d\u0645\u062f \u0635\u0644\u0649 \u0627\u0644\u0644\u0647 \u0639\u0644\u064a\u0647 \u0648 \u0633\u0644\u0645<br \/>\nMushaf Tajweed: Le Saint Coran avec les r\u00e8gles de Tajwid, et explication de ses termes dificilles sur la marge, Lecture Hafs d&rsquo;apr\u00e9s &lsquo;Assim, la concordance avec le Rasm Al Othmani, Codification color\u00e9e pour faciliter la psalmodie du Coran (On donne \u00e0 la lettre une couleur pour indiquer la r\u00e8gle de r\u00e9citation \u00e0 appliquer (Rouge, Vert, Bleu, Gris), format (14 x 20 cm), Couverture rigide dor\u00e9e couleur gris<br \/>\nApplication des r\u00e8gles de r\u00e9citation pour faciliter la psalmodie du Coran: On donne \u00e0 la lettre une couleur pour indiquer la r\u00e8gle de r\u00e9citation \u00e0 appliquer (Trois couleurs principales en plusieurs nuances: Rouge- Vert, Bleu, par contre le gris: indique les lettres \u00e9crites et non prononc\u00e9e)<br \/>\nLe Coran fut envoy\u00e9 par Dieu comme guide pour l&rsquo;humanit\u00e9 et pour communiquer le meilleur chemin et le plus simple permettant de bien mener sa vie.<br \/>\nLire et observer le Coran est une des responsabilit\u00e9s les plus importantes d&rsquo;un Musulman.<br \/>\nCertes, ce Coran guide vers ce qu&rsquo;il y a de plus droit, et il annonce aux croyants qui font de bonnes \u0153uvres qu&rsquo;ils auront une grande r\u00e9compense. \u00a0\u00bb (Sourate al-Isra&rsquo;: 9)<br \/>\nLe Coran a \u00e9t\u00e9 descendu comme guide pour les gens, et preuves claires de la bonne direction et du discernement.\u00a0\u00bb (Sourate al-Baqara: 185)<br \/>\nIl a fait descendre sur ton c\u0153ur cette r\u00e9v\u00e9lation qui d\u00e9clare v\u00e9ridiques les messages ant\u00e9rieurs et qui sert aux croyants de guide et d&rsquo;heureuse annonce. \u00a0\u00bb (Sourate al-Baqara: 97)<br \/>\nCeci [le Coran] constitue pour les hommes une source de clart\u00e9, un guide et une mis\u00e9ricorde pour les gens qui croient avec certitude. \u00ab\u00a0(Sourate al-Jathiyya: 20)<br \/>\nR\u00e9f\u00e9rence 9789933458744<br \/>\nFiche technique LANGUE: &#8211; Arabe &#8211; \u0627\u0644\u0639\u0631\u0628\u0640\u0640\u0640\u0640\u0640\u0640\u0640\u0640\u064a\u0629 ANNEE: &#8211; 2015 SUPPORT: &#8211; Livre THEME: &#8211; \u0627\u0644\u0642\u0631\u0627\u0646 \u0627\u0644\u0643\u0631\u064a\u0645\u060c \u062a\u062c\u0648\u064a\u062f (Le saint Coran, Psalmodie) \u00c9DITIONS: &#8211; \u062f\u0627\u0631 \u0627\u0644\u0645\u0639\u0631\u0641\u0629 (DAR AL MA&rsquo;RIFA) Condition: &#8211; Neuf Nombre de Pages: &#8211; 674 FORMAT (CM): 14 x 20 cm EAN13: &#8211; 9789933458744 RELIURE: &#8211; Rigide<br \/>\nR\u00e9f\u00e9rences sp\u00e9cifiques<br \/>\nDonnez votre avis<br \/>\nAucun commentaire pour le moment<\/p>\n","protected":false},"excerpt":{"rendered":"<p>\u0645\u0635\u062d\u0641 \u0627\u0644\u062a\u062c\u0648\u064a\u062f, \u0627\u0644\u0642\u0631\u0627\u0646 \u0627\u0644\u0643\u0631\u064a\u0645 \u0648 \u0631\u062a\u0644 \u0627\u0644\u0642\u0631\u0622\u0646 \u062a\u0631\u062a\u064a\u0644\u0627 \u060c \u0648 \u0639\u0644\u0649 \u0647\u0627\u0645\u0634\u0647 \u0643\u0644\u0645\u0627\u062a \u0627\u0644\u0642\u0631\u0622\u0646 \u062a\u0641\u0633\u064a\u0631 \u0648 \u0628\u064a\u0627\u0646.\u0628\u0631\u0648\u0627\u064a\u0629 \u062d\u0641\u0635 \u0639\u0646 \u0639\u0627\u0635\u0645 \u0628\u0627\u0644\u0631\u0633\u0645 \u0627\u0644\u0639\u062b\u0645\u0627\u0646\u064a \u0645\u0635\u062d\u0641 \u0627\u0644\u062a\u062c\u0648\u064a\u062f \u0628\u0627\u0633\u062a\u062e\u062f\u0627\u0645 \u0627\u0644\u0644\u0648\u0646 \u0627\u0644\u0645\u0631\u0645\u0632 \u0632\u0645\u0646\u064a\u0627 \u0641\u064a \u062a\u062f\u0648\u064a\u0646 \u0627\u0644\u0623\u062d\u0631\u0641 \u0627\u0644\u062e\u0627\u0636\u0639\u0629 \u0644\u0623\u062d\u0643\u0627\u0645 \u0627\u0644\u062a\u062c\u0648\u064a\u062f\u060c \u0628\u062b\u0644\u0627\u062b\u0629 \u0623\u0644\u0648\u0627\u0646 \u0631\u0626\u064a\u0633\u064a\u0629 (\u0623\u062d\u0645\u0631\u060c \u0623\u062e\u0636\u0631\u060c \u0623\u0632\u0631\u0642) (\u0628\u064a\u0646\u0645\u0627 \u0627\u0644\u0644\u0648\u0646 \u0627\u0644\u0631\u0645\u0627\u062f\u064a \u0644\u0627 \u064a\u0644\u0641\u0638) \u0623\u0646\u062c\u0632 \u0647\u0630\u0627 \u0627\u0644\u0645\u0635\u062d\u0641 \u0627\u0644\u0634\u0631\u064a\u0641 \u0644\u064a\u0639\u064a\u0646 \u0642\u0627\u0631\u0626 \u0627\u0644\u0642\u0631\u0622\u0646 \u0627\u0644\u0643\u0631\u064a\u0645 \u0641\u064a \u0625\u0644\u062a\u0632\u0627\u0645\u0647 [&hellip;]<\/p>\n","protected":false},"featured_media":50213,"comment_status":"open","ping_status":"closed","template":"","meta":[],"product_brand":[],"product_cat":[15],"product_tag":[],"class_list":{"0":"post-44588","1":"product","2":"type-product","3":"status-publish","4":"has-post-thumbnail","6":"product_cat-non-classe","8":"first","9":"outofstock","10":"shipping-taxable","11":"purchasable","12":"product-type-simple"},"_links":{"self":[{"href":"https:\/\/lamaktaba.fr\/index.php\/wp-json\/wp\/v2\/product\/44588","targetHints":{"allow":["GET"]}}],"collection":[{"href":"https:\/\/lamaktaba.fr\/index.php\/wp-json\/wp\/v2\/product"}],"about":[{"href":"https:\/\/lamaktaba.fr\/index.php\/wp-json\/wp\/v2\/types\/product"}],"replies":[{"embeddable":true,"href":"https:\/\/lamaktaba.fr\/index.php\/wp-json\/wp\/v2\/comments?post=44588"}],"wp:featuredmedia":[{"embeddable":true,"href":"https:\/\/lamaktaba.fr\/index.php\/wp-json\/wp\/v2\/media\/50213"}],"wp:attachment":[{"href":"https:\/\/lamaktaba.fr\/index.php\/wp-json\/wp\/v2\/media?parent=44588"}],"wp:term":[{"taxonomy":"product_brand","embeddable":true,"href":"https:\/\/lamaktaba.fr\/index.php\/wp-json\/wp\/v2\/product_brand?post=44588"},{"taxonomy":"product_cat","embeddable":true,"href":"https:\/\/lamaktaba.fr\/index.php\/wp-json\/wp\/v2\/product_cat?post=44588"},{"taxonomy":"product_tag","embeddable":true,"href":"https:\/\/lamaktaba.fr\/index.php\/wp-json\/wp\/v2\/product_tag?post=44588"}],"curies":[{"name":"wp","href":"https:\/\/api.w.org\/{rel}","templated":true}]}}