{"id":44357,"date":"2021-08-31T16:16:26","date_gmt":"2021-08-31T14:16:26","guid":{"rendered":"https:\/\/lamaktaba.fr\/index.php\/produit\/interpretation-des-reves-conduite-a-observer-et-regles-a-connaitre-khalid-chayi\/"},"modified":"2025-04-01T12:47:34","modified_gmt":"2025-04-01T10:47:34","slug":"interpretation-des-reves-conduite-a-observer-et-regles-a-connaitre-khalid-chayi","status":"publish","type":"product","link":"https:\/\/lamaktaba.fr\/index.php\/produit\/interpretation-des-reves-conduite-a-observer-et-regles-a-connaitre-khalid-chayi","title":{"rendered":"Interpr\u00e9tation des r\u00eaves, Conduite \u00e0 observer et r\u00e8gles \u00e0 conna\u00eetre &#8211; kh\u00e2lid Chayi&rsquo;"},"content":{"rendered":"","protected":false},"excerpt":{"rendered":"","protected":false},"featured_media":44358,"comment_status":"open","ping_status":"closed","template":"","meta":[],"product_brand":[],"product_cat":[15],"product_tag":[],"class_list":{"0":"post-44357","1":"product","2":"type-product","3":"status-publish","4":"has-post-thumbnail","6":"product_cat-non-classe","8":"first","9":"outofstock","10":"shipping-taxable","11":"purchasable","12":"product-type-simple"},"_links":{"self":[{"href":"https:\/\/lamaktaba.fr\/index.php\/wp-json\/wp\/v2\/product\/44357","targetHints":{"allow":["GET"]}}],"collection":[{"href":"https:\/\/lamaktaba.fr\/index.php\/wp-json\/wp\/v2\/product"}],"about":[{"href":"https:\/\/lamaktaba.fr\/index.php\/wp-json\/wp\/v2\/types\/product"}],"replies":[{"embeddable":true,"href":"https:\/\/lamaktaba.fr\/index.php\/wp-json\/wp\/v2\/comments?post=44357"}],"wp:featuredmedia":[{"embeddable":true,"href":"https:\/\/lamaktaba.fr\/index.php\/wp-json\/wp\/v2\/media\/44358"}],"wp:attachment":[{"href":"https:\/\/lamaktaba.fr\/index.php\/wp-json\/wp\/v2\/media?parent=44357"}],"wp:term":[{"taxonomy":"product_brand","embeddable":true,"href":"https:\/\/lamaktaba.fr\/index.php\/wp-json\/wp\/v2\/product_brand?post=44357"},{"taxonomy":"product_cat","embeddable":true,"href":"https:\/\/lamaktaba.fr\/index.php\/wp-json\/wp\/v2\/product_cat?post=44357"},{"taxonomy":"product_tag","embeddable":true,"href":"https:\/\/lamaktaba.fr\/index.php\/wp-json\/wp\/v2\/product_tag?post=44357"}],"curies":[{"name":"wp","href":"https:\/\/api.w.org\/{rel}","templated":true}]}}