{"id":38139,"date":"2021-02-04T14:11:00","date_gmt":"2021-02-04T13:11:00","guid":{"rendered":"https:\/\/lamaktaba.fr\/index.php\/produit\/cahier-dactivite-ramadan-dans-le-monde-editions-al-qamar\/"},"modified":"2025-04-01T12:43:51","modified_gmt":"2025-04-01T10:43:51","slug":"cahier-dactivite-ramadan-dans-le-monde-editions-al-qamar","status":"publish","type":"product","link":"https:\/\/lamaktaba.fr\/index.php\/produit\/cahier-dactivite-ramadan-dans-le-monde-editions-al-qamar","title":{"rendered":"Cahier d&rsquo;activit\u00e9 Ramadan dans le monde (\u00c9ditions Al Qamar)"},"content":{"rendered":"<p>Cahier d&rsquo;activit\u00e9 Ramadan dans le monde;Activit\u00e9s &#8211; D\u00e9couverte- Bande dessin\u00e9e &#8211; Vocabulaire- Recettes;Vous \u00eates-vous d\u00e9j\u00e0 demand\u00e9 comment se passait le Ramadan dans les quatre coins du monde?;C&rsquo;est le d\u00e9fi que s&rsquo;est lanc\u00e9 la famille Salhi, et c&rsquo;est dans cet ouvrage, nous vous proposons de les suivre et de partager avec eux une exp\u00e9rience mondiale du Ramadan aupr\u00e8s des Musulmans dans le monde entier.;\u00c0 l&rsquo;aide de bandes dessin\u00e9es haute en couleur et d&rsquo;exercices savantes et ludiques, votre enfant approfondira ses connaissances sur le Ramadan, apprendra \u00e0 faire preuve d&rsquo;altruisme et s&rsquo;ouvrira \u00e0 des cultures diff\u00e9rentes de la sienne.;\u00c0 travers chaque pays, des activit\u00e9s p\u00e9dagogiques sont propos\u00e9es ainsi que de nombreuses le\u00e7ons. Il est fortement conseill\u00e9 d&rsquo;accompagner votre enfant, pendant la prise en main de notre cahier d&rsquo;activit\u00e9s.;Marque AL QAMAR R\u00e9f\u00e9rence 3770013265181;Fiche technique AUTEUR: &#8211; Collectif LANGUE: -.Fran\u00e7ais ANNEE: &#8211; 2020 SUPPORT: &#8211; Livre THEME: &#8211; Cahier d&rsquo;activit\u00e9s, Ramadan, Enfants \u00c9DITIONS: &#8211; Al Qamar Nombre de Pages: &#8211; 72 FORMAT (CM): 21 x 29.5 cm Poids (kg): &#8211; 258 g EAN13: &#8211; 3770013265181 RELIURE: &#8211; Souple;R\u00e9f\u00e9rences sp\u00e9cifiques;Donnez votre avis;Aucun commentaire pour le moment<\/p>\n","protected":false},"excerpt":{"rendered":"<p>Cahier d&rsquo;activit\u00e9 Ramadan dans le monde;Activit\u00e9s &#8211; D\u00e9couverte- Bande dessin\u00e9e &#8211; Vocabulaire- Recettes;Vous \u00eates-vous d\u00e9j\u00e0 demand\u00e9 comment se passait le Ramadan dans les quatre coins du monde?;C&rsquo;est le d\u00e9fi que s&rsquo;est lanc\u00e9 la famille Salhi, et c&rsquo;est dans cet ouvrage, nous vous proposons de les suivre et de partager avec eux une exp\u00e9rience mondiale du Ramadan aupr\u00e8s des Musulmans dans le monde entier.;\u00c0 l&rsquo;aide de bandes dessin\u00e9es haute en couleur et d&rsquo;exercices savantes et ludiques, votre enfant approfondira ses connaissances sur le Ramadan, apprendra \u00e0 faire preuve d&rsquo;altruisme et s&rsquo;ouvrira \u00e0 des cultures diff\u00e9rentes de la sienne.;\u00c0 travers chaque pays, des activit\u00e9s p\u00e9dagogiques sont propos\u00e9es ainsi que de nombreuses le\u00e7ons. Il est fortement conseill\u00e9 d&rsquo;accompagner votre enfant, pendant la prise en main de notre cahier d&rsquo;activit\u00e9s.;Marque AL QAMAR R\u00e9f\u00e9rence 3770013265181;Fiche technique AUTEUR: &#8211; Collectif LANGUE: -.Fran\u00e7ais ANNEE: &#8211; 2020 SUPPORT: &#8211; Livre THEME: &#8211; Cahier d&rsquo;activit\u00e9s, Ramadan, Enfants \u00c9DITIONS: &#8211; Al Qamar Nombre de Pages: &#8211; 72 FORMAT (CM): 21 x 29.5 cm Poids (kg): &#8211; 258 g EAN13: &#8211; 3770013265181 RELIURE: &#8211; Souple;R\u00e9f\u00e9rences sp\u00e9cifiques;Donnez votre avis;Aucun commentaire pour le moment<\/p>\n","protected":false},"featured_media":38155,"comment_status":"open","ping_status":"closed","template":"","meta":[],"product_brand":[],"product_cat":[1910],"product_tag":[],"class_list":{"0":"post-38139","1":"product","2":"type-product","3":"status-publish","4":"has-post-thumbnail","6":"product_cat-education","7":"pa_annee-369","8":"pa_auteur-collectif","9":"pa_editeur-al-qamar","10":"pa_format-21-x-29-5-cm","11":"pa_langue-francais","12":"pa_nombre-de-pages-547","13":"pa_reliure-souple","15":"first","16":"instock","17":"shipping-taxable","18":"purchasable","19":"product-type-simple"},"_links":{"self":[{"href":"https:\/\/lamaktaba.fr\/index.php\/wp-json\/wp\/v2\/product\/38139","targetHints":{"allow":["GET"]}}],"collection":[{"href":"https:\/\/lamaktaba.fr\/index.php\/wp-json\/wp\/v2\/product"}],"about":[{"href":"https:\/\/lamaktaba.fr\/index.php\/wp-json\/wp\/v2\/types\/product"}],"replies":[{"embeddable":true,"href":"https:\/\/lamaktaba.fr\/index.php\/wp-json\/wp\/v2\/comments?post=38139"}],"wp:featuredmedia":[{"embeddable":true,"href":"https:\/\/lamaktaba.fr\/index.php\/wp-json\/wp\/v2\/media\/38155"}],"wp:attachment":[{"href":"https:\/\/lamaktaba.fr\/index.php\/wp-json\/wp\/v2\/media?parent=38139"}],"wp:term":[{"taxonomy":"product_brand","embeddable":true,"href":"https:\/\/lamaktaba.fr\/index.php\/wp-json\/wp\/v2\/product_brand?post=38139"},{"taxonomy":"product_cat","embeddable":true,"href":"https:\/\/lamaktaba.fr\/index.php\/wp-json\/wp\/v2\/product_cat?post=38139"},{"taxonomy":"product_tag","embeddable":true,"href":"https:\/\/lamaktaba.fr\/index.php\/wp-json\/wp\/v2\/product_tag?post=38139"}],"curies":[{"name":"wp","href":"https:\/\/api.w.org\/{rel}","templated":true}]}}