{"id":37754,"date":"2021-04-01T00:18:54","date_gmt":"2021-03-31T22:18:54","guid":{"rendered":"https:\/\/lamaktaba.fr\/index.php\/produit\/al-hijama-le-remede-miraculeux\/"},"modified":"2025-04-01T12:45:10","modified_gmt":"2025-04-01T10:45:10","slug":"al-hijama-le-remede-miraculeux","status":"publish","type":"product","link":"https:\/\/lamaktaba.fr\/index.php\/produit\/al-hijama-le-remede-miraculeux","title":{"rendered":"Al-Hijama. Le rem\u00e8de miraculeux"},"content":{"rendered":"<p>Selon l&rsquo;imam Al-Bokhari, le Messager d&rsquo;Allah -Que le salut et la paix soient sur lui- a dit, \u00ab Les meilleurs traitements de maladies que vous pouvez utiliser sont les verres \u00e0 ventouses et l&rsquo;encens indien \u00bb. En effet, la pose de ventouses en tant que th\u00e9rapie nous a \u00e9t\u00e9 recommand\u00e9e \u00e0 maintes reprises par notre noble Proph\u00e8te Mohammed.;Dans le pr\u00e9sent livre, nous avons consacr\u00e9 une partie au c\u00f4t\u00e9 religieux qui comporte les directives proph\u00e9tiques et les r\u00e8gles jurisprudentielles relatives \u00e0 cette th\u00e9rapie. Une deuxi\u00e8me partie traite des r\u00e9gions anatomiques sur lesquelles il convient de scarifier pour soigner chaque maladie. Cette th\u00e9rapie qui est pourtant tr\u00e8s efficace, dont les r\u00e9sultats sont parfois rapides et spectaculaires et sans effets secondaires, a \u00e9t\u00e9 injustement abandonn\u00e9e au profit de la m\u00e9decine conventionnelle.;Aujourd&rsquo;hui, heureusement, cette th\u00e9rapie commence \u00e0 faire l&rsquo;objet d&rsquo;examens appropri\u00e9s, partout dans le monde. Nous avons cit\u00e9 \u00e0 ce titre les r\u00e9sultats des travaux men\u00e9s par une \u00e9quipe syrienne de grands sp\u00e9cialistes et professionnels de la sant\u00e9. Ils ont appliqu\u00e9 les ventouses \u00e0 trois cent patients et le sang recueilli fut soumis \u00e0 des examens microscopiques, chimiques et autres. Comme le constatera le lecteur lui-m\u00eame, les r\u00e9sultats sont impressionnants. Nous avons mis l&rsquo;accent sur les pr\u00e9cautions \u00e0 prendre aussi bien par le praticien que par le patient et les r\u00e8gles d&rsquo;hygi\u00e8ne qu&rsquo;il faut respecter. Nous esp\u00e9rons par l\u00e0 que cette th\u00e9rapie soit adopt\u00e9e \u00e0 grande \u00e9chelle par les professionnels de la sant\u00e9, que des stages soient effectu\u00e9s dans ce domaine et qu&rsquo;elle soit r\u00e9glement\u00e9e, afin de fermer la porte aux intrus qui manquent de connaissances et d&rsquo;exp\u00e9rience dans ce domaine.;Voici un livre instructif pour ceux qui veulent se soigner et rester en bonne sant\u00e9 et afin de raviver cette th\u00e9rapie miraculeuse. Notre Proph\u00e8te a dit, en effet: \u00a0\u00bb Et celui qui fait revivre ma Sunna m&rsquo;aime. Et celui qui m&rsquo;aime sera avec moi dans le Paradis.;Les th\u00e8mes trait\u00e9s dans ce livre;La hijama (saign\u00e9e): sa d\u00e9finition et ses m\u00e9rites;La hijama en tant que directive proph\u00e9tique;R\u00e8gles jurisprudentielles relatives \u00e0 la hijama (saign\u00e9e);Instruments de la hijama (saign\u00e9e) et sa technique;Types de la hijama (saign\u00e9e);Les r\u00e9gions anatomiques sur lesquelles il convient d&rsquo;appliquer les ventouses;Les r\u00e9f\u00e9rences qui ont servi \u00e0 l&rsquo;\u00e9laboration du pr\u00e9sent livre sont nombreuses et vari\u00e9es. Nous pouvons citer \u00e0 titre d&rsquo;exemple;Le troisi\u00e8me volume de l&rsquo;encyclop\u00e9die: Les Miracles des V\u00e9rit\u00e9s Scientifiques (silsilatu al-i&rsquo;j\u00e2z al-&lsquo;ilm\u00ee). Ce volume est l&rsquo;\u0153uvre du Dr Jam\u00e2l Muhammad Az-Zak\u00ee. Il traite de la hij\u00e2ma et de l&rsquo;acupuncture. Editions ALPHA de diffusion et de production artistique.;L&rsquo;Encyclop\u00e9die sur La M\u00e9decine Alternative (al-maws\u00fb&rsquo;a ash-sh\u00e2mila fi at-tibb al-bad\u00eel) du Dr Ahmad Mustaf\u00e2 Mitwall\u00ee. Edition D\u00e2r Ibn Al-Jawz\u00ee au Caire -2005-.;Secrets de La Gu\u00e9rison par l&rsquo;Incisioth\u00e9rapie et La Phl\u00e9botomie (sr&rsquo;rr al-&lsquo;il\u00e2j bi-l-hij\u00e2ma wal-l-fasd- d&rsquo;Ab\u00fb Al-Fid\u00e2&rsquo;) Ahmad &lsquo;Izzat Muhammad &lsquo;\u00c2rif, doyen de l&rsquo;institut arabe en m\u00e9decine proph\u00e9tique et en herboristerie. Edition D\u00e2r Al-Fad\u00eela au Caire.;L&rsquo;Incisioth\u00e9rapie -tibb al-hij\u00e2ma du Dr Ghassan Ja&rsquo;far. aux Editions D\u00e2r Al-Harf Al-&lsquo;Arab\u00ee et Rashad Press. Beyrouth.;Parmi les livres anciens qui nous ont servi de r\u00e9f\u00e9rence, il y a le livre;Commentaires Sur L&rsquo;Authentique De La m\u00e9decine Proph\u00e9tique d&rsquo;Ibn Al-Qayyim que nous avons traduits et comment\u00e9. Edition Almadina Bruxelles.;D\u00e9charge de Responsabilit\u00e9\ufeff de la librairie sana;Toutes les propri\u00e9t\u00e9s et les vertus indiqu\u00e9es dans les ouvrages que nous diffusons sur notre site librairie-sana.com, et qui traite des Th\u00e9rapies Alternatives\ufeff font r\u00e9f\u00e9rence \u00e0 des traditions ancestrales \u00e9prouv\u00e9es, et ne pr\u00e9tendent aucunement \u00eatre prises pour des indications th\u00e9rapeutiques. Ces produits sont destin\u00e9 \u00e0 des personnes en bonne sant\u00e9. Toute personne estimant pr\u00e9senter un probl\u00e8me de sant\u00e9 doit consulter un m\u00e9decin ou un pharmacien d\u00fbment enregistr\u00e9 dans son pays d\u2019exercice.<\/p>\n","protected":false},"excerpt":{"rendered":"<p>Selon l&rsquo;imam Al-Bokhari, le Messager d&rsquo;Allah -Que le salut et la paix soient sur lui- a dit, \u00ab Les meilleurs traitements de maladies que vous pouvez utiliser sont les verres \u00e0 ventouses et l&rsquo;encens indien \u00bb. En effet, la pose de ventouses en tant que th\u00e9rapie nous a \u00e9t\u00e9 recommand\u00e9e \u00e0 maintes reprises par notre noble Proph\u00e8te Mohammed.;Dans le pr\u00e9sent livre, nous avons consacr\u00e9 une partie au c\u00f4t\u00e9 religieux qui comporte les directives proph\u00e9tiques et les r\u00e8gles jurisprudentielles relatives \u00e0 cette th\u00e9rapie. Une deuxi\u00e8me partie traite des r\u00e9gions anatomiques sur lesquelles il convient de scarifier pour soigner chaque maladie. Cette th\u00e9rapie qui est pourtant tr\u00e8s efficace, dont les r\u00e9sultats sont parfois rapides et spectaculaires et sans effets secondaires, a \u00e9t\u00e9 injustement abandonn\u00e9e au profit de la m\u00e9decine conventionnelle.;Aujourd&rsquo;hui, heureusement, cette th\u00e9rapie commence \u00e0 faire l&rsquo;objet d&rsquo;examens appropri\u00e9s, partout dans le monde. Nous avons cit\u00e9 \u00e0 ce titre les r\u00e9sultats des travaux men\u00e9s par une \u00e9quipe syrienne de grands sp\u00e9cialistes et professionnels de la sant\u00e9. Ils ont appliqu\u00e9 les ventouses \u00e0 trois cent patients et le sang recueilli fut soumis \u00e0 des examens microscopiques, chimiques et autres. Comme le constatera le lecteur lui-m\u00eame, les r\u00e9sultats sont impressionnants. Nous avons mis l&rsquo;accent sur les pr\u00e9cautions \u00e0 prendre aussi bien par le praticien que par le patient et les r\u00e8gles d&rsquo;hygi\u00e8ne qu&rsquo;il faut respecter. Nous esp\u00e9rons par l\u00e0 que cette th\u00e9rapie soit adopt\u00e9e \u00e0 grande \u00e9chelle par les professionnels de la sant\u00e9, que des stages soient effectu\u00e9s dans ce domaine et qu&rsquo;elle soit r\u00e9glement\u00e9e, afin de fermer la porte aux intrus qui manquent de connaissances et d&rsquo;exp\u00e9rience dans ce domaine.;Voici un livre instructif pour ceux qui veulent se soigner et rester en bonne sant\u00e9 et afin de raviver cette th\u00e9rapie miraculeuse. Notre Proph\u00e8te a dit, en effet: \u00a0\u00bb Et celui qui fait revivre ma Sunna m&rsquo;aime. Et celui qui m&rsquo;aime sera avec moi dans le Paradis.;Les th\u00e8mes trait\u00e9s dans ce livre;La hijama (saign\u00e9e): sa d\u00e9finition et ses m\u00e9rites;La hijama en tant que directive proph\u00e9tique;R\u00e8gles jurisprudentielles relatives \u00e0 la hijama (saign\u00e9e);Instruments de la hijama (saign\u00e9e) et sa technique;Types de la hijama (saign\u00e9e);Les r\u00e9gions anatomiques sur lesquelles il convient d&rsquo;appliquer les ventouses;Les r\u00e9f\u00e9rences qui ont servi \u00e0 l&rsquo;\u00e9laboration du pr\u00e9sent livre sont nombreuses et vari\u00e9es. Nous pouvons citer \u00e0 titre d&rsquo;exemple;Le troisi\u00e8me volume de l&rsquo;encyclop\u00e9die: Les Miracles des V\u00e9rit\u00e9s Scientifiques (silsilatu al-i&rsquo;j\u00e2z al-&lsquo;ilm\u00ee). Ce volume est l&rsquo;\u0153uvre du Dr Jam\u00e2l Muhammad Az-Zak\u00ee. Il traite de la hij\u00e2ma et de l&rsquo;acupuncture. Editions ALPHA de diffusion et de production artistique.;L&rsquo;Encyclop\u00e9die sur La M\u00e9decine Alternative (al-maws\u00fb&rsquo;a ash-sh\u00e2mila fi at-tibb al-bad\u00eel) du Dr Ahmad Mustaf\u00e2 Mitwall\u00ee. Edition D\u00e2r Ibn Al-Jawz\u00ee au Caire -2005-.;Secrets de La Gu\u00e9rison par l&rsquo;Incisioth\u00e9rapie et La Phl\u00e9botomie (sr&rsquo;rr al-&lsquo;il\u00e2j bi-l-hij\u00e2ma wal-l-fasd- d&rsquo;Ab\u00fb Al-Fid\u00e2&rsquo;) Ahmad &lsquo;Izzat Muhammad &lsquo;\u00c2rif, doyen de l&rsquo;institut arabe en m\u00e9decine proph\u00e9tique et en herboristerie. Edition D\u00e2r Al-Fad\u00eela au Caire.;L&rsquo;Incisioth\u00e9rapie -tibb al-hij\u00e2ma du Dr Ghassan Ja&rsquo;far. aux Editions D\u00e2r Al-Harf Al-&lsquo;Arab\u00ee et Rashad Press. Beyrouth.;Parmi les livres anciens qui nous ont servi de r\u00e9f\u00e9rence, il y a le livre;Commentaires Sur L&rsquo;Authentique De La m\u00e9decine Proph\u00e9tique d&rsquo;Ibn Al-Qayyim que nous avons traduits et comment\u00e9. Edition Almadina Bruxelles.;D\u00e9charge de Responsabilit\u00e9\ufeff de la librairie sana;Toutes les propri\u00e9t\u00e9s et les vertus indiqu\u00e9es dans les ouvrages que nous diffusons sur notre site librairie-sana.com, et qui traite des Th\u00e9rapies Alternatives\ufeff font r\u00e9f\u00e9rence \u00e0 des traditions ancestrales \u00e9prouv\u00e9es, et ne pr\u00e9tendent aucunement \u00eatre prises pour des indications th\u00e9rapeutiques. Ces produits sont destin\u00e9 \u00e0 des personnes en bonne sant\u00e9. Toute personne estimant pr\u00e9senter un probl\u00e8me de sant\u00e9 doit consulter un m\u00e9decin ou un pharmacien d\u00fbment enregistr\u00e9 dans son pays d\u2019exercice.<\/p>\n","protected":false},"featured_media":37755,"comment_status":"open","ping_status":"closed","template":"","meta":[],"product_brand":[],"product_cat":[1936],"product_tag":[],"class_list":{"0":"post-37754","1":"product","2":"type-product","3":"status-publish","4":"has-post-thumbnail","6":"product_cat-roqya-et-sante","8":"first","9":"instock","10":"shipping-taxable","11":"purchasable","12":"product-type-simple"},"_links":{"self":[{"href":"https:\/\/lamaktaba.fr\/index.php\/wp-json\/wp\/v2\/product\/37754","targetHints":{"allow":["GET"]}}],"collection":[{"href":"https:\/\/lamaktaba.fr\/index.php\/wp-json\/wp\/v2\/product"}],"about":[{"href":"https:\/\/lamaktaba.fr\/index.php\/wp-json\/wp\/v2\/types\/product"}],"replies":[{"embeddable":true,"href":"https:\/\/lamaktaba.fr\/index.php\/wp-json\/wp\/v2\/comments?post=37754"}],"wp:featuredmedia":[{"embeddable":true,"href":"https:\/\/lamaktaba.fr\/index.php\/wp-json\/wp\/v2\/media\/37755"}],"wp:attachment":[{"href":"https:\/\/lamaktaba.fr\/index.php\/wp-json\/wp\/v2\/media?parent=37754"}],"wp:term":[{"taxonomy":"product_brand","embeddable":true,"href":"https:\/\/lamaktaba.fr\/index.php\/wp-json\/wp\/v2\/product_brand?post=37754"},{"taxonomy":"product_cat","embeddable":true,"href":"https:\/\/lamaktaba.fr\/index.php\/wp-json\/wp\/v2\/product_cat?post=37754"},{"taxonomy":"product_tag","embeddable":true,"href":"https:\/\/lamaktaba.fr\/index.php\/wp-json\/wp\/v2\/product_tag?post=37754"}],"curies":[{"name":"wp","href":"https:\/\/api.w.org\/{rel}","templated":true}]}}