{"id":37658,"date":"2021-04-01T00:18:32","date_gmt":"2021-03-31T22:18:32","guid":{"rendered":"https:\/\/lamaktaba.fr\/index.php\/produit\/jeu-de-memoire-des-mots-arabes-58-cartes-%d9%84%d8%b9%d8%a8%d8%a9-%d8%a7%d9%84%d8%b0%d8%a7%d9%83%d8%b1%d9%87-%d9%84%d9%84%d9%83%d9%84%d9%85%d8%a7%d8%aa-%d8%a7%d9%84%d8%b9%d8%b1%d8%a8%d9%8a%d8%a9\/"},"modified":"2025-04-01T12:43:38","modified_gmt":"2025-04-01T10:43:38","slug":"jeu-de-memoire-des-mots-arabes-58-cartes-d984d8b9d8a8d8a9-d8a7d984d8b0d8a7d983d8b1d987-d984d984d983d984d985d8a7d8aa-d8a7d984d8b9d8b1d8a8d98ad8a9","status":"publish","type":"product","link":"https:\/\/lamaktaba.fr\/index.php\/produit\/jeu-de-memoire-des-mots-arabes-58-cartes-d984d8b9d8a8d8a9-d8a7d984d8b0d8a7d983d8b1d987-d984d984d983d984d985d8a7d8aa-d8a7d984d8b9d8b1d8a8d98ad8a9","title":{"rendered":"Jeu de m\u00e9moire des mots arabes (58 Cartes) -\u0644\u0639\u0628\u0629 \u0627\u0644\u0630\u0627\u0643\u0631\u0647 \u0644\u0644\u0643\u0644\u0645\u0627\u062a \u0627\u0644\u0639\u0631\u0628\u064a\u0629"},"content":{"rendered":"<p>Jeu de m\u00e9moire &#8211; lettres arabes (58 Cartes);Le jeu de m\u00e9moire de mots arabes est une excellente fa\u00e7on pour apprendre l&rsquo;alphabet arabe \u00e0 travers les images.;\u0644\u0639\u0628\u0629 \u0627\u0644\u0630\u0627\u0643\u0631\u0647 \u0644\u0644\u0643\u0644\u0645\u0627\u062a \u0627\u0644\u0639\u0631\u0628\u064a\u0629;\u0644\u0639\u0628\u0629 \u0627\u0644\u0643\u0644\u0645\u0627\u062a: \u0644\u0639\u0628\u0629 \u0645\u062b\u0627\u0644\u064a\u0629 \u0644\u062a\u0639\u0644\u0645 \u0627\u0644\u062d\u0631\u0648\u0641 \u0648 \u0627\u0644\u0643\u0644\u0645\u0627\u062a \u0627\u0644\u0639\u0631\u0628\u064a\u0629 \u0628\u0623\u0633\u0644\u0648\u0628 \u0645\u0628\u0633\u0637 \u062a\u062a\u0636\u0645\u0646 58 \u0628\u0637\u0627\u0642\u0629 \u0648 \u062f\u0644\u064a\u0644 \u0627\u0633\u062a\u062e\u062f\u0627\u0645. \u062a\u0645 \u0625\u062e\u062a\u064a\u0627\u0631 \u0627\u0644\u0643\u0644\u0645\u0627\u062a \u0627\u0644\u0645\u0646\u0627\u0633\u0628\u0629 \u0644\u062a\u0639\u0644\u064a\u0645 \u0627\u0644\u0645\u0628\u062a\u062f\u0626\u064a\u0646<\/p>\n","protected":false},"excerpt":{"rendered":"<p>Jeu de m\u00e9moire &#8211; lettres arabes (58 Cartes);Le jeu de m\u00e9moire de mots arabes est une excellente fa\u00e7on pour apprendre l&rsquo;alphabet arabe \u00e0 travers les images.;\u0644\u0639\u0628\u0629 \u0627\u0644\u0630\u0627\u0643\u0631\u0647 \u0644\u0644\u0643\u0644\u0645\u0627\u062a \u0627\u0644\u0639\u0631\u0628\u064a\u0629;\u0644\u0639\u0628\u0629 \u0627\u0644\u0643\u0644\u0645\u0627\u062a: \u0644\u0639\u0628\u0629 \u0645\u062b\u0627\u0644\u064a\u0629 \u0644\u062a\u0639\u0644\u0645 \u0627\u0644\u062d\u0631\u0648\u0641 \u0648 \u0627\u0644\u0643\u0644\u0645\u0627\u062a \u0627\u0644\u0639\u0631\u0628\u064a\u0629 \u0628\u0623\u0633\u0644\u0648\u0628 \u0645\u0628\u0633\u0637 \u062a\u062a\u0636\u0645\u0646 58 \u0628\u0637\u0627\u0642\u0629 \u0648 \u062f\u0644\u064a\u0644 \u0627\u0633\u062a\u062e\u062f\u0627\u0645. \u062a\u0645 \u0625\u062e\u062a\u064a\u0627\u0631 \u0627\u0644\u0643\u0644\u0645\u0627\u062a \u0627\u0644\u0645\u0646\u0627\u0633\u0628\u0629 \u0644\u062a\u0639\u0644\u064a\u0645 \u0627\u0644\u0645\u0628\u062a\u062f\u0626\u064a\u0646<\/p>\n","protected":false},"featured_media":37659,"comment_status":"open","ping_status":"closed","template":"","meta":[],"product_brand":[],"product_cat":[1934],"product_tag":[],"class_list":{"0":"post-37658","1":"product","2":"type-product","3":"status-publish","4":"has-post-thumbnail","6":"product_cat-jeux-de-societe","8":"first","9":"instock","10":"shipping-taxable","11":"purchasable","12":"product-type-simple"},"_links":{"self":[{"href":"https:\/\/lamaktaba.fr\/index.php\/wp-json\/wp\/v2\/product\/37658","targetHints":{"allow":["GET"]}}],"collection":[{"href":"https:\/\/lamaktaba.fr\/index.php\/wp-json\/wp\/v2\/product"}],"about":[{"href":"https:\/\/lamaktaba.fr\/index.php\/wp-json\/wp\/v2\/types\/product"}],"replies":[{"embeddable":true,"href":"https:\/\/lamaktaba.fr\/index.php\/wp-json\/wp\/v2\/comments?post=37658"}],"wp:featuredmedia":[{"embeddable":true,"href":"https:\/\/lamaktaba.fr\/index.php\/wp-json\/wp\/v2\/media\/37659"}],"wp:attachment":[{"href":"https:\/\/lamaktaba.fr\/index.php\/wp-json\/wp\/v2\/media?parent=37658"}],"wp:term":[{"taxonomy":"product_brand","embeddable":true,"href":"https:\/\/lamaktaba.fr\/index.php\/wp-json\/wp\/v2\/product_brand?post=37658"},{"taxonomy":"product_cat","embeddable":true,"href":"https:\/\/lamaktaba.fr\/index.php\/wp-json\/wp\/v2\/product_cat?post=37658"},{"taxonomy":"product_tag","embeddable":true,"href":"https:\/\/lamaktaba.fr\/index.php\/wp-json\/wp\/v2\/product_tag?post=37658"}],"curies":[{"name":"wp","href":"https:\/\/api.w.org\/{rel}","templated":true}]}}