{"id":37610,"date":"2021-04-01T00:18:24","date_gmt":"2021-03-31T22:18:24","guid":{"rendered":"https:\/\/lamaktaba.fr\/index.php\/produit\/il-est-grand-comment-allah\/"},"modified":"2025-04-01T12:44:38","modified_gmt":"2025-04-01T10:44:38","slug":"il-est-grand-comment-allah","status":"publish","type":"product","link":"https:\/\/lamaktaba.fr\/index.php\/produit\/il-est-grand-comment-allah","title":{"rendered":"Il est grand comment Allah?"},"content":{"rendered":"<p>Il est grand comment Allah?;Des mots simples pour les petits.;AVEC GUIDE P\u00c9DAGOGIQUE pour accompagner parents et enseignant.e.s;Vous allez adorer ce livre d\u2019un nouveau genre, il est tout simplement g\u00e9nial ! Il va permettre \u00e0 vos chers enfants, gr\u00e2ce \u00e0 des rep\u00e8res \u00e0 leur port\u00e9e, de comprendre le sens de la Grandeur d\u2019Allah. Il ne s\u2019agit pas seulement de dire Allahou Akbar, il faut aussi sentir au plus profond de soi qu\u2019Allah est v\u00e9ritablement plus Grand que tout ! Le guide inclus les accompagnera avec bienveillance et leur proposera diverses activit\u00e9s attrayantes\u2026;Dans la m\u00eame s\u00e9rie: \u00ab IL RESSEMBLE \u00c0 QUOI ALLAH? \u00bb;Un livre super chouette pour comprendre que rien ne ressemble \u00e0 Allah et qu\u2019il est impossible de s\u2019imaginer notre Cr\u00e9ateur !<\/p>\n","protected":false},"excerpt":{"rendered":"<p>Il est grand comment Allah?;Des mots simples pour les petits.;AVEC GUIDE P\u00c9DAGOGIQUE pour accompagner parents et enseignant.e.s;Vous allez adorer ce livre d\u2019un nouveau genre, il est tout simplement g\u00e9nial ! Il va permettre \u00e0 vos chers enfants, gr\u00e2ce \u00e0 des rep\u00e8res \u00e0 leur port\u00e9e, de comprendre le sens de la Grandeur d\u2019Allah. Il ne s\u2019agit pas seulement de dire Allahou Akbar, il faut aussi sentir au plus profond de soi qu\u2019Allah est v\u00e9ritablement plus Grand que tout ! Le guide inclus les accompagnera avec bienveillance et leur proposera diverses activit\u00e9s attrayantes\u2026;Dans la m\u00eame s\u00e9rie: \u00ab IL RESSEMBLE \u00c0 QUOI ALLAH? \u00bb;Un livre super chouette pour comprendre que rien ne ressemble \u00e0 Allah et qu\u2019il est impossible de s\u2019imaginer notre Cr\u00e9ateur !<\/p>\n","protected":false},"featured_media":37611,"comment_status":"open","ping_status":"closed","template":"","meta":[],"product_brand":[],"product_cat":[15],"product_tag":[],"class_list":{"0":"post-37610","1":"product","2":"type-product","3":"status-publish","4":"has-post-thumbnail","6":"product_cat-non-classe","8":"first","9":"instock","10":"shipping-taxable","11":"purchasable","12":"product-type-simple"},"_links":{"self":[{"href":"https:\/\/lamaktaba.fr\/index.php\/wp-json\/wp\/v2\/product\/37610","targetHints":{"allow":["GET"]}}],"collection":[{"href":"https:\/\/lamaktaba.fr\/index.php\/wp-json\/wp\/v2\/product"}],"about":[{"href":"https:\/\/lamaktaba.fr\/index.php\/wp-json\/wp\/v2\/types\/product"}],"replies":[{"embeddable":true,"href":"https:\/\/lamaktaba.fr\/index.php\/wp-json\/wp\/v2\/comments?post=37610"}],"wp:featuredmedia":[{"embeddable":true,"href":"https:\/\/lamaktaba.fr\/index.php\/wp-json\/wp\/v2\/media\/37611"}],"wp:attachment":[{"href":"https:\/\/lamaktaba.fr\/index.php\/wp-json\/wp\/v2\/media?parent=37610"}],"wp:term":[{"taxonomy":"product_brand","embeddable":true,"href":"https:\/\/lamaktaba.fr\/index.php\/wp-json\/wp\/v2\/product_brand?post=37610"},{"taxonomy":"product_cat","embeddable":true,"href":"https:\/\/lamaktaba.fr\/index.php\/wp-json\/wp\/v2\/product_cat?post=37610"},{"taxonomy":"product_tag","embeddable":true,"href":"https:\/\/lamaktaba.fr\/index.php\/wp-json\/wp\/v2\/product_tag?post=37610"}],"curies":[{"name":"wp","href":"https:\/\/api.w.org\/{rel}","templated":true}]}}