{"id":374,"date":"2020-03-02T10:00:00","date_gmt":"2020-03-02T09:00:00","guid":{"rendered":"https:\/\/lamaktaba.fr\/index.php\/produit\/methode-dapprentissage-de-langue-arabe-utilise-a-luniversite-de-medine-tome-1-fahd-abdourrahim-commentaire-de-mohammed-ali-meftah\/"},"modified":"2025-04-01T12:43:48","modified_gmt":"2025-04-01T10:43:48","slug":"methode-dapprentissage-de-langue-arabe-utilise-a-luniversite-de-medine-tome-1-fahd-abdourrahim-commentaire-de-mohammed-ali-meftah","status":"publish","type":"product","link":"https:\/\/lamaktaba.fr\/index.php\/produit\/methode-dapprentissage-de-langue-arabe-utilise-a-luniversite-de-medine-tome-1-fahd-abdourrahim-commentaire-de-mohammed-ali-meftah","title":{"rendered":"M\u00e9thode M\u00e9dine T1\/__ Ed ELKITEB 2015 (Arabe\/Fran\u00e7ais) -Apprentissage de la langue Arabe"},"content":{"rendered":"<p>M\u00e9thode M\u00e9dine d&rsquo;apprentissage de la langue Arabe, tome 1 &#8211; Editions EL KITEB, (Arabe-Fran\u00e7ais);Il s&rsquo;agit d&rsquo;un des livres de grammaire utilis\u00e9s \u00e0 l&rsquo;universit\u00e9 islamique de M\u00e9dine pour enseigner la langue arabe \u00e0 ceux qui ne la parlent pas.;Ces livres sont n\u00e9s d&rsquo;un imp\u00e9ratif: initier le plus rapidement possible \u00e0 la langue arabe tout en conservant l&rsquo;essence et la pens\u00e9e de cette langue.;Ce premier volume s&rsquo;adresse avant tout aux d\u00e9bitants (adultes) non arabophone qui connaissent au moins les lettres de l&rsquo;alphabet arabe.;Sa m\u00e9thode d&rsquo;apprentissage tr\u00e8s simple, compl\u00e8te et rapide permet une approche \u00e9l\u00e9mentaire mais solide des fondements de la langue arabe. Les textes sont pour la plupart d&rsquo;entres eux illustr\u00e9s, facilitant ainsi l&rsquo;apprentissage des mots nouveaux sans devoir constamment avoir recours au dictionnaire.;La p\u00e9dagogie de ce livre est gradu\u00e9e en fonction des connaissances, grammaticales acquises permettant \u00e0 l&rsquo;\u00e9tudiant d&rsquo;\u00e9voluer constamment et durablement tout en r\u00e9visant ses acquis ant\u00e9rieurs.;Cette m\u00e9thode se distingue des m\u00e9thodes d&rsquo;apprentissage modernes et occidentales, qui n&rsquo;offrent qu&rsquo;une approche incompl\u00e8te avoir incorrecte de l&rsquo;arabe. Cela est d\u00fb au fait qu&rsquo;elles ne font que calquer l&rsquo;arabe sur le fran\u00e7ais, faussant ainsi son approche et sa compr\u00e9hension.<\/p>\n","protected":false},"excerpt":{"rendered":"<p>M\u00e9thode M\u00e9dine d&rsquo;apprentissage de la langue Arabe, tome 1 &#8211; Editions EL KITEB, (Arabe-Fran\u00e7ais);Il s&rsquo;agit d&rsquo;un des livres de grammaire utilis\u00e9s \u00e0 l&rsquo;universit\u00e9 islamique de M\u00e9dine pour enseigner la langue arabe \u00e0 ceux qui ne la parlent pas.;Ces livres sont n\u00e9s d&rsquo;un imp\u00e9ratif: initier le plus rapidement possible \u00e0 la langue arabe tout en conservant l&rsquo;essence et la pens\u00e9e de cette langue.;Ce premier volume s&rsquo;adresse avant tout aux d\u00e9bitants (adultes) non arabophone qui connaissent au moins les lettres de l&rsquo;alphabet arabe.;Sa m\u00e9thode d&rsquo;apprentissage tr\u00e8s simple, compl\u00e8te et rapide permet une approche \u00e9l\u00e9mentaire mais solide des fondements de la langue arabe. Les textes sont pour la plupart d&rsquo;entres eux illustr\u00e9s, facilitant ainsi l&rsquo;apprentissage des mots nouveaux sans devoir constamment avoir recours au dictionnaire.;La p\u00e9dagogie de ce livre est gradu\u00e9e en fonction des connaissances, grammaticales acquises permettant \u00e0 l&rsquo;\u00e9tudiant d&rsquo;\u00e9voluer constamment et durablement tout en r\u00e9visant ses acquis ant\u00e9rieurs.;Cette m\u00e9thode se distingue des m\u00e9thodes d&rsquo;apprentissage modernes et occidentales, qui n&rsquo;offrent qu&rsquo;une approche incompl\u00e8te avoir incorrecte de l&rsquo;arabe. Cela est d\u00fb au fait qu&rsquo;elles ne font que calquer l&rsquo;arabe sur le fran\u00e7ais, faussant ainsi son approche et sa compr\u00e9hension.<\/p>\n","protected":false},"featured_media":37248,"comment_status":"open","ping_status":"closed","template":"","meta":[],"product_brand":[],"product_cat":[15],"product_tag":[],"class_list":{"0":"post-374","1":"product","2":"type-product","3":"status-publish","4":"has-post-thumbnail","6":"product_cat-non-classe","7":"pa_annee-446","8":"pa_auteur-vaniyambadi-abdur-rahim","9":"pa_editeur-el-kiteb","10":"pa_langue-arabe-francais","11":"pa_nombre-de-pages-820","12":"pa_reliure-souple","14":"first","15":"outofstock","16":"shipping-taxable","17":"purchasable","18":"product-type-simple"},"_links":{"self":[{"href":"https:\/\/lamaktaba.fr\/index.php\/wp-json\/wp\/v2\/product\/374","targetHints":{"allow":["GET"]}}],"collection":[{"href":"https:\/\/lamaktaba.fr\/index.php\/wp-json\/wp\/v2\/product"}],"about":[{"href":"https:\/\/lamaktaba.fr\/index.php\/wp-json\/wp\/v2\/types\/product"}],"replies":[{"embeddable":true,"href":"https:\/\/lamaktaba.fr\/index.php\/wp-json\/wp\/v2\/comments?post=374"}],"wp:featuredmedia":[{"embeddable":true,"href":"https:\/\/lamaktaba.fr\/index.php\/wp-json\/wp\/v2\/media\/37248"}],"wp:attachment":[{"href":"https:\/\/lamaktaba.fr\/index.php\/wp-json\/wp\/v2\/media?parent=374"}],"wp:term":[{"taxonomy":"product_brand","embeddable":true,"href":"https:\/\/lamaktaba.fr\/index.php\/wp-json\/wp\/v2\/product_brand?post=374"},{"taxonomy":"product_cat","embeddable":true,"href":"https:\/\/lamaktaba.fr\/index.php\/wp-json\/wp\/v2\/product_cat?post=374"},{"taxonomy":"product_tag","embeddable":true,"href":"https:\/\/lamaktaba.fr\/index.php\/wp-json\/wp\/v2\/product_tag?post=374"}],"curies":[{"name":"wp","href":"https:\/\/api.w.org\/{rel}","templated":true}]}}