{"id":37257,"date":"2021-04-01T00:17:16","date_gmt":"2021-03-31T22:17:16","guid":{"rendered":"https:\/\/lamaktaba.fr\/index.php\/produit\/clefs-pour-une-vie-heureuse-cheikh-abd-ar-rahman-as-sadi\/"},"modified":"2025-04-01T12:47:28","modified_gmt":"2025-04-01T10:47:28","slug":"clefs-pour-une-vie-heureuse-cheikh-abd-ar-rahman-as-sadi","status":"publish","type":"product","link":"https:\/\/lamaktaba.fr\/index.php\/produit\/clefs-pour-une-vie-heureuse-cheikh-abd-ar-rahman-as-sadi","title":{"rendered":"Clefs pour une vie heureuse- cheikh &lsquo;Abd Ar-Rahman As-sa&rsquo;di"},"content":{"rendered":"<p>A notre \u00e9poque le stress, les soucis, les id\u00e9es noires et la maladie sont le lot quotidien de beaucoup de gens.;Les musulmans bien qu&rsquo;anim\u00e9s par la foi n&rsquo;y \u00e9chappe pas. La paix de l&rsquo;\u00e2me, sa joie, son insouciance, sont des objectifs vis\u00e9s par tout le monde.;Dans ce livre, Cheikh Sa&rsquo;di, avec un style simple et efficace nous donne les clefs pour une vie heureuse.<\/p>\n","protected":false},"excerpt":{"rendered":"<p>A notre \u00e9poque le stress, les soucis, les id\u00e9es noires et la maladie sont le lot quotidien de beaucoup de gens.;Les musulmans bien qu&rsquo;anim\u00e9s par la foi n&rsquo;y \u00e9chappe pas. La paix de l&rsquo;\u00e2me, sa joie, son insouciance, sont des objectifs vis\u00e9s par tout le monde.;Dans ce livre, Cheikh Sa&rsquo;di, avec un style simple et efficace nous donne les clefs pour une vie heureuse.<\/p>\n","protected":false},"featured_media":37258,"comment_status":"open","ping_status":"closed","template":"","meta":[],"product_brand":[],"product_cat":[15],"product_tag":[],"class_list":{"0":"post-37257","1":"product","2":"type-product","3":"status-publish","4":"has-post-thumbnail","6":"product_cat-non-classe","8":"first","9":"outofstock","10":"shipping-taxable","11":"purchasable","12":"product-type-simple"},"_links":{"self":[{"href":"https:\/\/lamaktaba.fr\/index.php\/wp-json\/wp\/v2\/product\/37257","targetHints":{"allow":["GET"]}}],"collection":[{"href":"https:\/\/lamaktaba.fr\/index.php\/wp-json\/wp\/v2\/product"}],"about":[{"href":"https:\/\/lamaktaba.fr\/index.php\/wp-json\/wp\/v2\/types\/product"}],"replies":[{"embeddable":true,"href":"https:\/\/lamaktaba.fr\/index.php\/wp-json\/wp\/v2\/comments?post=37257"}],"wp:featuredmedia":[{"embeddable":true,"href":"https:\/\/lamaktaba.fr\/index.php\/wp-json\/wp\/v2\/media\/37258"}],"wp:attachment":[{"href":"https:\/\/lamaktaba.fr\/index.php\/wp-json\/wp\/v2\/media?parent=37257"}],"wp:term":[{"taxonomy":"product_brand","embeddable":true,"href":"https:\/\/lamaktaba.fr\/index.php\/wp-json\/wp\/v2\/product_brand?post=37257"},{"taxonomy":"product_cat","embeddable":true,"href":"https:\/\/lamaktaba.fr\/index.php\/wp-json\/wp\/v2\/product_cat?post=37257"},{"taxonomy":"product_tag","embeddable":true,"href":"https:\/\/lamaktaba.fr\/index.php\/wp-json\/wp\/v2\/product_tag?post=37257"}],"curies":[{"name":"wp","href":"https:\/\/api.w.org\/{rel}","templated":true}]}}