{"id":37252,"date":"2021-01-04T00:17:00","date_gmt":"2021-01-03T23:17:00","guid":{"rendered":"https:\/\/lamaktaba.fr\/index.php\/produit\/muhammad-lultime-joyau-de-la-prophetie-le-nectar-cachete-nouvelle-edition-format-poche\/"},"modified":"2025-04-01T12:45:52","modified_gmt":"2025-04-01T10:45:52","slug":"muhammad-lultime-joyau-de-la-prophetie-le-nectar-cachete-nouvelle-edition-format-poche","status":"publish","type":"product","link":"https:\/\/lamaktaba.fr\/index.php\/produit\/muhammad-lultime-joyau-de-la-prophetie-le-nectar-cachete-nouvelle-edition-format-poche","title":{"rendered":"Muhammad L&rsquo;ultime Joyau De La Proph\u00e9tie (Le Nectar Cachet\u00e9) Nouvelle \u00e9dition (Format Poche)"},"content":{"rendered":"<p>La S\u00eera aide \u00e0 la r\u00e9forme \u00e0 partir des normes morales mises en pratique par le Proph\u00e8te (SAWS).;En suivant l&rsquo;exemple du Proph\u00e8te (SAWS) dans ses actes, le musulman peut \u00ab\u00a0d\u00e9raciner\u00a0\u00bb progressivement de son c\u0153ur les mauvais sentiments\/comportement (akhl\u00e2q) avant de les remplacer par les nobles vertus des contextes de la R\u00e9v\u00e9lation et de certains paroles du Proph\u00e8te (SAWS), elle permet enfin au croyant de se forger une v\u00e9ritable personnalit\u00e9 et identit\u00e9 en lui conf\u00e9rant des rep\u00e8res solides et fiables l&rsquo;aidant \u00e0 s&rsquo;\u00e9panouir dans le pays ou la soci\u00e9t\u00e9 o\u00f9 il se trouve.;Ar-Rah\u00eeq Al-Makht\u00fbm (L&rsquo;Ultime Joyau de la Proph\u00e9tie) n&rsquo;est ni un concis ni une \u0153uvre d\u00e9taill\u00e9e \u00e0 l&rsquo;extr\u00eame, mais un livre pr\u00e9cis, d\u00e9taill\u00e9 et complet. Tr\u00e8s accessible, c&rsquo;est le livre de S\u00eera \u00e0 poss\u00e9der, il est un peu comme l&rsquo;Authentique d&rsquo;Al-Buh\u00e2r\u00ee dans le domaine du had\u00eeth, si on ose la comparaison, En d&rsquo;autres termes, le lecteur non sp\u00e9cialis\u00e9 peut consid\u00e9rer les informations en r\u00e9cits de l&rsquo;ouvrage sans se pr\u00e9occuper de la question de l\u2019authenticit\u00e9.;Cette nouvelle \u00e9dition se particularise par un certain nombre de choses, La pr\u00e9sence des versets en langue arabe, la prise en compte des corrections apport\u00e9es par l&rsquo;auteur \u00e0 la premi\u00e8re \u00e9dition, la richesse exceptionnelle des notes de bas de page, toute les notes \u00e9crites par l&rsquo;auteur on \u00e9t\u00e9 traduites et d&rsquo;autres notes explicatives, biographiques ou qui traduisent des passages ne figurant pas dans la premi\u00e8re \u00e9dition, ont \u00e9t\u00e9 ajout\u00e9es, le texte a \u00e9t\u00e9 augment\u00e9 en prenant en compte les diff\u00e9rences entre les deux version du livre, et la pr\u00e9sence de plus d&rsquo;une vingtaine de cartes qui permettent une compr\u00e9hension plus pr\u00e9cise de la S\u00eera.<\/p>\n","protected":false},"excerpt":{"rendered":"<p>La S\u00eera aide \u00e0 la r\u00e9forme \u00e0 partir des normes morales mises en pratique par le Proph\u00e8te (SAWS).;En suivant l&rsquo;exemple du Proph\u00e8te (SAWS) dans ses actes, le musulman peut \u00ab\u00a0d\u00e9raciner\u00a0\u00bb progressivement de son c\u0153ur les mauvais sentiments\/comportement (akhl\u00e2q) avant de les remplacer par les nobles vertus des contextes de la R\u00e9v\u00e9lation et de certains paroles du Proph\u00e8te (SAWS), elle permet enfin au croyant de se forger une v\u00e9ritable personnalit\u00e9 et identit\u00e9 en lui conf\u00e9rant des rep\u00e8res solides et fiables l&rsquo;aidant \u00e0 s&rsquo;\u00e9panouir dans le pays ou la soci\u00e9t\u00e9 o\u00f9 il se trouve.;Ar-Rah\u00eeq Al-Makht\u00fbm (L&rsquo;Ultime Joyau de la Proph\u00e9tie) n&rsquo;est ni un concis ni une \u0153uvre d\u00e9taill\u00e9e \u00e0 l&rsquo;extr\u00eame, mais un livre pr\u00e9cis, d\u00e9taill\u00e9 et complet. Tr\u00e8s accessible, c&rsquo;est le livre de S\u00eera \u00e0 poss\u00e9der, il est un peu comme l&rsquo;Authentique d&rsquo;Al-Buh\u00e2r\u00ee dans le domaine du had\u00eeth, si on ose la comparaison, En d&rsquo;autres termes, le lecteur non sp\u00e9cialis\u00e9 peut consid\u00e9rer les informations en r\u00e9cits de l&rsquo;ouvrage sans se pr\u00e9occuper de la question de l\u2019authenticit\u00e9.;Cette nouvelle \u00e9dition se particularise par un certain nombre de choses, La pr\u00e9sence des versets en langue arabe, la prise en compte des corrections apport\u00e9es par l&rsquo;auteur \u00e0 la premi\u00e8re \u00e9dition, la richesse exceptionnelle des notes de bas de page, toute les notes \u00e9crites par l&rsquo;auteur on \u00e9t\u00e9 traduites et d&rsquo;autres notes explicatives, biographiques ou qui traduisent des passages ne figurant pas dans la premi\u00e8re \u00e9dition, ont \u00e9t\u00e9 ajout\u00e9es, le texte a \u00e9t\u00e9 augment\u00e9 en prenant en compte les diff\u00e9rences entre les deux version du livre, et la pr\u00e9sence de plus d&rsquo;une vingtaine de cartes qui permettent une compr\u00e9hension plus pr\u00e9cise de la S\u00eera.<\/p>\n","protected":false},"featured_media":37253,"comment_status":"open","ping_status":"closed","template":"","meta":[],"product_brand":[],"product_cat":[15],"product_tag":[],"class_list":{"0":"post-37252","1":"product","2":"type-product","3":"status-publish","4":"has-post-thumbnail","6":"product_cat-non-classe","7":"pa_annee-446","8":"pa_auteur-safiyyu-ar-rahman-al-mubarakfuri","9":"pa_editeur-maison-dennour-editions-2","10":"pa_format-poche","11":"pa_langue-francais","12":"pa_nombre-de-pages-823","13":"pa_reliure-souple","15":"first","16":"outofstock","17":"shipping-taxable","18":"purchasable","19":"product-type-simple"},"_links":{"self":[{"href":"https:\/\/lamaktaba.fr\/index.php\/wp-json\/wp\/v2\/product\/37252","targetHints":{"allow":["GET"]}}],"collection":[{"href":"https:\/\/lamaktaba.fr\/index.php\/wp-json\/wp\/v2\/product"}],"about":[{"href":"https:\/\/lamaktaba.fr\/index.php\/wp-json\/wp\/v2\/types\/product"}],"replies":[{"embeddable":true,"href":"https:\/\/lamaktaba.fr\/index.php\/wp-json\/wp\/v2\/comments?post=37252"}],"wp:featuredmedia":[{"embeddable":true,"href":"https:\/\/lamaktaba.fr\/index.php\/wp-json\/wp\/v2\/media\/37253"}],"wp:attachment":[{"href":"https:\/\/lamaktaba.fr\/index.php\/wp-json\/wp\/v2\/media?parent=37252"}],"wp:term":[{"taxonomy":"product_brand","embeddable":true,"href":"https:\/\/lamaktaba.fr\/index.php\/wp-json\/wp\/v2\/product_brand?post=37252"},{"taxonomy":"product_cat","embeddable":true,"href":"https:\/\/lamaktaba.fr\/index.php\/wp-json\/wp\/v2\/product_cat?post=37252"},{"taxonomy":"product_tag","embeddable":true,"href":"https:\/\/lamaktaba.fr\/index.php\/wp-json\/wp\/v2\/product_tag?post=37252"}],"curies":[{"name":"wp","href":"https:\/\/api.w.org\/{rel}","templated":true}]}}