{"id":37237,"date":"2021-01-04T00:17:00","date_gmt":"2021-01-03T23:17:00","guid":{"rendered":"https:\/\/lamaktaba.fr\/index.php\/produit\/adam-et-meryem-heros-de-lislam-comment-se-proteger-contre-shaytane\/"},"modified":"2025-04-01T12:47:28","modified_gmt":"2025-04-01T10:47:28","slug":"adam-et-meryem-heros-de-lislam-comment-se-proteger-contre-shaytane","status":"publish","type":"product","link":"https:\/\/lamaktaba.fr\/index.php\/produit\/adam-et-meryem-heros-de-lislam-comment-se-proteger-contre-shaytane","title":{"rendered":"Adam et Meryem, H\u00e9ros de l&rsquo;Islam (Comment se prot\u00e9ger contre Shaytane&#8230;)"},"content":{"rendered":"<p>Adam et Meryem, H\u00e9ros de l&rsquo;Islam d&rsquo;apr\u00e8s Amine Rahali et Kamel Djait;Cette bande dessin\u00e9e raconte l&rsquo;histoire d&rsquo;Adam et Meryem qui chaque jour essaye de combattre le shaytan et se prot\u00e8ge de lui. Pour cela, ils nous racontent les moyens les plus efficaces comme les invocations \u00e0 dire avant chaque action de la journ\u00e9e.;Une fois r\u00e9veill\u00e9e, je me suis sentie, \u00e0 la fois, boulevers\u00e9e et heureuse. J&rsquo;aurai tellement voulu que ce r\u00eave continue&#8230; il fallait que j&rsquo;en comprenne la signification. Alors, sans attendre, je courus voir maman, persuad\u00e9e qu&rsquo;elle serait surprise d&rsquo;entendre ce que j&rsquo;allais lui raconter. J&rsquo;\u00e9tais tellement pass\u00e9e, je ne savais pas par quoi commencer&#8230; Reprenant mon souffle, je lui dis: \u00ab\u00a0Maman, j&rsquo;ai fais un r\u00eave incroyable!;Allah dit; -Au Nom d&rsquo;Allah le tout Mis\u00e9ricordieux, le tr\u00e8s Mis\u00e9ricordieux-;Nous cr\u00e9\u00e2mes l&rsquo;homme d&rsquo;un argile croissante, extraite d&rsquo;une boue mall\u00e9able. (26);Et quand au djinn (3), Nous l&rsquo;avions auparavant cr\u00e9\u00e9 d&rsquo;un feu d&rsquo;une chaleur ardente.;(27) Et lorsque ton Seigneur dit aux anges: \u00ab\u00a0Je vais cr\u00e9er un homme d&rsquo;argile croissante, extraite d&rsquo;une boue mall\u00e9able, (28) et d\u00e8s que Je l&rsquo;aurai harmonieusement form\u00e9 et lui aurai insuffl\u00e9 Mon souffle de vie, jetez-vous alors, prostern\u00e9s devant lui\u00a0\u00bb (4).;(23) Alors, les Anges se prostern\u00e8rent tous ensemble, (30) except\u00e9 Iblis qui refusa d&rsquo;\u00eatre avec les prostern\u00e9s. (31) Alors [Allah] dit: \u00ab\u00a0O Iblis, pourquoi n&rsquo;es-tu pas au nombre des prostern\u00e9s?\u00a0\u00bb (32) Il dit:\u00a0\u00bb Je ne puis me prosterner devant un homme sue Tu as cr\u00e9\u00e9 d&rsquo;argile croissante, extraite d&rsquo;une boue mall\u00e9able\u00a0\u00bb. (33) &#8211; Et [Allah] dit: \u00ab\u00a0Sors de l\u00e0 [du Paradis], car te voil\u00e0 banni! (34) Et mal\u00e9diction sur toi, jusqu&rsquo;au Jour de la r\u00e9tribution!\u00a0\u00bb (35) &#8211; Il dit: \u00ab\u00a0O mon Seigneur, donne moi donc jusqu&rsquo;au Jour de la r\u00e9tribution! \u00a0\u00bb &#8211; Il dit: \u00ab\u00a0O mon !seigneur, donne-moi donc un d\u00e9lai jusqu&rsquo;au jour o\u00f9 ils (les gens) seront ressuscit\u00e9s\u00a0\u00bb.(36) [Allah] dit: \u00ab\u00a0tu es de ceux \u00e0 qui ce d\u00e9lai est accord\u00e9, (37) jusqu&rsquo;au jour de l&rsquo;instant connu\u00a0\u00bb [Allah].;(38) Il dit: \u00ab\u00a0O mon Seigneur, parce que Tu m&rsquo;as induit en erreur, eh bien je leur enjoliverai la vie sur Terre et les \u00e9garerai tous, (39) \u00e0 l&rsquo;exception, parmi eux, de tes serviteurs \u00e9lus.\u00a0\u00bb (40);- \u00a0\u00bb [Allah] dit: voici une voie droite [qui m\u00e8ne] vers Moi. (41) Sur Mes Serviteurs tu n&rsquo;auras aucune autorit\u00e9, except\u00e9 sur celui qui te suivra parmi les d\u00e9voy\u00e9s. (42) Et l&rsquo;Enfer sera s\u00fbrement leur lieu de rendez-vous \u00e0 tous.;(43) Il a sept portes, et chaque porte en a sa part d\u00e9termin\u00e9e.<\/p>\n","protected":false},"excerpt":{"rendered":"<p>Adam et Meryem, H\u00e9ros de l&rsquo;Islam d&rsquo;apr\u00e8s Amine Rahali et Kamel Djait;Cette bande dessin\u00e9e raconte l&rsquo;histoire d&rsquo;Adam et Meryem qui chaque jour essaye de combattre le shaytan et se prot\u00e8ge de lui. Pour cela, ils nous racontent les moyens les plus efficaces comme les invocations \u00e0 dire avant chaque action de la journ\u00e9e.;Une fois r\u00e9veill\u00e9e, je me suis sentie, \u00e0 la fois, boulevers\u00e9e et heureuse. J&rsquo;aurai tellement voulu que ce r\u00eave continue&#8230; il fallait que j&rsquo;en comprenne la signification. Alors, sans attendre, je courus voir maman, persuad\u00e9e qu&rsquo;elle serait surprise d&rsquo;entendre ce que j&rsquo;allais lui raconter. J&rsquo;\u00e9tais tellement pass\u00e9e, je ne savais pas par quoi commencer&#8230; Reprenant mon souffle, je lui dis: \u00ab\u00a0Maman, j&rsquo;ai fais un r\u00eave incroyable!;Allah dit; -Au Nom d&rsquo;Allah le tout Mis\u00e9ricordieux, le tr\u00e8s Mis\u00e9ricordieux-;Nous cr\u00e9\u00e2mes l&rsquo;homme d&rsquo;un argile croissante, extraite d&rsquo;une boue mall\u00e9able. (26);Et quand au djinn (3), Nous l&rsquo;avions auparavant cr\u00e9\u00e9 d&rsquo;un feu d&rsquo;une chaleur ardente.;(27) Et lorsque ton Seigneur dit aux anges: \u00ab\u00a0Je vais cr\u00e9er un homme d&rsquo;argile croissante, extraite d&rsquo;une boue mall\u00e9able, (28) et d\u00e8s que Je l&rsquo;aurai harmonieusement form\u00e9 et lui aurai insuffl\u00e9 Mon souffle de vie, jetez-vous alors, prostern\u00e9s devant lui\u00a0\u00bb (4).;(23) Alors, les Anges se prostern\u00e8rent tous ensemble, (30) except\u00e9 Iblis qui refusa d&rsquo;\u00eatre avec les prostern\u00e9s. (31) Alors [Allah] dit: \u00ab\u00a0O Iblis, pourquoi n&rsquo;es-tu pas au nombre des prostern\u00e9s?\u00a0\u00bb (32) Il dit:\u00a0\u00bb Je ne puis me prosterner devant un homme sue Tu as cr\u00e9\u00e9 d&rsquo;argile croissante, extraite d&rsquo;une boue mall\u00e9able\u00a0\u00bb. (33) &#8211; Et [Allah] dit: \u00ab\u00a0Sors de l\u00e0 [du Paradis], car te voil\u00e0 banni! (34) Et mal\u00e9diction sur toi, jusqu&rsquo;au Jour de la r\u00e9tribution!\u00a0\u00bb (35) &#8211; Il dit: \u00ab\u00a0O mon Seigneur, donne moi donc jusqu&rsquo;au Jour de la r\u00e9tribution! \u00a0\u00bb &#8211; Il dit: \u00ab\u00a0O mon !seigneur, donne-moi donc un d\u00e9lai jusqu&rsquo;au jour o\u00f9 ils (les gens) seront ressuscit\u00e9s\u00a0\u00bb.(36) [Allah] dit: \u00ab\u00a0tu es de ceux \u00e0 qui ce d\u00e9lai est accord\u00e9, (37) jusqu&rsquo;au jour de l&rsquo;instant connu\u00a0\u00bb [Allah].;(38) Il dit: \u00ab\u00a0O mon Seigneur, parce que Tu m&rsquo;as induit en erreur, eh bien je leur enjoliverai la vie sur Terre et les \u00e9garerai tous, (39) \u00e0 l&rsquo;exception, parmi eux, de tes serviteurs \u00e9lus.\u00a0\u00bb (40);- \u00a0\u00bb [Allah] dit: voici une voie droite [qui m\u00e8ne] vers Moi. (41) Sur Mes Serviteurs tu n&rsquo;auras aucune autorit\u00e9, except\u00e9 sur celui qui te suivra parmi les d\u00e9voy\u00e9s. (42) Et l&rsquo;Enfer sera s\u00fbrement leur lieu de rendez-vous \u00e0 tous.;(43) Il a sept portes, et chaque porte en a sa part d\u00e9termin\u00e9e.<\/p>\n","protected":false},"featured_media":37238,"comment_status":"open","ping_status":"closed","template":"","meta":[],"product_brand":[],"product_cat":[15],"product_tag":[],"class_list":{"0":"post-37237","1":"product","2":"type-product","3":"status-publish","4":"has-post-thumbnail","6":"product_cat-non-classe","7":"pa_annee-451","8":"pa_auteur-amine-rahali-et-kamel-djait","9":"pa_editeur-pixelgraf-editions-2","10":"pa_format-21-5-x-30-5-cm","11":"pa_reliure-rigide","13":"first","14":"outofstock","15":"shipping-taxable","16":"purchasable","17":"product-type-simple"},"_links":{"self":[{"href":"https:\/\/lamaktaba.fr\/index.php\/wp-json\/wp\/v2\/product\/37237","targetHints":{"allow":["GET"]}}],"collection":[{"href":"https:\/\/lamaktaba.fr\/index.php\/wp-json\/wp\/v2\/product"}],"about":[{"href":"https:\/\/lamaktaba.fr\/index.php\/wp-json\/wp\/v2\/types\/product"}],"replies":[{"embeddable":true,"href":"https:\/\/lamaktaba.fr\/index.php\/wp-json\/wp\/v2\/comments?post=37237"}],"wp:featuredmedia":[{"embeddable":true,"href":"https:\/\/lamaktaba.fr\/index.php\/wp-json\/wp\/v2\/media\/37238"}],"wp:attachment":[{"href":"https:\/\/lamaktaba.fr\/index.php\/wp-json\/wp\/v2\/media?parent=37237"}],"wp:term":[{"taxonomy":"product_brand","embeddable":true,"href":"https:\/\/lamaktaba.fr\/index.php\/wp-json\/wp\/v2\/product_brand?post=37237"},{"taxonomy":"product_cat","embeddable":true,"href":"https:\/\/lamaktaba.fr\/index.php\/wp-json\/wp\/v2\/product_cat?post=37237"},{"taxonomy":"product_tag","embeddable":true,"href":"https:\/\/lamaktaba.fr\/index.php\/wp-json\/wp\/v2\/product_tag?post=37237"}],"curies":[{"name":"wp","href":"https:\/\/api.w.org\/{rel}","templated":true}]}}