{"id":37096,"date":"2021-04-01T00:16:41","date_gmt":"2021-03-31T22:16:41","guid":{"rendered":"https:\/\/lamaktaba.fr\/index.php\/produit\/mon-imagier-montessori-des-premiers-mots-arabes-1-des-2ans-%d9%83%d8%aa%d8%a7%d8%a8%d9%8a-%d9%85%d9%88%d9%86%d8%aa%d8%b3%d9%88%d8%b1%d9%8a-%d8%a7%d9%84%d9%85%d8%b5%d9%88%d8%b1-%d9%84%d9%84%d9%83\/"},"modified":"2025-04-01T12:45:51","modified_gmt":"2025-04-01T10:45:51","slug":"mon-imagier-montessori-des-premiers-mots-arabes-1-des-2ans-d983d8aad8a7d8a8d98a-d985d988d986d8aad8b3d988d8b1d98a-d8a7d984d985d8b5d988d8b1-d984d984d983","status":"publish","type":"product","link":"https:\/\/lamaktaba.fr\/index.php\/produit\/mon-imagier-montessori-des-premiers-mots-arabes-1-des-2ans-d983d8aad8a7d8a8d98a-d985d988d986d8aad8b3d988d8b1d98a-d8a7d984d985d8b5d988d8b1-d984d984d983","title":{"rendered":"Mon imagier Montessori des premiers mots arabes 1, (D\u00e8s 2ans)- \u0643\u062a\u0627\u0628\u064a \u0645\u0648\u0646\u062a\u0633\u0648\u0631\u064a \u0627\u0644\u0645\u0635\u0648\u0631 \u0644\u0644\u0643\u0644\u0645\u0627\u062a \u0627\u0644\u0639\u0631\u0628\u064a\u0629 \u0627\u0644\u0627\u0648\u0644\u0649"},"content":{"rendered":"<p>Mon imagier Montessori des premiers mots arabes (D\u00e8s 2 ans);Mon imagier Montessori (cartes classifi\u00e9es) est un mat\u00e9riel ludique et p\u00e9dagogique incontournable de la p\u00e9dagogie Montessori, qui permet \u00e0 l\u2019enfant d\u2019apprendre ses premiers mots arabes pour le pr\u00e9parer \u00e0 l\u2019\u00e9criture et la lecture. Ce superbe coffret est le premier pas dans la p\u00e9dagogie Montessori et contribue avec simplicit\u00e9 \u00e0 une \u00e9volution autonome de l\u2019enfant, gr\u00e2ce \u00e0 un travail;ludique et progressif. Ce coffret contient;\u2014 156 cartes images r\u00e9elles ne repr\u00e9sentant que l\u2019image pour que l\u2019enfant se concentre sur celle-ci. Le mot repr\u00e9sentant l\u2019image est inscrit sur le dos en arabe vocalis\u00e9, ainsi qu\u2019en phon\u00e9tique, en fran\u00e7ais et en anglais, ce qui d\u00e9veloppe le trilinguisme. Les images sont r\u00e9parties en 13 familles que l\u2019on peut classer en 4 grandes cat\u00e9gories: animaux (insectes, oiseaux, animaux de la for\u00eat, animaux marins), objets du quotidien (salon, cuisine, salle de bain, chambre \u00e0 coucher, \u00e9cole, v\u00eatements), aliments (fruits, l\u00e9gumes), moyens de transport.;\u2014 156 tickets de lecture pour lire ses premiers mots.;\u2014 1 fascicule p\u00e9dagogique pour accompagner les parents et les instituteurs \u00e0 travers diverses activit\u00e9s amusantes et savoir comment exploiter au mieux ce coffret.;Avec les coffrets Montessori, lire et \u00e9crire l\u2019arabe devient un jeu d\u2019enfant !<\/p>\n","protected":false},"excerpt":{"rendered":"<p>Mon imagier Montessori des premiers mots arabes (D\u00e8s 2 ans);Mon imagier Montessori (cartes classifi\u00e9es) est un mat\u00e9riel ludique et p\u00e9dagogique incontournable de la p\u00e9dagogie Montessori, qui permet \u00e0 l\u2019enfant d\u2019apprendre ses premiers mots arabes pour le pr\u00e9parer \u00e0 l\u2019\u00e9criture et la lecture. Ce superbe coffret est le premier pas dans la p\u00e9dagogie Montessori et contribue avec simplicit\u00e9 \u00e0 une \u00e9volution autonome de l\u2019enfant, gr\u00e2ce \u00e0 un travail;ludique et progressif. Ce coffret contient;\u2014 156 cartes images r\u00e9elles ne repr\u00e9sentant que l\u2019image pour que l\u2019enfant se concentre sur celle-ci. Le mot repr\u00e9sentant l\u2019image est inscrit sur le dos en arabe vocalis\u00e9, ainsi qu\u2019en phon\u00e9tique, en fran\u00e7ais et en anglais, ce qui d\u00e9veloppe le trilinguisme. Les images sont r\u00e9parties en 13 familles que l\u2019on peut classer en 4 grandes cat\u00e9gories: animaux (insectes, oiseaux, animaux de la for\u00eat, animaux marins), objets du quotidien (salon, cuisine, salle de bain, chambre \u00e0 coucher, \u00e9cole, v\u00eatements), aliments (fruits, l\u00e9gumes), moyens de transport.;\u2014 156 tickets de lecture pour lire ses premiers mots.;\u2014 1 fascicule p\u00e9dagogique pour accompagner les parents et les instituteurs \u00e0 travers diverses activit\u00e9s amusantes et savoir comment exploiter au mieux ce coffret.;Avec les coffrets Montessori, lire et \u00e9crire l\u2019arabe devient un jeu d\u2019enfant !<\/p>\n","protected":false},"featured_media":37097,"comment_status":"open","ping_status":"closed","template":"","meta":[],"product_brand":[],"product_cat":[15],"product_tag":[],"class_list":{"0":"post-37096","1":"product","2":"type-product","3":"status-publish","4":"has-post-thumbnail","6":"product_cat-non-classe","8":"first","9":"outofstock","10":"shipping-taxable","11":"purchasable","12":"product-type-simple"},"_links":{"self":[{"href":"https:\/\/lamaktaba.fr\/index.php\/wp-json\/wp\/v2\/product\/37096","targetHints":{"allow":["GET"]}}],"collection":[{"href":"https:\/\/lamaktaba.fr\/index.php\/wp-json\/wp\/v2\/product"}],"about":[{"href":"https:\/\/lamaktaba.fr\/index.php\/wp-json\/wp\/v2\/types\/product"}],"replies":[{"embeddable":true,"href":"https:\/\/lamaktaba.fr\/index.php\/wp-json\/wp\/v2\/comments?post=37096"}],"wp:featuredmedia":[{"embeddable":true,"href":"https:\/\/lamaktaba.fr\/index.php\/wp-json\/wp\/v2\/media\/37097"}],"wp:attachment":[{"href":"https:\/\/lamaktaba.fr\/index.php\/wp-json\/wp\/v2\/media?parent=37096"}],"wp:term":[{"taxonomy":"product_brand","embeddable":true,"href":"https:\/\/lamaktaba.fr\/index.php\/wp-json\/wp\/v2\/product_brand?post=37096"},{"taxonomy":"product_cat","embeddable":true,"href":"https:\/\/lamaktaba.fr\/index.php\/wp-json\/wp\/v2\/product_cat?post=37096"},{"taxonomy":"product_tag","embeddable":true,"href":"https:\/\/lamaktaba.fr\/index.php\/wp-json\/wp\/v2\/product_tag?post=37096"}],"curies":[{"name":"wp","href":"https:\/\/api.w.org\/{rel}","templated":true}]}}