{"id":36885,"date":"2021-04-01T00:15:58","date_gmt":"2021-03-31T22:15:58","guid":{"rendered":"https:\/\/lamaktaba.fr\/index.php\/produit\/huile-de-pepins-de-raisin-30-ml-grape-seed-oil-%d8%b2%d9%8a%d8%aa-%d8%a8%d8%b0%d8%b1%d8%a7%d9%84%d8%b9%d9%86%d8%a8-dietetique\/"},"modified":"2025-04-01T12:45:05","modified_gmt":"2025-04-01T10:45:05","slug":"huile-de-pepins-de-raisin-30-ml-grape-seed-oil-d8b2d98ad8aa-d8a8d8b0d8b1d8a7d984d8b9d986d8a8-dietetique","status":"publish","type":"product","link":"https:\/\/lamaktaba.fr\/index.php\/produit\/huile-de-pepins-de-raisin-30-ml-grape-seed-oil-d8b2d98ad8aa-d8a8d8b0d8b1d8a7d984d8b9d986d8a8-dietetique","title":{"rendered":"Huile de p\u00e9pins de raisin (30 ml) &#8211; Grape Seed Oil &#8211; \u0632\u064a\u062a \u0628\u0630\u0631\u0627\u0644\u0639\u0646\u0628 &#8211; Di\u00e9t\u00e9tique"},"content":{"rendered":"<p>Huile de p\u00e9pins de raisin (30 ml). Press\u00e9e \u00e0 partir des graines du fruit, l&rsquo;huile est connue pour de nombreux avantages. Poss\u00e8de des propri\u00e9t\u00e9s antioxydantes. Utile pour les massages pour une belle peau et les soins capillaires.;Pressed from the seeds of the fruit, the oil is known for numerous benefits that it provides to the consumer. Some of them are listed below;- Used in Salad dressing, deep frying, marinades and baking;- A useful massage oil;- A good skin and hair care product;- Has antioxidant properties<\/p>\n","protected":false},"excerpt":{"rendered":"<p>Huile de p\u00e9pins de raisin (30 ml). Press\u00e9e \u00e0 partir des graines du fruit, l&rsquo;huile est connue pour de nombreux avantages. Poss\u00e8de des propri\u00e9t\u00e9s antioxydantes. Utile pour les massages pour une belle peau et les soins capillaires.;Pressed from the seeds of the fruit, the oil is known for numerous benefits that it provides to the consumer. Some of them are listed below;- Used in Salad dressing, deep frying, marinades and baking;- A useful massage oil;- A good skin and hair care product;- Has antioxidant properties<\/p>\n","protected":false},"featured_media":36886,"comment_status":"open","ping_status":"closed","template":"","meta":[],"product_brand":[],"product_cat":[80,344],"product_tag":[],"class_list":{"0":"post-36885","1":"product","2":"type-product","3":"status-publish","4":"has-post-thumbnail","6":"product_cat-alimentaire","7":"product_cat-sante-dietetique-alimentaire","9":"first","10":"outofstock","11":"shipping-taxable","12":"purchasable","13":"product-type-simple"},"_links":{"self":[{"href":"https:\/\/lamaktaba.fr\/index.php\/wp-json\/wp\/v2\/product\/36885","targetHints":{"allow":["GET"]}}],"collection":[{"href":"https:\/\/lamaktaba.fr\/index.php\/wp-json\/wp\/v2\/product"}],"about":[{"href":"https:\/\/lamaktaba.fr\/index.php\/wp-json\/wp\/v2\/types\/product"}],"replies":[{"embeddable":true,"href":"https:\/\/lamaktaba.fr\/index.php\/wp-json\/wp\/v2\/comments?post=36885"}],"wp:featuredmedia":[{"embeddable":true,"href":"https:\/\/lamaktaba.fr\/index.php\/wp-json\/wp\/v2\/media\/36886"}],"wp:attachment":[{"href":"https:\/\/lamaktaba.fr\/index.php\/wp-json\/wp\/v2\/media?parent=36885"}],"wp:term":[{"taxonomy":"product_brand","embeddable":true,"href":"https:\/\/lamaktaba.fr\/index.php\/wp-json\/wp\/v2\/product_brand?post=36885"},{"taxonomy":"product_cat","embeddable":true,"href":"https:\/\/lamaktaba.fr\/index.php\/wp-json\/wp\/v2\/product_cat?post=36885"},{"taxonomy":"product_tag","embeddable":true,"href":"https:\/\/lamaktaba.fr\/index.php\/wp-json\/wp\/v2\/product_tag?post=36885"}],"curies":[{"name":"wp","href":"https:\/\/api.w.org\/{rel}","templated":true}]}}