{"id":36141,"date":"2021-09-03T21:44:00","date_gmt":"2021-09-03T19:44:00","guid":{"rendered":"https:\/\/lamaktaba.fr\/index.php\/produit\/les-histoires-des-prophetes-racontees-aux-enfants-de-amina-rekad-pour-enfant-des-5-ans-2eme-edition-amelioree\/"},"modified":"2025-04-01T12:43:20","modified_gmt":"2025-04-01T10:43:20","slug":"les-histoires-des-prophetes-racontees-aux-enfants-de-amina-rekad-pour-enfant-des-5-ans-2eme-edition-amelioree","status":"publish","type":"product","link":"https:\/\/lamaktaba.fr\/index.php\/produit\/les-histoires-des-prophetes-racontees-aux-enfants-de-amina-rekad-pour-enfant-des-5-ans-2eme-edition-amelioree","title":{"rendered":"Les Histoires des Proph\u00e8tes Racont\u00e9es aux Enfants, de Amina Rekad, Pour enfant d\u00e8s 5 ans (2\u00e8me \u00e9dition am\u00e9lior\u00e9e)"},"content":{"rendered":"<p>Les Histoires des Proph\u00e8tes Racont\u00e9es aux Enfants (d&rsquo;apr\u00e9s les sources les plus authentiques), Pour enfant ag\u00e9 d\u00e8s 5 ans, D&rsquo;apr\u00e9s l&rsquo;ouvrage \u00ab\u00a0Les r\u00e9cits des Proph\u00e8tes\u00a0\u00bb de Ibn Kath\u00eer<br \/>Quels meilleurs r\u00e9cits pouvons-nous lire \u00e0 nos enfants si ce n\u2019est que les histoires des proph\u00e8tes cit\u00e9s dans le Coran.<br \/>Orientica a le plaisir de mettre entre vos main ce livre de r\u00e9f\u00e9rence pour les enfants \u00e0 partir de 5 ans. Le style simple et clair et les centaines d\u2019illustrations de qualit\u00e9 vous permettront de revivre les histoires des proph\u00e8tes \u00e0 travers les \u00e2ges, depuis la cr\u00e9ation d\u2019\u00c2dam et Haww\u00e2\u2019 et leur histoire avec Ibl\u00ees&#8230; Jusqu\u2019au dernier des Proph\u00e8te, Mohammed (saw)&#8230;<br \/>Les histoires se succ\u00e8dent les unes apr\u00e8s les autres avec une logique et dans un ordre chronologique.<br \/>Nous esp\u00e9rons que ce livre tr\u00e8s profitable aussi bien pour les petits que pour les grands vous permettra de passer d\u2019agr\u00e9able moments en famille\u2026.<\/p>\n","protected":false},"excerpt":{"rendered":"<p>Les Histoires des Proph\u00e8tes Racont\u00e9es aux Enfants (d&rsquo;apr\u00e9s les sources les plus authentiques), Pour enfant ag\u00e9 d\u00e8s 5 ans, D&rsquo;apr\u00e9s l&rsquo;ouvrage \u00ab\u00a0Les r\u00e9cits des Proph\u00e8tes\u00a0\u00bb de Ibn Kath\u00eer<br \/>Quels meilleurs r\u00e9cits pouvons-nous lire \u00e0 nos enfants si ce n\u2019est que les histoires des proph\u00e8tes cit\u00e9s dans le Coran.<br \/>Orientica a le plaisir de mettre entre vos main ce livre de r\u00e9f\u00e9rence pour les enfants \u00e0 partir de 5 ans. Le style simple et clair et les centaines d\u2019illustrations de qualit\u00e9 vous permettront de revivre les histoires des proph\u00e8tes \u00e0 travers les \u00e2ges, depuis la cr\u00e9ation d\u2019\u00c2dam et Haww\u00e2\u2019 et leur histoire avec Ibl\u00ees&#8230; Jusqu\u2019au dernier des Proph\u00e8te, Mohammed (saw)&#8230;<br \/>Les histoires se succ\u00e8dent les unes apr\u00e8s les autres avec une logique et dans un ordre chronologique.<br \/>Nous esp\u00e9rons que ce livre tr\u00e8s profitable aussi bien pour les petits que pour les grands vous permettra de passer d\u2019agr\u00e9able moments en famille\u2026.<\/p>\n","protected":false},"featured_media":36142,"comment_status":"open","ping_status":"closed","template":"","meta":[],"product_brand":[],"product_cat":[15],"product_tag":[],"class_list":{"0":"post-36141","1":"product","2":"type-product","3":"status-publish","4":"has-post-thumbnail","6":"product_cat-non-classe","8":"first","9":"outofstock","10":"shipping-taxable","11":"purchasable","12":"product-type-simple"},"_links":{"self":[{"href":"https:\/\/lamaktaba.fr\/index.php\/wp-json\/wp\/v2\/product\/36141","targetHints":{"allow":["GET"]}}],"collection":[{"href":"https:\/\/lamaktaba.fr\/index.php\/wp-json\/wp\/v2\/product"}],"about":[{"href":"https:\/\/lamaktaba.fr\/index.php\/wp-json\/wp\/v2\/types\/product"}],"replies":[{"embeddable":true,"href":"https:\/\/lamaktaba.fr\/index.php\/wp-json\/wp\/v2\/comments?post=36141"}],"wp:featuredmedia":[{"embeddable":true,"href":"https:\/\/lamaktaba.fr\/index.php\/wp-json\/wp\/v2\/media\/36142"}],"wp:attachment":[{"href":"https:\/\/lamaktaba.fr\/index.php\/wp-json\/wp\/v2\/media?parent=36141"}],"wp:term":[{"taxonomy":"product_brand","embeddable":true,"href":"https:\/\/lamaktaba.fr\/index.php\/wp-json\/wp\/v2\/product_brand?post=36141"},{"taxonomy":"product_cat","embeddable":true,"href":"https:\/\/lamaktaba.fr\/index.php\/wp-json\/wp\/v2\/product_cat?post=36141"},{"taxonomy":"product_tag","embeddable":true,"href":"https:\/\/lamaktaba.fr\/index.php\/wp-json\/wp\/v2\/product_tag?post=36141"}],"curies":[{"name":"wp","href":"https:\/\/api.w.org\/{rel}","templated":true}]}}