{"id":36131,"date":"2021-09-03T21:44:00","date_gmt":"2021-09-03T19:44:00","guid":{"rendered":"https:\/\/lamaktaba.fr\/index.php\/produit\/lecons-benefiques-tirees-de-la-vie-conjugale-dans-la-maison-du-prophete-khalid-ach-chayi\/"},"modified":"2025-04-01T12:46:13","modified_gmt":"2025-04-01T10:46:13","slug":"lecons-benefiques-tirees-de-la-vie-conjugale-dans-la-maison-du-prophete-khalid-ach-chayi","status":"publish","type":"product","link":"https:\/\/lamaktaba.fr\/index.php\/produit\/lecons-benefiques-tirees-de-la-vie-conjugale-dans-la-maison-du-prophete-khalid-ach-chayi","title":{"rendered":"Le\u00e7ons b\u00e9n\u00e9fiques tir\u00e9es de La vie conjugale dans la maison du Proph\u00e8te &#8211; Khalid ach-Chayi&rsquo;"},"content":{"rendered":"<p>Pour que l&rsquo; harmonie puisse s&rsquo;installer au sein du couple et ainsi aspirer au bonheur, les \u00e9poux doivent, sans cesse, faire des efforts. L&rsquo;id\u00e9al serait que ceux \u00e7i se r\u00e9f\u00e9rent et se guident \u00e0 la lumi\u00e8re d&rsquo;un exemple parfait,il s&rsquo;av\u00e8re que les musulmans savent qu&rsquo;il n&rsquo;est pas meilleur mod\u00e8le pour eux que celui du Proph\u00e8te (sws).<br \/>L&rsquo;objectif du pr\u00e9sent ouvrage est de rappeler, au couple musulman, quelques le\u00e7ons tir\u00e9es de la vie conjugale du Proph\u00e8te (sws). Ces le\u00e7ons serviront d&rsquo;orientation pour certains et de rappel pour d&rsquo;autres. C&rsquo;est en se conformant au mod\u00e8le proph\u00e9tique que le couple musulman pourra cheminer vers l&rsquo;harmonie, la r\u00e9ussite et le bonheur.<\/p>\n","protected":false},"excerpt":{"rendered":"<p>Pour que l&rsquo; harmonie puisse s&rsquo;installer au sein du couple et ainsi aspirer au bonheur, les \u00e9poux doivent, sans cesse, faire des efforts. L&rsquo;id\u00e9al serait que ceux \u00e7i se r\u00e9f\u00e9rent et se guident \u00e0 la lumi\u00e8re d&rsquo;un exemple parfait,il s&rsquo;av\u00e8re que les musulmans savent qu&rsquo;il n&rsquo;est pas meilleur mod\u00e8le pour eux que celui du Proph\u00e8te (sws).<br \/>L&rsquo;objectif du pr\u00e9sent ouvrage est de rappeler, au couple musulman, quelques le\u00e7ons tir\u00e9es de la vie conjugale du Proph\u00e8te (sws). Ces le\u00e7ons serviront d&rsquo;orientation pour certains et de rappel pour d&rsquo;autres. C&rsquo;est en se conformant au mod\u00e8le proph\u00e9tique que le couple musulman pourra cheminer vers l&rsquo;harmonie, la r\u00e9ussite et le bonheur.<\/p>\n","protected":false},"featured_media":36132,"comment_status":"open","ping_status":"closed","template":"","meta":[],"product_brand":[],"product_cat":[15],"product_tag":[],"class_list":{"0":"post-36131","1":"product","2":"type-product","3":"status-publish","4":"has-post-thumbnail","6":"product_cat-non-classe","8":"first","9":"instock","10":"shipping-taxable","11":"purchasable","12":"product-type-simple"},"_links":{"self":[{"href":"https:\/\/lamaktaba.fr\/index.php\/wp-json\/wp\/v2\/product\/36131","targetHints":{"allow":["GET"]}}],"collection":[{"href":"https:\/\/lamaktaba.fr\/index.php\/wp-json\/wp\/v2\/product"}],"about":[{"href":"https:\/\/lamaktaba.fr\/index.php\/wp-json\/wp\/v2\/types\/product"}],"replies":[{"embeddable":true,"href":"https:\/\/lamaktaba.fr\/index.php\/wp-json\/wp\/v2\/comments?post=36131"}],"wp:featuredmedia":[{"embeddable":true,"href":"https:\/\/lamaktaba.fr\/index.php\/wp-json\/wp\/v2\/media\/36132"}],"wp:attachment":[{"href":"https:\/\/lamaktaba.fr\/index.php\/wp-json\/wp\/v2\/media?parent=36131"}],"wp:term":[{"taxonomy":"product_brand","embeddable":true,"href":"https:\/\/lamaktaba.fr\/index.php\/wp-json\/wp\/v2\/product_brand?post=36131"},{"taxonomy":"product_cat","embeddable":true,"href":"https:\/\/lamaktaba.fr\/index.php\/wp-json\/wp\/v2\/product_cat?post=36131"},{"taxonomy":"product_tag","embeddable":true,"href":"https:\/\/lamaktaba.fr\/index.php\/wp-json\/wp\/v2\/product_tag?post=36131"}],"curies":[{"name":"wp","href":"https:\/\/api.w.org\/{rel}","templated":true}]}}