{"id":35883,"date":"2021-09-03T21:44:00","date_gmt":"2021-09-03T19:44:00","guid":{"rendered":"https:\/\/lamaktaba.fr\/index.php\/produit\/le-decret-de-dieu-et-son-arret-%d8%a7%d9%84%d9%82%d8%b6%d8%a7%d8%a1-%d9%88%d8%a7%d9%84%d9%82%d8%af%d8%b1-muhammad-al-ghazali\/"},"modified":"2025-04-01T12:46:12","modified_gmt":"2025-04-01T10:46:12","slug":"le-decret-de-dieu-et-son-arret-d8a7d984d982d8b6d8a7d8a1-d988d8a7d984d982d8afd8b1-muhammad-al-ghazali","status":"publish","type":"product","link":"https:\/\/lamaktaba.fr\/index.php\/produit\/le-decret-de-dieu-et-son-arret-d8a7d984d982d8b6d8a7d8a1-d988d8a7d984d982d8afd8b1-muhammad-al-ghazali","title":{"rendered":"Le D\u00e9cret De Dieu Et Son Arr\u00eat"},"content":{"rendered":"<p>Nombre de gens pensent que croire au d\u00e9cret divin revient \u00e0 dire que Dieu fait de nous ce qu&rsquo;Il veut et que l&rsquo;homme n&rsquo;a aucune volont\u00e9 propre. Or cela est faux. Dieu n&rsquo;a pas voulu contraindre les hommes \u00e0 suivre le chemin de la foi, m\u00eame s&rsquo;Il en avait le pouvoir. Mais Il a voulu qu&rsquo;ils exercent leur libert\u00e9 en acceptant ou en refusant d&#8217;emprunter ce chemin. Sachant que s&rsquo;ils s&rsquo;y refusent, c&rsquo;est par la volont\u00e9 de Dieu. Puisqu&rsquo;Il leur a donn\u00e9 le choix de refuser, et de m\u00eame s&rsquo;ils acceptent, c&rsquo;est par Sa volont\u00e9, \u00e9tant donn\u00e9 qu&rsquo;Il leur a permis de le faire.;Ceux qui pr\u00e9servent la foi naturelle qui leur a \u00e9t\u00e9 inculqu\u00e9e avant m\u00eame leur naissance, et qui ne la corrompent pas en d\u00e9daignant orgueilleusement les signes de Dieu et en suivant leur passions, ces gens-l\u00e0 Dieu raffermira encore leur guidance en leur faisant conna\u00eetre la v\u00e9rit\u00e9 et en leur inculquant l&rsquo;amour de la v\u00e9rit\u00e9. Tandis que ceux qui g\u00e2tent leur fois initiale en se d\u00e9tournant de la v\u00e9rit\u00e9, en se livrant corps et \u00e2me aux passions, de ce monde et qui persistent dans ce chemin, refusant d&rsquo;\u00e9couter la voix de la raison et de pr\u00eater l&rsquo;oreille au rappel des signes de Dieu que l&rsquo;univers leur susurre ou que les croyants leur r\u00e9citent, ceux-l\u00e0 Dieu scelle d\u00e9finitivement leur c\u0153ur apr\u00e8s les avoir longuement avertis des cons\u00e9quences de leurs actes.<\/p>\n","protected":false},"excerpt":{"rendered":"<p>Nombre de gens pensent que croire au d\u00e9cret divin revient \u00e0 dire que Dieu fait de nous ce qu&rsquo;Il veut et que l&rsquo;homme n&rsquo;a aucune volont\u00e9 propre. Or cela est faux. Dieu n&rsquo;a pas voulu contraindre les hommes \u00e0 suivre le chemin de la foi, m\u00eame s&rsquo;Il en avait le pouvoir. Mais Il a voulu qu&rsquo;ils exercent leur libert\u00e9 en acceptant ou en refusant d&#8217;emprunter ce chemin. Sachant que s&rsquo;ils s&rsquo;y refusent, c&rsquo;est par la volont\u00e9 de Dieu. Puisqu&rsquo;Il leur a donn\u00e9 le choix de refuser, et de m\u00eame s&rsquo;ils acceptent, c&rsquo;est par Sa volont\u00e9, \u00e9tant donn\u00e9 qu&rsquo;Il leur a permis de le faire.;Ceux qui pr\u00e9servent la foi naturelle qui leur a \u00e9t\u00e9 inculqu\u00e9e avant m\u00eame leur naissance, et qui ne la corrompent pas en d\u00e9daignant orgueilleusement les signes de Dieu et en suivant leur passions, ces gens-l\u00e0 Dieu raffermira encore leur guidance en leur faisant conna\u00eetre la v\u00e9rit\u00e9 et en leur inculquant l&rsquo;amour de la v\u00e9rit\u00e9. Tandis que ceux qui g\u00e2tent leur fois initiale en se d\u00e9tournant de la v\u00e9rit\u00e9, en se livrant corps et \u00e2me aux passions, de ce monde et qui persistent dans ce chemin, refusant d&rsquo;\u00e9couter la voix de la raison et de pr\u00eater l&rsquo;oreille au rappel des signes de Dieu que l&rsquo;univers leur susurre ou que les croyants leur r\u00e9citent, ceux-l\u00e0 Dieu scelle d\u00e9finitivement leur c\u0153ur apr\u00e8s les avoir longuement avertis des cons\u00e9quences de leurs actes.<\/p>\n","protected":false},"featured_media":37250,"comment_status":"open","ping_status":"closed","template":"","meta":[],"product_brand":[],"product_cat":[1900],"product_tag":[],"class_list":{"0":"post-35883","1":"product","2":"type-product","3":"status-publish","4":"has-post-thumbnail","6":"product_cat-dogme-aqida","8":"first","9":"instock","10":"shipping-taxable","11":"purchasable","12":"product-type-simple"},"_links":{"self":[{"href":"https:\/\/lamaktaba.fr\/index.php\/wp-json\/wp\/v2\/product\/35883","targetHints":{"allow":["GET"]}}],"collection":[{"href":"https:\/\/lamaktaba.fr\/index.php\/wp-json\/wp\/v2\/product"}],"about":[{"href":"https:\/\/lamaktaba.fr\/index.php\/wp-json\/wp\/v2\/types\/product"}],"replies":[{"embeddable":true,"href":"https:\/\/lamaktaba.fr\/index.php\/wp-json\/wp\/v2\/comments?post=35883"}],"wp:featuredmedia":[{"embeddable":true,"href":"https:\/\/lamaktaba.fr\/index.php\/wp-json\/wp\/v2\/media\/37250"}],"wp:attachment":[{"href":"https:\/\/lamaktaba.fr\/index.php\/wp-json\/wp\/v2\/media?parent=35883"}],"wp:term":[{"taxonomy":"product_brand","embeddable":true,"href":"https:\/\/lamaktaba.fr\/index.php\/wp-json\/wp\/v2\/product_brand?post=35883"},{"taxonomy":"product_cat","embeddable":true,"href":"https:\/\/lamaktaba.fr\/index.php\/wp-json\/wp\/v2\/product_cat?post=35883"},{"taxonomy":"product_tag","embeddable":true,"href":"https:\/\/lamaktaba.fr\/index.php\/wp-json\/wp\/v2\/product_tag?post=35883"}],"curies":[{"name":"wp","href":"https:\/\/api.w.org\/{rel}","templated":true}]}}