{"id":35724,"date":"2021-03-09T21:43:59","date_gmt":"2021-03-09T20:43:59","guid":{"rendered":"https:\/\/lamaktaba.fr\/index.php\/produit\/leducation-des-enfants-mouhammad-patel\/"},"modified":"2025-04-01T12:44:45","modified_gmt":"2025-04-01T10:44:45","slug":"leducation-des-enfants-mouhammad-patel","status":"publish","type":"product","link":"https:\/\/lamaktaba.fr\/index.php\/produit\/leducation-des-enfants-mouhammad-patel","title":{"rendered":"L&rsquo;\u00e9ducation des enfants"},"content":{"rendered":"<p>Titre: L&rsquo;\u00e9ducation des enfants;Auteur: Mouhammad Patel;Edition: ENNOUR;Support: Livre;Theme: Biblioth\u00e8que de la famille;Description: La prosp\u00e9rit\u00e9 d\u2019une soci\u00e9t\u00e9 repose en grande partie sur la qualit\u00e9 des structures familiales qui la composent. L\u2019auteur dans cette ouvrage red\u00e9finit les responsabilit\u00e9s des parents quant \u00e0 l\u2019\u00e9ducation de leurs enfants et donne quelques pr\u00e9cieux conseils\u2026<\/p>\n","protected":false},"excerpt":{"rendered":"<p>Titre: L&rsquo;\u00e9ducation des enfants;Auteur: Mouhammad Patel;Edition: ENNOUR;Support: Livre;Theme: Biblioth\u00e8que de la famille;Description: La prosp\u00e9rit\u00e9 d\u2019une soci\u00e9t\u00e9 repose en grande partie sur la qualit\u00e9 des structures familiales qui la composent. L\u2019auteur dans cette ouvrage red\u00e9finit les responsabilit\u00e9s des parents quant \u00e0 l\u2019\u00e9ducation de leurs enfants et donne quelques pr\u00e9cieux conseils\u2026<\/p>\n","protected":false},"featured_media":37283,"comment_status":"open","ping_status":"closed","template":"","meta":[],"product_brand":[],"product_cat":[1910,1925],"product_tag":[],"class_list":{"0":"post-35724","1":"product","2":"type-product","3":"status-publish","4":"has-post-thumbnail","6":"product_cat-education","7":"product_cat-education-des-enfants","8":"pa_editeur-maison-dennour-editions-2","10":"first","11":"outofstock","12":"shipping-taxable","13":"purchasable","14":"product-type-simple"},"_links":{"self":[{"href":"https:\/\/lamaktaba.fr\/index.php\/wp-json\/wp\/v2\/product\/35724","targetHints":{"allow":["GET"]}}],"collection":[{"href":"https:\/\/lamaktaba.fr\/index.php\/wp-json\/wp\/v2\/product"}],"about":[{"href":"https:\/\/lamaktaba.fr\/index.php\/wp-json\/wp\/v2\/types\/product"}],"replies":[{"embeddable":true,"href":"https:\/\/lamaktaba.fr\/index.php\/wp-json\/wp\/v2\/comments?post=35724"}],"wp:featuredmedia":[{"embeddable":true,"href":"https:\/\/lamaktaba.fr\/index.php\/wp-json\/wp\/v2\/media\/37283"}],"wp:attachment":[{"href":"https:\/\/lamaktaba.fr\/index.php\/wp-json\/wp\/v2\/media?parent=35724"}],"wp:term":[{"taxonomy":"product_brand","embeddable":true,"href":"https:\/\/lamaktaba.fr\/index.php\/wp-json\/wp\/v2\/product_brand?post=35724"},{"taxonomy":"product_cat","embeddable":true,"href":"https:\/\/lamaktaba.fr\/index.php\/wp-json\/wp\/v2\/product_cat?post=35724"},{"taxonomy":"product_tag","embeddable":true,"href":"https:\/\/lamaktaba.fr\/index.php\/wp-json\/wp\/v2\/product_tag?post=35724"}],"curies":[{"name":"wp","href":"https:\/\/api.w.org\/{rel}","templated":true}]}}