{"id":35708,"date":"2021-03-09T21:43:58","date_gmt":"2021-03-09T20:43:58","guid":{"rendered":"https:\/\/lamaktaba.fr\/index.php\/produit\/les-delices-du-paradis-dapres-ibn-kathir\/"},"modified":"2025-04-01T12:44:13","modified_gmt":"2025-04-01T10:44:13","slug":"les-delices-du-paradis-dapres-ibn-kathir","status":"publish","type":"product","link":"https:\/\/lamaktaba.fr\/index.php\/produit\/les-delices-du-paradis-dapres-ibn-kathir","title":{"rendered":"Les d\u00e9lices du paradis d\u2019apr\u00e8s Ibn Kathir"},"content":{"rendered":"<p>Les d\u00e9lices du paradis d\u2019apr\u00e8s Ibn Kathir;Depuis la descente d\u2019Adam et d\u2019Eve, l\u2019homme, li\u00e9 \u00e0 Dieu par le pacte primordial, n\u2019a cess\u00e9 d\u2019aspirer \u00e0 retrouver ce qui constitue pour lui sa patrie premi\u00e8re et son lieu de repos, dans la proximit\u00e9 de Son Seigneur. Qatada a dit: \u00ab Adam dit \u00e0 Son Seigneur: \u00ab Seigneur ! demandant pardon? \u00bb \u00ab Dans ce cas, r\u00e9pondit Dieu, Je te ferai acc\u00e9der au Paradis ! \u00bb;Le souvenir de l\u2019Eden, de tout temps, \u00e9t\u00e9 revivifi\u00e9, dans l\u2019esprit des hommes, par la Parole divine descendue sur les Proph\u00e8tes. C\u2019est ainsi que le Coran, \u00e9criture venue sceller la r\u00e9v\u00e9lation de Dieu, de m\u00eame que la Tradition du Proph\u00e8te Muhammad (SWS) ne tarissent pas sur les descriptions du Paradis.;Le pr\u00e9sent livre, les d\u00e9lices du Paradis, que l\u2019on doit \u00e0 l\u2019\u00e9rudit Ibn Kathir, est un floril\u00e8ge de versets et de hadith qui d\u00e9peignent un tableau fantastique, mais r\u00e9el du Paradis, vivifiant ainsi en nous le souvenir des origines. Cette description nous encourage \u00e0 pr\u00e9server sur la Voie du Paradis et nous incite \u00e0 \u00e9viter les chemins de travers qui nous en \u00e9loigneraient.;L\u2019auteur nous d\u00e9voile tout les d\u00e9lices que peut contenir le Paradis dans tous ces d\u00e9tails, voici quelques th\u00e8mes mis en avant;Descriptif du paradis et du bonheur \u00e9ternel.;Evocation du nombre des lieux du Paradis, de leur hauteur et de leur \u00e9tendue;Evocation des chambres du Paradis, de leur hauteur, et de leur grandeur.;Evocation du sol du Paradis.;Le Lotus de la limite.;Du chant des houris aux grands yeux.;Le parfum du Paradis.;Les chevaux du Paradis.;Les pauvres entrent au Paradis avant les riches.;\u2026;Marque -MAISON D&rsquo;ENNOUR Editions R\u00e9f\u00e9rence 9782910891633;Fiche technique AUTEUR: &#8211; Ibn Kathir ANNEE: &#8211; 2009 SUPPORT: &#8211; Livre THEME: &#8211; Biblioth\u00e8que de la Famille \u00c9DITIONS: &#8211; ENNOUR Condition: &#8211; Neuf Nombre de Pages: &#8211; 265 FORMAT (CM): 11 x 18 Poids (kg): &#8211; 0.213 EAN13: &#8211; 9782910891633;RELIURE: &#8211; Souple;R\u00e9f\u00e9rences sp\u00e9cifiques;Donnez votre avis;Aucun commentaire pour le moment<\/p>\n","protected":false},"excerpt":{"rendered":"<p>Les d\u00e9lices du paradis d\u2019apr\u00e8s Ibn Kathir;Depuis la descente d\u2019Adam et d\u2019Eve, l\u2019homme, li\u00e9 \u00e0 Dieu par le pacte primordial, n\u2019a cess\u00e9 d\u2019aspirer \u00e0 retrouver ce qui constitue pour lui sa patrie premi\u00e8re et son lieu de repos, dans la proximit\u00e9 de Son Seigneur. Qatada a dit: \u00ab Adam dit \u00e0 Son Seigneur: \u00ab Seigneur ! demandant pardon? \u00bb \u00ab Dans ce cas, r\u00e9pondit Dieu, Je te ferai acc\u00e9der au Paradis ! \u00bb;Le souvenir de l\u2019Eden, de tout temps, \u00e9t\u00e9 revivifi\u00e9, dans l\u2019esprit des hommes, par la Parole divine descendue sur les Proph\u00e8tes. C\u2019est ainsi que le Coran, \u00e9criture venue sceller la r\u00e9v\u00e9lation de Dieu, de m\u00eame que la Tradition du Proph\u00e8te Muhammad (SWS) ne tarissent pas sur les descriptions du Paradis.;Le pr\u00e9sent livre, les d\u00e9lices du Paradis, que l\u2019on doit \u00e0 l\u2019\u00e9rudit Ibn Kathir, est un floril\u00e8ge de versets et de hadith qui d\u00e9peignent un tableau fantastique, mais r\u00e9el du Paradis, vivifiant ainsi en nous le souvenir des origines. Cette description nous encourage \u00e0 pr\u00e9server sur la Voie du Paradis et nous incite \u00e0 \u00e9viter les chemins de travers qui nous en \u00e9loigneraient.;L\u2019auteur nous d\u00e9voile tout les d\u00e9lices que peut contenir le Paradis dans tous ces d\u00e9tails, voici quelques th\u00e8mes mis en avant;Descriptif du paradis et du bonheur \u00e9ternel.;Evocation du nombre des lieux du Paradis, de leur hauteur et de leur \u00e9tendue;Evocation des chambres du Paradis, de leur hauteur, et de leur grandeur.;Evocation du sol du Paradis.;Le Lotus de la limite.;Du chant des houris aux grands yeux.;Le parfum du Paradis.;Les chevaux du Paradis.;Les pauvres entrent au Paradis avant les riches.;\u2026;Marque -MAISON D&rsquo;ENNOUR Editions R\u00e9f\u00e9rence 9782910891633;Fiche technique AUTEUR: &#8211; Ibn Kathir ANNEE: &#8211; 2009 SUPPORT: &#8211; Livre THEME: &#8211; Biblioth\u00e8que de la Famille \u00c9DITIONS: &#8211; ENNOUR Condition: &#8211; Neuf Nombre de Pages: &#8211; 265 FORMAT (CM): 11 x 18 Poids (kg): &#8211; 0.213 EAN13: &#8211; 9782910891633;RELIURE: &#8211; Souple;R\u00e9f\u00e9rences sp\u00e9cifiques;Donnez votre avis;Aucun commentaire pour le moment<\/p>\n","protected":false},"featured_media":35709,"comment_status":"open","ping_status":"closed","template":"","meta":[],"product_brand":[],"product_cat":[1893],"product_tag":[],"class_list":{"0":"post-35708","1":"product","2":"type-product","3":"status-publish","4":"has-post-thumbnail","6":"product_cat-piliers-de-la-foi","7":"pa_annee-603","8":"pa_auteur-ibn-kathir","9":"pa_editeur-maison-dennour-editions-2","10":"pa_format-11-x-18","11":"pa_nombre-de-pages-605","12":"pa_reliure-souple","14":"first","15":"instock","16":"shipping-taxable","17":"purchasable","18":"product-type-simple"},"_links":{"self":[{"href":"https:\/\/lamaktaba.fr\/index.php\/wp-json\/wp\/v2\/product\/35708","targetHints":{"allow":["GET"]}}],"collection":[{"href":"https:\/\/lamaktaba.fr\/index.php\/wp-json\/wp\/v2\/product"}],"about":[{"href":"https:\/\/lamaktaba.fr\/index.php\/wp-json\/wp\/v2\/types\/product"}],"replies":[{"embeddable":true,"href":"https:\/\/lamaktaba.fr\/index.php\/wp-json\/wp\/v2\/comments?post=35708"}],"wp:featuredmedia":[{"embeddable":true,"href":"https:\/\/lamaktaba.fr\/index.php\/wp-json\/wp\/v2\/media\/35709"}],"wp:attachment":[{"href":"https:\/\/lamaktaba.fr\/index.php\/wp-json\/wp\/v2\/media?parent=35708"}],"wp:term":[{"taxonomy":"product_brand","embeddable":true,"href":"https:\/\/lamaktaba.fr\/index.php\/wp-json\/wp\/v2\/product_brand?post=35708"},{"taxonomy":"product_cat","embeddable":true,"href":"https:\/\/lamaktaba.fr\/index.php\/wp-json\/wp\/v2\/product_cat?post=35708"},{"taxonomy":"product_tag","embeddable":true,"href":"https:\/\/lamaktaba.fr\/index.php\/wp-json\/wp\/v2\/product_tag?post=35708"}],"curies":[{"name":"wp","href":"https:\/\/api.w.org\/{rel}","templated":true}]}}