{"id":356,"date":"2020-03-02T10:00:00","date_gmt":"2020-03-02T09:00:00","guid":{"rendered":"https:\/\/lamaktaba.fr\/index.php\/produit\/la-vie-du-prophete-mohammad-saw-jawad-ali\/"},"modified":"2025-04-01T12:45:08","modified_gmt":"2025-04-01T10:45:08","slug":"la-vie-du-prophete-mohammad-saw-jawad-ali","status":"publish","type":"product","link":"https:\/\/lamaktaba.fr\/index.php\/produit\/la-vie-du-prophete-mohammad-saw-jawad-ali","title":{"rendered":"La vie du Proph\u00e8te Mohammad (saw) &#8211; Jawad Ali"},"content":{"rendered":"<p>La bonne \u00e9ducation des jeunes et des adolescents est un souci majeur pour tout parent et enseignant. De cette \u00e9ducation d\u00e9pend en grande partie leur vie pr\u00e9sente et future. Ce petit livre est con\u00e7u dans un style adapt\u00e9 aux jeunes en vue de leur faire d\u00e9couvrir la vie du Proph\u00e8te de l&rsquo;islam. Une vie pleine de sagesse et riche d&rsquo;enseignement qui leur serviront pour s&rsquo;instruire et se construire dans un esprit d&rsquo;ouverture et de tol\u00e9rance.<\/p>\n","protected":false},"excerpt":{"rendered":"<p>La bonne \u00e9ducation des jeunes et des adolescents est un souci majeur pour tout parent et enseignant. De cette \u00e9ducation d\u00e9pend en grande partie leur vie pr\u00e9sente et future. Ce petit livre est con\u00e7u dans un style adapt\u00e9 aux jeunes en vue de leur faire d\u00e9couvrir la vie du Proph\u00e8te de l&rsquo;islam. Une vie pleine [&hellip;]<\/p>\n","protected":false},"featured_media":5416,"comment_status":"open","ping_status":"closed","template":"","meta":[],"product_brand":[],"product_cat":[15],"product_tag":[],"class_list":{"0":"post-356","1":"product","2":"type-product","3":"status-publish","4":"has-post-thumbnail","6":"product_cat-non-classe","7":"pa_editeur-la-ruche","9":"first","10":"instock","11":"shipping-taxable","12":"purchasable","13":"product-type-simple"},"_links":{"self":[{"href":"https:\/\/lamaktaba.fr\/index.php\/wp-json\/wp\/v2\/product\/356","targetHints":{"allow":["GET"]}}],"collection":[{"href":"https:\/\/lamaktaba.fr\/index.php\/wp-json\/wp\/v2\/product"}],"about":[{"href":"https:\/\/lamaktaba.fr\/index.php\/wp-json\/wp\/v2\/types\/product"}],"replies":[{"embeddable":true,"href":"https:\/\/lamaktaba.fr\/index.php\/wp-json\/wp\/v2\/comments?post=356"}],"wp:featuredmedia":[{"embeddable":true,"href":"https:\/\/lamaktaba.fr\/index.php\/wp-json\/wp\/v2\/media\/5416"}],"wp:attachment":[{"href":"https:\/\/lamaktaba.fr\/index.php\/wp-json\/wp\/v2\/media?parent=356"}],"wp:term":[{"taxonomy":"product_brand","embeddable":true,"href":"https:\/\/lamaktaba.fr\/index.php\/wp-json\/wp\/v2\/product_brand?post=356"},{"taxonomy":"product_cat","embeddable":true,"href":"https:\/\/lamaktaba.fr\/index.php\/wp-json\/wp\/v2\/product_cat?post=356"},{"taxonomy":"product_tag","embeddable":true,"href":"https:\/\/lamaktaba.fr\/index.php\/wp-json\/wp\/v2\/product_tag?post=356"}],"curies":[{"name":"wp","href":"https:\/\/api.w.org\/{rel}","templated":true}]}}