{"id":353,"date":"2020-03-02T10:00:00","date_gmt":"2020-03-02T09:00:00","guid":{"rendered":"https:\/\/lamaktaba.fr\/index.php\/produit\/08-les-frayeurs-de-lenfer\/"},"modified":"2025-04-01T12:47:12","modified_gmt":"2025-04-01T10:47:12","slug":"08-les-frayeurs-de-lenfer","status":"publish","type":"product","link":"https:\/\/lamaktaba.fr\/index.php\/produit\/08-les-frayeurs-de-lenfer","title":{"rendered":"08-Les frayeurs de l&rsquo;Enfer"},"content":{"rendered":"<p>Titre: Les frayeurs de l&rsquo;Enfer<br \/>Auteur: Ibn Rajab al Hanbali<br \/>Edition: LA RUCHE<br \/>Support: Livre<br \/>Theme: Piliers de la FOI<br \/>Description: Dieu a cr\u00e9\u00e9 les hommes pour qu&rsquo;ils Le connaissent, L&rsquo;adorent, L&rsquo;aiment, Le redoutent et Le craignent. Il a institu\u00e9 pour eux des preuves qui attestent de Sa gloire et de Sa toute puissance, Il a d\u00e9crit pour eux la rigueur de Son ch\u00e2timent et Il leur a d\u00e9crit la demeure de Sa sanction, pr\u00e9par\u00e9e pour quiconque Lui d\u00e9sob\u00e9it, afin qu&rsquo;on se pr\u00e9munisse \u00e0 Son \u00e9gard par le moyen des bonnes \u0153uvres.<\/p>\n","protected":false},"excerpt":{"rendered":"<p>Titre: Les frayeurs de l&rsquo;EnferAuteur: Ibn Rajab al HanbaliEdition: LA RUCHESupport: LivreTheme: Piliers de la FOIDescription: Dieu a cr\u00e9\u00e9 les hommes pour qu&rsquo;ils Le connaissent, L&rsquo;adorent, L&rsquo;aiment, Le redoutent et Le craignent. Il a institu\u00e9 pour eux des preuves qui attestent de Sa gloire et de Sa toute puissance, Il a d\u00e9crit pour eux la [&hellip;]<\/p>\n","protected":false},"featured_media":5412,"comment_status":"open","ping_status":"closed","template":"","meta":[],"product_brand":[],"product_cat":[15],"product_tag":[],"class_list":{"0":"post-353","1":"product","2":"type-product","3":"status-publish","4":"has-post-thumbnail","6":"product_cat-non-classe","8":"first","9":"outofstock","10":"shipping-taxable","11":"purchasable","12":"product-type-simple"},"_links":{"self":[{"href":"https:\/\/lamaktaba.fr\/index.php\/wp-json\/wp\/v2\/product\/353","targetHints":{"allow":["GET"]}}],"collection":[{"href":"https:\/\/lamaktaba.fr\/index.php\/wp-json\/wp\/v2\/product"}],"about":[{"href":"https:\/\/lamaktaba.fr\/index.php\/wp-json\/wp\/v2\/types\/product"}],"replies":[{"embeddable":true,"href":"https:\/\/lamaktaba.fr\/index.php\/wp-json\/wp\/v2\/comments?post=353"}],"wp:featuredmedia":[{"embeddable":true,"href":"https:\/\/lamaktaba.fr\/index.php\/wp-json\/wp\/v2\/media\/5412"}],"wp:attachment":[{"href":"https:\/\/lamaktaba.fr\/index.php\/wp-json\/wp\/v2\/media?parent=353"}],"wp:term":[{"taxonomy":"product_brand","embeddable":true,"href":"https:\/\/lamaktaba.fr\/index.php\/wp-json\/wp\/v2\/product_brand?post=353"},{"taxonomy":"product_cat","embeddable":true,"href":"https:\/\/lamaktaba.fr\/index.php\/wp-json\/wp\/v2\/product_cat?post=353"},{"taxonomy":"product_tag","embeddable":true,"href":"https:\/\/lamaktaba.fr\/index.php\/wp-json\/wp\/v2\/product_tag?post=353"}],"curies":[{"name":"wp","href":"https:\/\/api.w.org\/{rel}","templated":true}]}}