{"id":34565,"date":"2020-10-18T16:05:37","date_gmt":"2020-10-18T14:05:37","guid":{"rendered":"https:\/\/lamaktaba.fr\/index.php\/produit\/batonnets-dencens-a-la-lavande-lavender-encens-sticks-parfum-encens\/"},"modified":"2025-04-01T12:46:07","modified_gmt":"2025-04-01T10:46:07","slug":"batonnets-dencens-a-la-lavande-lavender-encens-sticks-parfum-encens","status":"publish","type":"product","link":"https:\/\/lamaktaba.fr\/index.php\/produit\/batonnets-dencens-a-la-lavande-lavender-encens-sticks-parfum-encens","title":{"rendered":"B\u00e2tonnets d&rsquo;encens \u00e0 la lavande &#8211; Lavender Encens Sticks &#8211; Parfum \/ Encens"},"content":{"rendered":"<p>Paquet de b\u00e2tonnets d&rsquo;encens \u00e0 la lavande d&rsquo;Inde fait \u00e0 la main, sous emballage herm\u00e9tique.<br \/>Placez les b\u00e2tonnets d&rsquo;encens sur un support r\u00e9sistant \u00e0 la chaleur.<br \/>Allumez le bout du b\u00e2tonnet, laissez prendre la flamme, puis l&rsquo;\u00e9teindre au soufflant l\u00e9g\u00e8rement dessus.<br \/>Surveillez toujours l&rsquo;encens qui br\u00fble.<br \/>Laissez hors de la port\u00e9 des enfants.<br \/>L&rsquo;encens n&rsquo;est pas comestible.<br \/>Allumez les b\u00e2tonnets d&rsquo;encens avec prudence et asseyez-vous ensuite retrait.<br \/>D\u00e9contractez-vous et appr\u00e9ciez.<\/p>\n","protected":false},"excerpt":{"rendered":"<p>Paquet de b\u00e2tonnets d&rsquo;encens \u00e0 la lavande d&rsquo;Inde fait \u00e0 la main, sous emballage herm\u00e9tique.<br \/>Placez les b\u00e2tonnets d&rsquo;encens sur un support r\u00e9sistant \u00e0 la chaleur.<br \/>Allumez le bout du b\u00e2tonnet, laissez prendre la flamme, puis l&rsquo;\u00e9teindre au soufflant l\u00e9g\u00e8rement dessus.<br \/>Surveillez toujours l&rsquo;encens qui br\u00fble.<br \/>Laissez hors de la port\u00e9 des enfants.<br \/>L&rsquo;encens n&rsquo;est pas comestible.<br \/>Allumez les b\u00e2tonnets d&rsquo;encens avec prudence et asseyez-vous ensuite retrait.<br \/>D\u00e9contractez-vous et appr\u00e9ciez.<\/p>\n","protected":false},"featured_media":34710,"comment_status":"open","ping_status":"closed","template":"","meta":[],"product_brand":[],"product_cat":[283],"product_tag":[],"class_list":{"0":"post-34565","1":"product","2":"type-product","3":"status-publish","4":"has-post-thumbnail","6":"product_cat-sante-dietetique-cosmetique","8":"first","9":"outofstock","10":"shipping-taxable","11":"purchasable","12":"product-type-simple"},"_links":{"self":[{"href":"https:\/\/lamaktaba.fr\/index.php\/wp-json\/wp\/v2\/product\/34565","targetHints":{"allow":["GET"]}}],"collection":[{"href":"https:\/\/lamaktaba.fr\/index.php\/wp-json\/wp\/v2\/product"}],"about":[{"href":"https:\/\/lamaktaba.fr\/index.php\/wp-json\/wp\/v2\/types\/product"}],"replies":[{"embeddable":true,"href":"https:\/\/lamaktaba.fr\/index.php\/wp-json\/wp\/v2\/comments?post=34565"}],"wp:featuredmedia":[{"embeddable":true,"href":"https:\/\/lamaktaba.fr\/index.php\/wp-json\/wp\/v2\/media\/34710"}],"wp:attachment":[{"href":"https:\/\/lamaktaba.fr\/index.php\/wp-json\/wp\/v2\/media?parent=34565"}],"wp:term":[{"taxonomy":"product_brand","embeddable":true,"href":"https:\/\/lamaktaba.fr\/index.php\/wp-json\/wp\/v2\/product_brand?post=34565"},{"taxonomy":"product_cat","embeddable":true,"href":"https:\/\/lamaktaba.fr\/index.php\/wp-json\/wp\/v2\/product_cat?post=34565"},{"taxonomy":"product_tag","embeddable":true,"href":"https:\/\/lamaktaba.fr\/index.php\/wp-json\/wp\/v2\/product_tag?post=34565"}],"curies":[{"name":"wp","href":"https:\/\/api.w.org\/{rel}","templated":true}]}}