{"id":34552,"date":"1970-01-01T00:00:00","date_gmt":"1969-12-31T23:00:00","guid":{"rendered":"https:\/\/lamaktaba.fr\/index.php\/produit\/sourate-ya-sin-arabe-francais-phonetique-%d8%b3%d9%88%d8%b1%d8%a9-%d9%8a%d8%b3\/"},"modified":"2025-04-01T12:43:43","modified_gmt":"2025-04-01T10:43:43","slug":"sourate-ya-sin-arabe-francais-phonetique-d8b3d988d8b1d8a9-d98ad8b3","status":"publish","type":"product","link":"https:\/\/lamaktaba.fr\/index.php\/produit\/sourate-ya-sin-arabe-francais-phonetique-d8b3d988d8b1d8a9-d98ad8b3","title":{"rendered":"Sourate Y\u00c2 S\u00ceN (Arabe- Fran\u00e7ais- Phon\u00e9tique) &#8211; \u0633\u0648\u0631\u0629 \u064a\u0633"},"content":{"rendered":"<p>Sourate Y\u00c2 S\u00ceN (Arabe- Fran\u00e7ais- Phon\u00e9tique) &#8211; \u0633\u0648\u0631\u0629 \u064a\u0633;Sourate 36 du Coran: Y\u00c2 S\u00ceN;Les vertus de la sourate Ya Sin;- Al Hasan rapporte avoir entendu Abou Hourayra (qu\u2019Allah soit satisfit de lui) dire: le Messager d\u2019Allah (sws) nous a confi\u00e9;\u00ab Celui qui r\u00e9cite Ya sin durant la nuit se r\u00e9veillera pardonn\u00e9s de ces p\u00e9ch\u00e9s, tout comme celui qui r\u00e9cite la sourate La fum\u00e9e. \u00bb;Et la cha\u00eene de narrateurs de ce hadiths est bonne (jayyid). Ibn Hibban rapporte par ailleurs dans son recueil de Hadiths authentiques, d\u2019apr\u00e8s Jondob ibn \u2018Abdillah, que le Messager d\u2019Allah (salallahou alayhi wa salam) a dit;\u00ab Celui qui r\u00e9cite Ya Sin durant la nuit, pour le visage d\u2019Allah, sera pardonn\u00e9. \u00bb;- L\u2019envoy\u00e9 de Dieu (saw) dit: \u00ab\u00a0Toute chose a un coeur et le coeur du Coran est la sourate Y\u00e2 S\u00een. Celui qui r\u00e9cite Y\u00e2-S\u00een, Allah lui inscrira une r\u00e9compense \u00e9quivalente \u00e0 dix fois la r\u00e9citation du Coran entier.\u00a0\u00bb Rapport\u00e9 par At-Tirmidh\u00ee dans Kit\u00e2b Fad\u00e2\u2019il Al-Qur\u2019\u00e2n qui le qualifie de had\u00eeth singulier, Ad-D\u00e2rim\u00ee dans Kit\u00e2b Fad\u00e2\u2019il Al-Qur\u2019\u00e2n, et Al-Bayhaq\u00ee dans Shu\u2018ab Al-\u00cem\u00e2n.<\/p>\n","protected":false},"excerpt":{"rendered":"<p>Sourate Y\u00c2 S\u00ceN (Arabe- Fran\u00e7ais- Phon\u00e9tique) &#8211; \u0633\u0648\u0631\u0629 \u064a\u0633;Sourate 36 du Coran: Y\u00c2 S\u00ceN;Les vertus de la sourate Ya Sin;- Al Hasan rapporte avoir entendu Abou Hourayra (qu\u2019Allah soit satisfit de lui) dire: le Messager d\u2019Allah (sws) nous a confi\u00e9;\u00ab Celui qui r\u00e9cite Ya sin durant la nuit se r\u00e9veillera pardonn\u00e9s de ces p\u00e9ch\u00e9s, tout comme celui qui r\u00e9cite la sourate La fum\u00e9e. \u00bb;Et la cha\u00eene de narrateurs de ce hadiths est bonne (jayyid). Ibn Hibban rapporte par ailleurs dans son recueil de Hadiths authentiques, d\u2019apr\u00e8s Jondob ibn \u2018Abdillah, que le Messager d\u2019Allah (salallahou alayhi wa salam) a dit;\u00ab Celui qui r\u00e9cite Ya Sin durant la nuit, pour le visage d\u2019Allah, sera pardonn\u00e9. \u00bb;- L\u2019envoy\u00e9 de Dieu (saw) dit: \u00ab\u00a0Toute chose a un coeur et le coeur du Coran est la sourate Y\u00e2 S\u00een. Celui qui r\u00e9cite Y\u00e2-S\u00een, Allah lui inscrira une r\u00e9compense \u00e9quivalente \u00e0 dix fois la r\u00e9citation du Coran entier.\u00a0\u00bb Rapport\u00e9 par At-Tirmidh\u00ee dans Kit\u00e2b Fad\u00e2\u2019il Al-Qur\u2019\u00e2n qui le qualifie de had\u00eeth singulier, Ad-D\u00e2rim\u00ee dans Kit\u00e2b Fad\u00e2\u2019il Al-Qur\u2019\u00e2n, et Al-Bayhaq\u00ee dans Shu\u2018ab Al-\u00cem\u00e2n.<\/p>\n","protected":false},"featured_media":36819,"comment_status":"open","ping_status":"closed","template":"","meta":[],"product_brand":[],"product_cat":[1904],"product_tag":[],"class_list":{"0":"post-34552","1":"product","2":"type-product","3":"status-publish","4":"has-post-thumbnail","6":"product_cat-saint-coran","7":"pa_annee-381","8":"pa_editeur-maison-dennour-editions-2","9":"pa_format-8-x-12-cm","10":"pa_langue-arabe-francais-phonetique","11":"pa_nombre-de-pages-405","12":"pa_reliure-souple","14":"first","15":"instock","16":"shipping-taxable","17":"purchasable","18":"product-type-simple"},"_links":{"self":[{"href":"https:\/\/lamaktaba.fr\/index.php\/wp-json\/wp\/v2\/product\/34552","targetHints":{"allow":["GET"]}}],"collection":[{"href":"https:\/\/lamaktaba.fr\/index.php\/wp-json\/wp\/v2\/product"}],"about":[{"href":"https:\/\/lamaktaba.fr\/index.php\/wp-json\/wp\/v2\/types\/product"}],"replies":[{"embeddable":true,"href":"https:\/\/lamaktaba.fr\/index.php\/wp-json\/wp\/v2\/comments?post=34552"}],"wp:featuredmedia":[{"embeddable":true,"href":"https:\/\/lamaktaba.fr\/index.php\/wp-json\/wp\/v2\/media\/36819"}],"wp:attachment":[{"href":"https:\/\/lamaktaba.fr\/index.php\/wp-json\/wp\/v2\/media?parent=34552"}],"wp:term":[{"taxonomy":"product_brand","embeddable":true,"href":"https:\/\/lamaktaba.fr\/index.php\/wp-json\/wp\/v2\/product_brand?post=34552"},{"taxonomy":"product_cat","embeddable":true,"href":"https:\/\/lamaktaba.fr\/index.php\/wp-json\/wp\/v2\/product_cat?post=34552"},{"taxonomy":"product_tag","embeddable":true,"href":"https:\/\/lamaktaba.fr\/index.php\/wp-json\/wp\/v2\/product_tag?post=34552"}],"curies":[{"name":"wp","href":"https:\/\/api.w.org\/{rel}","templated":true}]}}