{"id":34,"date":"2020-02-03T10:00:00","date_gmt":"2020-02-03T09:00:00","guid":{"rendered":"https:\/\/lamaktaba.fr\/index.php\/produit\/lunion-des-musulmans-%d9%82%d8%a7%d8%b9%d8%af%d8%a9-%d9%81%d9%8a-%d8%ac%d9%85%d8%b9-%d9%83%d9%84%d9%85%d8%a9-%d8%a7%d9%84%d9%85%d8%b3%d9%84%d9%85%d9%8a%d9%86-cheikh-al-islam-ibn-taymiyya\/"},"modified":"2025-04-01T12:44:43","modified_gmt":"2025-04-01T10:44:43","slug":"lunion-des-musulmans-d982d8a7d8b9d8afd8a9-d981d98a-d8acd985d8b9-d983d984d985d8a9-d8a7d984d985d8b3d984d985d98ad986-cheikh-al-islam-ibn-taymiyya","status":"publish","type":"product","link":"https:\/\/lamaktaba.fr\/index.php\/produit\/lunion-des-musulmans-d982d8a7d8b9d8afd8a9-d981d98a-d8acd985d8b9-d983d984d985d8a9-d8a7d984d985d8b3d984d985d98ad986-cheikh-al-islam-ibn-taymiyya","title":{"rendered":"L&rsquo;union des musulmans"},"content":{"rendered":"<p>L&rsquo;union des musulmans;Le proph\u00e8te (sws) a inform\u00e9 sa communaut\u00e9 le sectarisme et la division.Cependant, la division n&rsquo;est pas une fatalit\u00e9, car les Testes du Coran et de la Sunna sont nombreux \u00e0 inciter les musulmans \u00e0 s&rsquo;unir et \u00e0 ne pas se diviser.;\u00a0\u00bbEt cramponnez-vous tous ensemble au c\u00e2ble d&rsquo;Allah et ne soyez pas divis\u00e9s.;L&rsquo;union des musulmans est vant\u00e9e tandis que la division est blam\u00e9e et condamn\u00e9e. L&rsquo;union est un devoir auquel aucun croyant ne peut se soustraire.;\u00a0\u00bbCelui qui se s\u00e9pare de la communaut\u00e9, puis meurt, mourra comme quelqu&rsquo;un de la jahiliya.\u00a0\u00bb(Hadith proph\u00e9tique rappot\u00e9 par Muslim)<\/p>\n","protected":false},"excerpt":{"rendered":"<p>L&rsquo;union des musulmans;Le proph\u00e8te (sws) a inform\u00e9 sa communaut\u00e9 le sectarisme et la division.Cependant, la division n&rsquo;est pas une fatalit\u00e9, car les Testes du Coran et de la Sunna sont nombreux \u00e0 inciter les musulmans \u00e0 s&rsquo;unir et \u00e0 ne pas se diviser.;\u00a0\u00bbEt cramponnez-vous tous ensemble au c\u00e2ble d&rsquo;Allah et ne soyez pas divis\u00e9s.;L&rsquo;union des musulmans est vant\u00e9e tandis que la division est blam\u00e9e et condamn\u00e9e. L&rsquo;union est un devoir auquel aucun croyant ne peut se soustraire.;\u00a0\u00bbCelui qui se s\u00e9pare de la communaut\u00e9, puis meurt, mourra comme quelqu&rsquo;un de la jahiliya.\u00a0\u00bb(Hadith proph\u00e9tique rappot\u00e9 par Muslim)<\/p>\n","protected":false},"featured_media":37048,"comment_status":"open","ping_status":"closed","template":"","meta":[],"product_brand":[],"product_cat":[1941],"product_tag":[],"class_list":{"0":"post-34","1":"product","2":"type-product","3":"status-publish","4":"has-post-thumbnail","6":"product_cat-islam-aujourdhui","7":"pa_annee-451","8":"pa_auteur-ibn-taymiyya","9":"pa_editeur-alhadith-editions","10":"pa_format-9-x-13-cm","11":"pa_langue-francais","12":"pa_nombre-de-pages-660","13":"pa_reliure-souple","15":"first","16":"outofstock","17":"shipping-taxable","18":"purchasable","19":"product-type-simple"},"_links":{"self":[{"href":"https:\/\/lamaktaba.fr\/index.php\/wp-json\/wp\/v2\/product\/34","targetHints":{"allow":["GET"]}}],"collection":[{"href":"https:\/\/lamaktaba.fr\/index.php\/wp-json\/wp\/v2\/product"}],"about":[{"href":"https:\/\/lamaktaba.fr\/index.php\/wp-json\/wp\/v2\/types\/product"}],"replies":[{"embeddable":true,"href":"https:\/\/lamaktaba.fr\/index.php\/wp-json\/wp\/v2\/comments?post=34"}],"wp:featuredmedia":[{"embeddable":true,"href":"https:\/\/lamaktaba.fr\/index.php\/wp-json\/wp\/v2\/media\/37048"}],"wp:attachment":[{"href":"https:\/\/lamaktaba.fr\/index.php\/wp-json\/wp\/v2\/media?parent=34"}],"wp:term":[{"taxonomy":"product_brand","embeddable":true,"href":"https:\/\/lamaktaba.fr\/index.php\/wp-json\/wp\/v2\/product_brand?post=34"},{"taxonomy":"product_cat","embeddable":true,"href":"https:\/\/lamaktaba.fr\/index.php\/wp-json\/wp\/v2\/product_cat?post=34"},{"taxonomy":"product_tag","embeddable":true,"href":"https:\/\/lamaktaba.fr\/index.php\/wp-json\/wp\/v2\/product_tag?post=34"}],"curies":[{"name":"wp","href":"https:\/\/api.w.org\/{rel}","templated":true}]}}