{"id":339,"date":"2020-02-03T10:00:00","date_gmt":"2020-02-03T09:00:00","guid":{"rendered":"https:\/\/lamaktaba.fr\/index.php\/produit\/traitement-guerison-de-la-sorcellerie-khalid-al-juraysi\/"},"modified":"2025-04-01T12:45:07","modified_gmt":"2025-04-01T10:45:07","slug":"traitement-guerison-de-la-sorcellerie-khalid-al-juraysi","status":"publish","type":"product","link":"https:\/\/lamaktaba.fr\/index.php\/produit\/traitement-guerison-de-la-sorcellerie-khalid-al-juraysi","title":{"rendered":"Traitement &#038; gu\u00e9rison de la sorcellerie &#8211; Khalid Al-Jurays\u00ee"},"content":{"rendered":"<p>Djinns, d\u00e9mons, diables, sorciers, mages, devins, mauvais \u0153il\u2026 sortil\u00e8ges, envo\u00fbtements, incantations sataniques, sacrifice rituelle, et exorcisme\u2026<br \/>\nVoici le monde de la sorcellerie !<br \/>\nIl s\u2019agit d\u2019un monde mystique, un monde de haine, de mal et de souffrance, un monde peu connu dans sa v\u00e9rit\u00e9 quoique r\u00e9alit\u00e9 quotidienne, La sorcellerie est un fl\u00e9au qui touche trop de gens et sous diff\u00e9rentes formes<br \/>\nMaladie chroniques, migraines, insomnies, probl\u00e8mes sexuels, amour et haine, d\u00e9chirement familial, ali\u00e9nation et possession\u2026<br \/>\nCe livre est pr\u00e9sent\u00e9 au monde musulman comme pr\u00e9vention et solution \u00e0 ce probl\u00e8me, il s\u2019affiche comme un guide tant th\u00e9orique que pratique.<\/p>\n","protected":false},"excerpt":{"rendered":"<p>Djinns, d\u00e9mons, diables, sorciers, mages, devins, mauvais \u0153il\u2026 sortil\u00e8ges, envo\u00fbtements, incantations sataniques, sacrifice rituelle, et exorcisme\u2026 Voici le monde de la sorcellerie ! Il s\u2019agit d\u2019un monde mystique, un monde de haine, de mal et de souffrance, un monde peu connu dans sa v\u00e9rit\u00e9 quoique r\u00e9alit\u00e9 quotidienne, La sorcellerie est un fl\u00e9au qui touche trop [&hellip;]<\/p>\n","protected":false},"featured_media":0,"comment_status":"open","ping_status":"closed","template":"","meta":[],"product_brand":[],"product_cat":[1936],"product_tag":[],"class_list":{"0":"post-339","1":"product","2":"type-product","3":"status-publish","5":"product_cat-roqya-et-sante","7":"first","8":"instock","9":"shipping-taxable","10":"purchasable","11":"product-type-simple"},"_links":{"self":[{"href":"https:\/\/lamaktaba.fr\/index.php\/wp-json\/wp\/v2\/product\/339","targetHints":{"allow":["GET"]}}],"collection":[{"href":"https:\/\/lamaktaba.fr\/index.php\/wp-json\/wp\/v2\/product"}],"about":[{"href":"https:\/\/lamaktaba.fr\/index.php\/wp-json\/wp\/v2\/types\/product"}],"replies":[{"embeddable":true,"href":"https:\/\/lamaktaba.fr\/index.php\/wp-json\/wp\/v2\/comments?post=339"}],"wp:attachment":[{"href":"https:\/\/lamaktaba.fr\/index.php\/wp-json\/wp\/v2\/media?parent=339"}],"wp:term":[{"taxonomy":"product_brand","embeddable":true,"href":"https:\/\/lamaktaba.fr\/index.php\/wp-json\/wp\/v2\/product_brand?post=339"},{"taxonomy":"product_cat","embeddable":true,"href":"https:\/\/lamaktaba.fr\/index.php\/wp-json\/wp\/v2\/product_cat?post=339"},{"taxonomy":"product_tag","embeddable":true,"href":"https:\/\/lamaktaba.fr\/index.php\/wp-json\/wp\/v2\/product_tag?post=339"}],"curies":[{"name":"wp","href":"https:\/\/api.w.org\/{rel}","templated":true}]}}