{"id":318,"date":"2020-02-03T10:00:00","date_gmt":"2020-02-03T09:00:00","guid":{"rendered":"https:\/\/lamaktaba.fr\/index.php\/produit\/apprendre-larabe-methode-intensive-pour-les-francophones\/"},"modified":"2025-04-01T12:45:05","modified_gmt":"2025-04-01T10:45:05","slug":"apprendre-larabe-methode-intensive-pour-les-francophones","status":"publish","type":"product","link":"https:\/\/lamaktaba.fr\/index.php\/produit\/apprendre-larabe-methode-intensive-pour-les-francophones","title":{"rendered":"Apprendre l&rsquo;Arabe: M\u00e9thode intensive pour les francophones"},"content":{"rendered":"<p>M\u00e9thode intensive d\u2019apprentissage de la langue arabe pour les francophones d\u00e9butants.Un ouvrage de r\u00e9f\u00e9rence pour d\u00e9couvrir de fa\u00e7on ludique l\u2019alphabet, la prononciation, et faire ses premi\u00e8res phrases.Pour l\u2019apprentissage de l\u2019alphabet arabe, nous avons insist\u00e9 sur l\u2019aspect phon\u00e9tique pour aider la m\u00e9moire \u00e0 se familiariser avec les sons en arabe.<\/p>\n","protected":false},"excerpt":{"rendered":"<p>M\u00e9thode intensive d\u2019apprentissage de la langue arabe pour les francophones d\u00e9butants.Un ouvrage de r\u00e9f\u00e9rence pour d\u00e9couvrir de fa\u00e7on ludique l\u2019alphabet, la prononciation, et faire ses premi\u00e8res phrases.Pour l\u2019apprentissage de l\u2019alphabet arabe, nous avons insist\u00e9 sur l\u2019aspect phon\u00e9tique pour aider la m\u00e9moire \u00e0 se familiariser avec les sons en arabe.<\/p>\n","protected":false},"featured_media":5318,"comment_status":"open","ping_status":"closed","template":"","meta":[],"product_brand":[],"product_cat":[1914],"product_tag":[],"class_list":{"0":"post-318","1":"product","2":"type-product","3":"status-publish","4":"has-post-thumbnail","6":"product_cat-apprentissage-arabe","8":"first","9":"outofstock","10":"shipping-taxable","11":"purchasable","12":"product-type-simple"},"_links":{"self":[{"href":"https:\/\/lamaktaba.fr\/index.php\/wp-json\/wp\/v2\/product\/318","targetHints":{"allow":["GET"]}}],"collection":[{"href":"https:\/\/lamaktaba.fr\/index.php\/wp-json\/wp\/v2\/product"}],"about":[{"href":"https:\/\/lamaktaba.fr\/index.php\/wp-json\/wp\/v2\/types\/product"}],"replies":[{"embeddable":true,"href":"https:\/\/lamaktaba.fr\/index.php\/wp-json\/wp\/v2\/comments?post=318"}],"wp:featuredmedia":[{"embeddable":true,"href":"https:\/\/lamaktaba.fr\/index.php\/wp-json\/wp\/v2\/media\/5318"}],"wp:attachment":[{"href":"https:\/\/lamaktaba.fr\/index.php\/wp-json\/wp\/v2\/media?parent=318"}],"wp:term":[{"taxonomy":"product_brand","embeddable":true,"href":"https:\/\/lamaktaba.fr\/index.php\/wp-json\/wp\/v2\/product_brand?post=318"},{"taxonomy":"product_cat","embeddable":true,"href":"https:\/\/lamaktaba.fr\/index.php\/wp-json\/wp\/v2\/product_cat?post=318"},{"taxonomy":"product_tag","embeddable":true,"href":"https:\/\/lamaktaba.fr\/index.php\/wp-json\/wp\/v2\/product_tag?post=318"}],"curies":[{"name":"wp","href":"https:\/\/api.w.org\/{rel}","templated":true}]}}