{"id":31337,"date":"2020-07-16T14:12:11","date_gmt":"2020-07-16T14:12:11","guid":{"rendered":"https:\/\/lamaktaba.fr\/?post_type=product&#038;p=31337"},"modified":"2024-06-09T01:51:55","modified_gmt":"2024-06-08T23:51:55","slug":"ballons-lettres-eid-mubarak-or-argent-en-aluminium-decorations-et-fete-islamique","status":"publish","type":"product","link":"https:\/\/lamaktaba.fr\/index.php\/produit\/ballons-lettres-eid-mubarak-or-argent-en-aluminium-decorations-et-fete-islamique","title":{"rendered":"Ballons lettres Eid Mubarak or argent en aluminium &#8211; d\u00e9corations et f\u00eate islamique"},"content":{"rendered":"<ul class=\"a-unordered-list a-vertical a-spacing-none\">\n<li style=\"text-align: left;\"><span class=\"a-list-item\">Ballons en aluminium \u00e0 fermeture automatique &lsquo;EID MUBARAK&rsquo; taille 40cm \/lettre<\/span><\/li>\n<li>Gonfler \u00e0 l&rsquo;air \u00e0 l&rsquo;aide d&rsquo;une paille &#8211; pas besoin d&rsquo;h\u00e9lium.<\/li>\n<li><span class=\"a-list-item\">s&rsquo;accroche avec une fil suspendue qui s&rsquo;enfile en haut de chaque lettre.\u00a0<\/span><\/li>\n<li><span class=\"a-list-item\">Comprend 10 x lettres.<\/span><\/li>\n<li><span class=\"a-list-item\">Economique et pratique &#8211; ces ballons sont r\u00e9utilisables et faciles \u00e0 gonfler, ce qui est tr\u00e8s pratique<\/span><\/li>\n<\/ul>\n<p>Convient pour la fete de l&rsquo;eid el kebir et l&rsquo;eid el fitr.<\/p>\n","protected":false},"excerpt":{"rendered":"<ul class=\"a-unordered-list a-vertical a-spacing-none\">\n<li><span class=\"a-list-item\">Ballons en aluminium \u00e0 fermeture automatique &lsquo;EID MUBARAK&rsquo; taille 40cm \/lettre<\/span><\/li>\n<li>Gonfler \u00e0 l&rsquo;air \u00e0 l&rsquo;aide d&rsquo;une paille &#8211; pas besoin d&rsquo;h\u00e9lium.<\/li>\n<li><span class=\"a-list-item\">s&rsquo;accroche avec une fil suspendue qui s&rsquo;enfile en haut de chaque lettre.\u00a0<\/span><\/li>\n<li><span class=\"a-list-item\">Comprend 10 x lettres.<\/span><\/li>\n<li><span class=\"a-list-item\">Economique et pratique &#8211; ces ballons sont r\u00e9utilisables et faciles \u00e0 gonfler, ce qui est tr\u00e8s pratique.<\/span><\/li>\n<\/ul>\n","protected":false},"featured_media":31345,"comment_status":"open","ping_status":"closed","template":"","meta":[],"product_brand":[],"product_cat":[231,1516],"product_tag":[],"class_list":{"0":"post-31337","1":"product","2":"type-product","3":"status-publish","4":"has-post-thumbnail","6":"product_cat-fete-et-decoration","7":"product_cat-special-ramadan","8":"pa_couleur-dorure-argente","9":"pa_couleur-dorure-dore","10":"pa_couleur-dorure-rose-gold","12":"first","13":"instock","14":"sale","15":"shipping-taxable","16":"purchasable","17":"product-type-variable"},"_links":{"self":[{"href":"https:\/\/lamaktaba.fr\/index.php\/wp-json\/wp\/v2\/product\/31337","targetHints":{"allow":["GET"]}}],"collection":[{"href":"https:\/\/lamaktaba.fr\/index.php\/wp-json\/wp\/v2\/product"}],"about":[{"href":"https:\/\/lamaktaba.fr\/index.php\/wp-json\/wp\/v2\/types\/product"}],"replies":[{"embeddable":true,"href":"https:\/\/lamaktaba.fr\/index.php\/wp-json\/wp\/v2\/comments?post=31337"}],"wp:featuredmedia":[{"embeddable":true,"href":"https:\/\/lamaktaba.fr\/index.php\/wp-json\/wp\/v2\/media\/31345"}],"wp:attachment":[{"href":"https:\/\/lamaktaba.fr\/index.php\/wp-json\/wp\/v2\/media?parent=31337"}],"wp:term":[{"taxonomy":"product_brand","embeddable":true,"href":"https:\/\/lamaktaba.fr\/index.php\/wp-json\/wp\/v2\/product_brand?post=31337"},{"taxonomy":"product_cat","embeddable":true,"href":"https:\/\/lamaktaba.fr\/index.php\/wp-json\/wp\/v2\/product_cat?post=31337"},{"taxonomy":"product_tag","embeddable":true,"href":"https:\/\/lamaktaba.fr\/index.php\/wp-json\/wp\/v2\/product_tag?post=31337"}],"curies":[{"name":"wp","href":"https:\/\/api.w.org\/{rel}","templated":true}]}}