{"id":312,"date":"2020-02-03T10:00:00","date_gmt":"2020-02-03T09:00:00","guid":{"rendered":"https:\/\/lamaktaba.fr\/index.php\/produit\/al-muallim-4-mini-tablette-islamique-pour-enfants-avec-coran-et-invocations-menu-francais-arabe-jeu-jouet\/"},"modified":"2025-04-01T12:43:08","modified_gmt":"2025-04-01T10:43:08","slug":"al-muallim-4-mini-tablette-islamique-pour-enfants-avec-coran-et-invocations-menu-francais-arabe-jeu-jouet","status":"publish","type":"product","link":"https:\/\/lamaktaba.fr\/index.php\/produit\/al-muallim-4-mini-tablette-islamique-pour-enfants-avec-coran-et-invocations-menu-francais-arabe-jeu-jouet","title":{"rendered":"Al-Muallim 4: Mini-Tablette islamique pour enfants avec Coran et invocations (menu fran\u00e7ais\/arabe) &#8211; Jeu \/ jouet"},"content":{"rendered":"<p>Al-Mu\u2018allim 4 \u0627\u064e\u0644\u0652\u0645\u064f\u0639\u064e\u0644\u0650\u0651\u0645;Mini Tablette islamique avec sourates du Saint Coran et invocations (dou&rsquo;as). Au total 18 boutons permettent d&rsquo;\u00e9couter les sourates et les invocations   4 boutons pour le r\u00e9glage du volume, de r\u00e9p\u00e9tition et de mise en marche.;La mini-tablette du petit musulman permet d\u2019apprendre;Le Saint Coran: 8 Sourates courtes (1 \u00e0 8).;Les invocations: 10 dou\u2018\u00e2\u2019 et dhikr (9 \u00e0 18).;D\u00e9tail des boutons;Les boutons sont num\u00e9rot\u00e9s;Sourate Al-F\u00e2tiha;Verset Ayat Al Kurs\u00ee;Sourate Al-&lsquo;Asr;Sourate Al-Kawthar;Sourate Al-K\u00e2fir\u00fbn;Sourate Al-Ikhl\u00e2s;Sourate Al-Falaq;Sourate An-N\u00e2s;Kalimatul Tawh\u00eed (L&rsquo;attestation de foi musulmane);La pri\u00e8re sur le proph\u00e8te SAW;Invocation au r\u00e9veil;Invocation en entrant aux toilettes;Invocation en sortant des toilettes;Invocation en sortant de la maison;Invocation en entrant \u00e0 la maison;Invocation en entrant \u00e0 la mosqu\u00e9e;Invocation en sortant de la mosqu\u00e9e;Invocation de fin de discussion (kaff\u00e2rat al majlis);Indications;Fonctionne avec 3 piles 1,5 v de type \u201cAA\u201d (non incluses).;Ne pas m\u00e9langer des piles neuves avec des piles anciennes.;N\u2019utiliser l\u2019appareil qu\u2019avec des piles de m\u00eame type.;Si l\u2019appareil ne s\u2019allume pas, v\u00e9rifier que les piles sont bien plac\u00e9es.;Ne convient pas aux enfants de moins de 3 ans.;Ne pas laisser les piles \u00e0 l\u2019int\u00e9rieur une longue dur\u00e9e sans utiliser l\u2019appareil.<\/p>\n","protected":false},"excerpt":{"rendered":"<p>Al-Mu\u2018allim 4 \u0627\u064e\u0644\u0652\u0645\u064f\u0639\u064e\u0644\u0650\u0651\u0645;Mini Tablette islamique avec sourates du Saint Coran et invocations (dou&rsquo;as). Au total 18 boutons permettent d&rsquo;\u00e9couter les sourates et les invocations   4 boutons pour le r\u00e9glage du volume, de r\u00e9p\u00e9tition et de mise en marche.;La mini-tablette du petit musulman permet d\u2019apprendre;Le Saint Coran: 8 Sourates courtes (1 \u00e0 8).;Les invocations: 10 dou\u2018\u00e2\u2019 et dhikr (9 \u00e0 18).;D\u00e9tail des boutons;Les boutons sont num\u00e9rot\u00e9s;Sourate Al-F\u00e2tiha;Verset Ayat Al Kurs\u00ee;Sourate Al-&lsquo;Asr;Sourate Al-Kawthar;Sourate Al-K\u00e2fir\u00fbn;Sourate Al-Ikhl\u00e2s;Sourate Al-Falaq;Sourate An-N\u00e2s;Kalimatul Tawh\u00eed (L&rsquo;attestation de foi musulmane);La pri\u00e8re sur le proph\u00e8te SAW;Invocation au r\u00e9veil;Invocation en entrant aux toilettes;Invocation en sortant des toilettes;Invocation en sortant de la maison;Invocation en entrant \u00e0 la maison;Invocation en entrant \u00e0 la mosqu\u00e9e;Invocation en sortant de la mosqu\u00e9e;Invocation de fin de discussion (kaff\u00e2rat al majlis);Indications;Fonctionne avec 3 piles 1,5 v de type \u201cAA\u201d (non incluses).;Ne pas m\u00e9langer des piles neuves avec des piles anciennes.;N\u2019utiliser l\u2019appareil qu\u2019avec des piles de m\u00eame type.;Si l\u2019appareil ne s\u2019allume pas, v\u00e9rifier que les piles sont bien plac\u00e9es.;Ne convient pas aux enfants de moins de 3 ans.;Ne pas laisser les piles \u00e0 l\u2019int\u00e9rieur une longue dur\u00e9e sans utiliser l\u2019appareil.<\/p>\n","protected":false},"featured_media":5302,"comment_status":"open","ping_status":"closed","template":"","meta":[],"product_brand":[],"product_cat":[15],"product_tag":[],"class_list":{"0":"post-312","1":"product","2":"type-product","3":"status-publish","4":"has-post-thumbnail","6":"product_cat-non-classe","7":"pa_code-produit-ref-16984","8":"pa_editeur-orientica","9":"pa_format-jouet-20-x-12-cm-boite-16-x-24-x-3-cm","10":"pa_langue-arabe-francais","12":"first","13":"outofstock","14":"shipping-taxable","15":"purchasable","16":"product-type-simple"},"_links":{"self":[{"href":"https:\/\/lamaktaba.fr\/index.php\/wp-json\/wp\/v2\/product\/312","targetHints":{"allow":["GET"]}}],"collection":[{"href":"https:\/\/lamaktaba.fr\/index.php\/wp-json\/wp\/v2\/product"}],"about":[{"href":"https:\/\/lamaktaba.fr\/index.php\/wp-json\/wp\/v2\/types\/product"}],"replies":[{"embeddable":true,"href":"https:\/\/lamaktaba.fr\/index.php\/wp-json\/wp\/v2\/comments?post=312"}],"wp:featuredmedia":[{"embeddable":true,"href":"https:\/\/lamaktaba.fr\/index.php\/wp-json\/wp\/v2\/media\/5302"}],"wp:attachment":[{"href":"https:\/\/lamaktaba.fr\/index.php\/wp-json\/wp\/v2\/media?parent=312"}],"wp:term":[{"taxonomy":"product_brand","embeddable":true,"href":"https:\/\/lamaktaba.fr\/index.php\/wp-json\/wp\/v2\/product_brand?post=312"},{"taxonomy":"product_cat","embeddable":true,"href":"https:\/\/lamaktaba.fr\/index.php\/wp-json\/wp\/v2\/product_cat?post=312"},{"taxonomy":"product_tag","embeddable":true,"href":"https:\/\/lamaktaba.fr\/index.php\/wp-json\/wp\/v2\/product_tag?post=312"}],"curies":[{"name":"wp","href":"https:\/\/api.w.org\/{rel}","templated":true}]}}